{"id":5682,"date":"2021-07-13T10:10:01","date_gmt":"2021-07-13T07:10:01","guid":{"rendered":"https:\/\/portaltest.atauni.edu.tr\/bilgisayar-muhendisligi\/?page_id=5682"},"modified":"2023-05-04T10:14:59","modified_gmt":"2023-05-04T07:14:59","slug":"misyon-vizyon-ve-temel-degerler","status":"publish","type":"page","link":"https:\/\/atauni.edu.tr\/kur-an-i-kerim-okuma-ve-kir-at-ilmi\/misyon-vizyon-ve-temel-degerler\/","title":{"rendered":"Misyon, Vizyon ve Temel De\u011ferler"},"content":{"rendered":"\t\t<div data-elementor-type=\"wp-page\" data-elementor-id=\"5682\" class=\"elementor elementor-5682\" data-elementor-post-type=\"page\">\n\t\t\t\t\t\t<section class=\"elementor-section elementor-top-section elementor-element elementor-element-730d320 elementor-section-boxed elementor-section-height-default elementor-section-height-default\" data-id=\"730d320\" data-element_type=\"section\">\n\t\t\t\t\t\t<div class=\"elementor-container elementor-column-gap-default\">\n\t\t\t\t\t<div class=\"elementor-column elementor-col-100 elementor-top-column elementor-element elementor-element-753d0860\" data-id=\"753d0860\" data-element_type=\"column\">\n\t\t\t<div class=\"elementor-widget-wrap\">\n\t\t\t\t\t\t\t<\/div>\n\t\t<\/div>\n\t\t\t\t\t<\/div>\n\t\t<\/section>\n\t\t\t\t<section class=\"elementor-section elementor-top-section elementor-element elementor-element-9be811a elementor-section-boxed elementor-section-height-default elementor-section-height-default\" data-id=\"9be811a\" data-element_type=\"section\">\n\t\t\t\t\t\t<div class=\"elementor-container elementor-column-gap-default\">\n\t\t\t\t\t<div class=\"elementor-column elementor-col-100 elementor-top-column elementor-element elementor-element-1ed847b7\" data-id=\"1ed847b7\" data-element_type=\"column\">\n\t\t\t<div class=\"elementor-widget-wrap elementor-element-populated\">\n\t\t\t\t\t\t<div class=\"elementor-element elementor-element-4ce0d07f elementor-widget elementor-widget-heading\" data-id=\"4ce0d07f\" data-element_type=\"widget\" data-widget_type=\"heading.default\">\n\t\t\t\t<div class=\"elementor-widget-container\">\n\t\t\t\t\t<h2 class=\"elementor-heading-title elementor-size-default\">Misyon, Vizyon ve Temel De\u011ferler<\/h2>\t\t\t\t<\/div>\n\t\t\t\t<\/div>\n\t\t\t\t<div class=\"elementor-element elementor-element-63260862 elementor-widget-divider--view-line elementor-widget elementor-widget-divider\" data-id=\"63260862\" data-element_type=\"widget\" data-widget_type=\"divider.default\">\n\t\t\t\t<div class=\"elementor-widget-container\">\n\t\t\t\t\t\t\t<div class=\"elementor-divider\">\n\t\t\t<span class=\"elementor-divider-separator\">\n\t\t\t\t\t\t<\/span>\n\t\t<\/div>\n\t\t\t\t\t\t<\/div>\n\t\t\t\t<\/div>\n\t\t\t\t\t<\/div>\n\t\t<\/div>\n\t\t\t\t\t<\/div>\n\t\t<\/section>\n\t\t\t\t<section class=\"elementor-section elementor-top-section elementor-element elementor-element-681db8b elementor-section-boxed elementor-section-height-default elementor-section-height-default\" data-id=\"681db8b\" data-element_type=\"section\">\n\t\t\t\t\t\t<div class=\"elementor-container elementor-column-gap-default\">\n\t\t\t\t\t<div class=\"elementor-column elementor-col-100 elementor-top-column elementor-element elementor-element-ad4dac5\" data-id=\"ad4dac5\" data-element_type=\"column\">\n\t\t\t<div class=\"elementor-widget-wrap elementor-element-populated\">\n\t\t\t\t\t\t<div class=\"elementor-element elementor-element-2f96b3d elementor-widget elementor-widget-text-editor\" data-id=\"2f96b3d\" data-element_type=\"widget\" data-widget_type=\"text-editor.default\">\n\t\t\t\t<div class=\"elementor-widget-container\">\n\t\t\t\t\t\t\t\t\t<p class=\"MsoNormal\" style=\"margin-left: 18pt;line-height: normal;background-image: initial;background-position: initial;background-size: initial;background-attachment: initial\"><span style=\"font-size:12.0pt;,serif;color:#565656\">Kur\u2019\u00e2n-\u0131 Kerim\u2019in Hz.\nPeygamber d\u00f6nemindeki otantik okuma bi\u00e7iminin as\u0131rlar boyunca herhangi bir\nyozla\u015fmaya u\u011framadan sakl\u0131 tutulmas\u0131n\u0131n yeg\u00e2ne g\u00fcvencesini tecv\u00eed ilmi\nolu\u015fturmu\u015ftur. &nbsp;Tarihsel s\u00fcre\u00e7 i\u00e7erisinde\nKur\u2019an\u2019\u0131n telaffuzunda b\u00fcy\u00fck oranda bir m\u00fc\u015fk\u00fclle kar\u015f\u0131la\u015f\u0131lmamas\u0131n\u0131n alt\u0131nda\nyatan temel gerek\u00e7e de bu ilmin ilk d\u00f6nemden ba\u015flamak \u00fczere sahabe, tabi\u00fbn, tebeu\nt\u00e2bi\u00een ve sonras\u0131nda gelen kariler nezdinde pratik olarak uygulanmas\u0131 ve\nsonraki nesle orijinal ses \u00f6zelliklerinin ayniyle aktar\u0131lmas\u0131d\u0131r. Bu a\u00e7\u0131dan gerek\n\u201cArap Dili Foneti\u011fi\u201d gerekse \u201cKur\u2019an Okuma ve Tecvid\u201d derslerinde tecv\u00eed\nilminin kuramsal bilgi temeli ve uygulama bi\u00e7imlerinin \u00f6z\u00fcmsenmesi ama\u00e7lan\u0131r. <\/span><\/p><p class=\"MsoNormal\" style=\"margin-left: 18pt;line-height: normal;background-image: initial;background-position: initial;background-size: initial;background-attachment: initial\"><span style=\"font-size:12.0pt;,serif;color:#565656\">Kur\u2019an kelimelerinin\neda keyfiyetleri ve okunu\u015f ihtilaflar\u0131n\u0131 nakledenlere nispetle ortaya koymay\u0131\nama\u00e7layan k\u0131raat ilminin tarihsel geli\u015fimi, teorik \u00e7er\u00e7evesi ve bunun\npratikteki yans\u0131malar\u0131 ele al\u0131n\u0131r. K\u0131raat farkl\u0131l\u0131klar\u0131n\u0131n \u00fcmmet i\u00e7erisinde\nhilafa zemin haz\u0131rlamayacak \u015fekilde Kur\u2019an\u2019\u0131 anlama ve kavramada, ondan h\u00fck\u00fcm istinbat\u0131nda\nulema nezdinde, gelenekten g\u00fcn\u00fcm\u00fcze bir zenginlik kayna\u011f\u0131 oldu\u011fu hususu\n\u00fczerinde durulur. <\/span><\/p><p class=\"MsoNormal\" style=\"margin-left: 18pt;line-height: normal;background-image: initial;background-position: initial;background-size: initial;background-attachment: initial\"><span style=\"font-size:12.0pt;,serif;color:#565656\">Hz. Peygamber\ntaraf\u0131ndan Kur\u2019\u00e2n\u2019\u0131n belirli s\u00fbre ve pasajlar\u0131na yo\u011funla\u015farak tilavet\nedilmesinin tembihlenmesi asl\u0131nda, par\u00e7ac\u0131 okumalar\u0131n zihni arka planda di\u011fer\nayet ve s\u00fbreleri de\u011fersizle\u015ftirmesi de\u011fil, hi\u00e7 olmazsa zikri ge\u00e7en s\u00fbrelerin\nezberlenerek Kur\u2019\u00e2n bilgi, k\u00fclt\u00fcr ve a\u015final\u0131\u011f\u0131n\u0131n yerle\u015fmesine y\u00f6nelik \u00fcst\u00fc\n\u00f6rt\u00fcl\u00fc bir mesaj niteli\u011findedir. Bu a\u00e7\u0131dan anabilim dal\u0131m\u0131zda Kur\u2019an\nharflerinin foneti\u011fi ile ilgili teorik bilgilerin yan\u0131 s\u0131ra muayyen s\u00fbrelerin\nezberlenmesi sa\u011flanarak, k\u00f6keni ve temel dinamikleri asr\u0131saadete dayanan bir\nKur\u2019an alg\u0131s\u0131 in\u015fa edilmeye \u00e7al\u0131\u015f\u0131l\u0131r. Nebev\u00ee te\u015fvik ve motivasyon d\u00e2hilinde\nKur\u2019an\u2019\u0131n sad\u0131rlarda canl\u0131 tutulmas\u0131 yan\u0131nda s\u00fcrd\u00fcr\u00fcle gelen temrinlerle\nmesleki bilgi ve tecr\u00fcbenin de ziyadele\u015fmesi hedeflenir. Ayr\u0131ca konu odakl\u0131\nezber anlay\u0131\u015f\u0131 ile Kur\u2019an\u2019\u0131n i\u00e7eri\u011fi ve konu da\u011f\u0131l\u0131m\u0131 ile ilgili temel\nbilgilerin kavranmas\u0131 ama\u00e7lan\u0131r.<\/span><\/p><p>\n\n\n\n\n\n<\/p><p class=\"MsoNormal\" style=\"margin-left: 18pt;line-height: normal;background-image: initial;background-position: initial;background-size: initial;background-attachment: initial\"><span style=\"font-size:12.0pt;,serif;color:#565656\">Salt laf\u0131zc\u0131\nokumalar\u0131n Kur\u2019an\u2019\u0131n hidayet boyutunu g\u00f6lgeleme ihtimaline binaen hakiki bir\ntilavetin temininde gereken literal, eylemsel ve aksiyonel yakla\u015f\u0131m\nbi\u00e7imlerinden her birinin bir di\u011ferinin alternatifi de\u011fil tamamlay\u0131c\u0131s\u0131 oldu\u011fu,\nbu basamaktaki t\u00fcm kategorilerin di\u011ferine intikali temsil etti\u011fi her a\u015famada\nvurgulan\u0131r.<\/span><\/p>\t\t\t\t\t\t\t\t<\/div>\n\t\t\t\t<\/div>\n\t\t\t\t\t<\/div>\n\t\t<\/div>\n\t\t\t\t\t<\/div>\n\t\t<\/section>\n\t\t\t\t<\/div>\n\t\t","protected":false},"excerpt":{"rendered":"<p>Misyon, Vizyon ve Temel De\u011ferler Kur\u2019\u00e2n-\u0131 Kerim\u2019in Hz. Peygamber d\u00f6nemindeki otantik okuma bi\u00e7iminin as\u0131rlar boyunca herhangi bir yozla\u015fmaya u\u011framadan sakl\u0131 tutulmas\u0131n\u0131n yeg\u00e2ne g\u00fcvencesini tecv\u00eed ilmi olu\u015fturmu\u015ftur. &nbsp;Tarihsel s\u00fcre\u00e7 i\u00e7erisinde Kur\u2019an\u2019\u0131n telaffuzunda b\u00fcy\u00fck oranda bir m\u00fc\u015fk\u00fclle kar\u015f\u0131la\u015f\u0131lmamas\u0131n\u0131n alt\u0131nda yatan temel gerek\u00e7e de bu ilmin ilk d\u00f6nemden ba\u015flamak \u00fczere sahabe, tabi\u00fbn, tebeu t\u00e2bi\u00een ve sonras\u0131nda gelen kariler [&hellip;]<\/p>\n","protected":false},"author":1,"featured_media":0,"parent":0,"menu_order":0,"comment_status":"closed","ping_status":"closed","template":"elementor_header_footer","meta":{"footnotes":""},"class_list":["post-5682","page","type-page","status-publish","hentry"],"_links":{"self":[{"href":"https:\/\/atauni.edu.tr\/kur-an-i-kerim-okuma-ve-kir-at-ilmi\/wp-json\/wp\/v2\/pages\/5682","targetHints":{"allow":["GET"]}}],"collection":[{"href":"https:\/\/atauni.edu.tr\/kur-an-i-kerim-okuma-ve-kir-at-ilmi\/wp-json\/wp\/v2\/pages"}],"about":[{"href":"https:\/\/atauni.edu.tr\/kur-an-i-kerim-okuma-ve-kir-at-ilmi\/wp-json\/wp\/v2\/types\/page"}],"author":[{"embeddable":true,"href":"https:\/\/atauni.edu.tr\/kur-an-i-kerim-okuma-ve-kir-at-ilmi\/wp-json\/wp\/v2\/users\/1"}],"replies":[{"embeddable":true,"href":"https:\/\/atauni.edu.tr\/kur-an-i-kerim-okuma-ve-kir-at-ilmi\/wp-json\/wp\/v2\/comments?post=5682"}],"version-history":[{"count":14,"href":"https:\/\/atauni.edu.tr\/kur-an-i-kerim-okuma-ve-kir-at-ilmi\/wp-json\/wp\/v2\/pages\/5682\/revisions"}],"predecessor-version":[{"id":6275,"href":"https:\/\/atauni.edu.tr\/kur-an-i-kerim-okuma-ve-kir-at-ilmi\/wp-json\/wp\/v2\/pages\/5682\/revisions\/6275"}],"wp:attachment":[{"href":"https:\/\/atauni.edu.tr\/kur-an-i-kerim-okuma-ve-kir-at-ilmi\/wp-json\/wp\/v2\/media?parent=5682"}],"curies":[{"name":"wp","href":"https:\/\/api.w.org\/{rel}","templated":true}]}}