{"id":5682,"date":"2021-07-13T10:10:01","date_gmt":"2021-07-13T07:10:01","guid":{"rendered":"https:\/\/portaltest.atauni.edu.tr\/bilgisayar-muhendisligi\/?page_id=5682"},"modified":"2025-11-10T14:26:21","modified_gmt":"2025-11-10T11:26:21","slug":"misyon-vizyon-ve-temel-degerler","status":"publish","type":"page","link":"https:\/\/atauni.edu.tr\/makine-programi\/misyon-vizyon-ve-temel-degerler\/","title":{"rendered":"Misyon, Vizyon, Temel De\u011ferler ve Program E\u011fitim Ama\u00e7lar\u0131"},"content":{"rendered":"\t\t<div data-elementor-type=\"wp-page\" data-elementor-id=\"5682\" class=\"elementor elementor-5682\" data-elementor-post-type=\"page\">\n\t\t\t\t\t\t<section class=\"elementor-section elementor-top-section elementor-element elementor-element-730d320 elementor-section-boxed elementor-section-height-default elementor-section-height-default\" data-id=\"730d320\" data-element_type=\"section\">\n\t\t\t\t\t\t<div class=\"elementor-container elementor-column-gap-default\">\n\t\t\t\t\t<div class=\"elementor-column elementor-col-100 elementor-top-column elementor-element elementor-element-753d0860\" data-id=\"753d0860\" data-element_type=\"column\">\n\t\t\t<div class=\"elementor-widget-wrap\">\n\t\t\t\t\t\t\t<\/div>\n\t\t<\/div>\n\t\t\t\t\t<\/div>\n\t\t<\/section>\n\t\t\t\t<section class=\"elementor-section elementor-top-section elementor-element elementor-element-9be811a elementor-section-boxed elementor-section-height-default elementor-section-height-default\" data-id=\"9be811a\" data-element_type=\"section\">\n\t\t\t\t\t\t<div class=\"elementor-container elementor-column-gap-default\">\n\t\t\t\t\t<div class=\"elementor-column elementor-col-100 elementor-top-column elementor-element elementor-element-1ed847b7\" data-id=\"1ed847b7\" data-element_type=\"column\">\n\t\t\t<div class=\"elementor-widget-wrap elementor-element-populated\">\n\t\t\t\t\t\t<div class=\"elementor-element elementor-element-4ce0d07f elementor-widget elementor-widget-heading\" data-id=\"4ce0d07f\" data-element_type=\"widget\" data-widget_type=\"heading.default\">\n\t\t\t\t<div class=\"elementor-widget-container\">\n\t\t\t\t\t<h2 class=\"elementor-heading-title elementor-size-default\">Misyon, Vizyon ve Temel De\u011ferler<\/h2>\t\t\t\t<\/div>\n\t\t\t\t<\/div>\n\t\t\t\t<div class=\"elementor-element elementor-element-63260862 elementor-widget-divider--view-line elementor-widget elementor-widget-divider\" data-id=\"63260862\" data-element_type=\"widget\" data-widget_type=\"divider.default\">\n\t\t\t\t<div class=\"elementor-widget-container\">\n\t\t\t\t\t\t\t<div class=\"elementor-divider\">\n\t\t\t<span class=\"elementor-divider-separator\">\n\t\t\t\t\t\t<\/span>\n\t\t<\/div>\n\t\t\t\t\t\t<\/div>\n\t\t\t\t<\/div>\n\t\t\t\t\t<\/div>\n\t\t<\/div>\n\t\t\t\t\t<\/div>\n\t\t<\/section>\n\t\t\t\t<section class=\"elementor-section elementor-top-section elementor-element elementor-element-681db8b elementor-section-boxed elementor-section-height-default elementor-section-height-default\" data-id=\"681db8b\" data-element_type=\"section\">\n\t\t\t\t\t\t<div class=\"elementor-container elementor-column-gap-default\">\n\t\t\t\t\t<div class=\"elementor-column elementor-col-100 elementor-top-column elementor-element elementor-element-ad4dac5\" data-id=\"ad4dac5\" data-element_type=\"column\">\n\t\t\t<div class=\"elementor-widget-wrap elementor-element-populated\">\n\t\t\t\t\t\t<div class=\"elementor-element elementor-element-2f96b3d elementor-widget elementor-widget-text-editor\" data-id=\"2f96b3d\" data-element_type=\"widget\" data-widget_type=\"text-editor.default\">\n\t\t\t\t<div class=\"elementor-widget-container\">\n\t\t\t\t\t\t\t\t\t<div><hr \/><h2><span style=\"color: #000000\">Misyon<\/span><\/h2><p><span style=\"color: #000000\">Makine B\u00f6l\u00fcm\u00fc olarak, \u00f6\u011frencilerimize yaln\u0131zca teknik bilgi sa\u011flamakla birlikte,\u00a0onlar\u0131 analitik d\u00fc\u015f\u00fcnebilen, problem \u00e7\u00f6zme yetene\u011fine sahip ve sekt\u00f6rde fark\u00a0yaratabilecek bireyler olarak yeti\u015ftirmeyi ama\u00e7l\u0131yoruz. \u00dcretimden tasar\u0131ma,\u00a0malzeme bilgisinden imalata kadar geni\u015f bir perspektifle donatarak, teknolojik\u00a0geli\u015fmelere h\u0131zla uyum sa\u011flayan, s\u00fcrd\u00fcr\u00fclebilir ve yenilik\u00e7i \u00e7\u00f6z\u00fcmler\u00a0geli\u015ftirebilen profesyonellerin yeti\u015fmesine katk\u0131da bulunuyoruz.\u00a0\u00d6\u011frencilerimizin hem akademik hem de uygulamal\u0131 becerilerini en \u00fcst seviyeye\u00a0\u00e7\u0131kararak, ulusal ve k\u00fcresel sanayinin ihtiya\u00e7lar\u0131na cevap verebilecek donan\u0131ma\u00a0sahip olmalar\u0131n\u0131 hedefliyoruz.<\/span><\/p><\/div><div><h2><span style=\"color: #000000\">Vizyon<\/span><\/h2><p><span style=\"font-size: 1rem;letter-spacing: 0px;color: #000000\">Makine teknolojileri alan\u0131nda \u00f6nc\u00fc, yenilik\u00e7i ve s\u00fcrd\u00fcr\u00fclebilir \u00fcretim\u00a0anlay\u0131\u015f\u0131n\u0131 benimseyen bir e\u011fitim kurumu olarak ve yaln\u0131zca i\u015f g\u00fcc\u00fc yeti\u015ftiren\u00a0bir Y\u00fcksekokul olman\u0131n \u00f6tesinde, sekt\u00f6rle i\u00e7 i\u00e7e \u00e7al\u0131\u015fan, ara\u015ft\u0131rma ve\u00a0geli\u015ftirme faaliyetlerine katk\u0131 sunan, inovasyonu te\u015fvik eden bir kurum olarak\u00a0konumlanmay\u0131 hedefliyoruz. E\u011fitim anlay\u0131\u015f\u0131m\u0131z; bilim, teknoloji ve sanayiyi bir\u00a0araya getirerek, toplumsal ve ekonomik kalk\u0131nmaya katk\u0131lar sunan, yerli \u00fcretimi\u00a0te\u015fvik eden bir sistem \u00fczerine kuruludur.<\/span><\/p><p><span style=\"color: #000000\">\u00d6\u011frencilerimizi sadece bug\u00fcn\u00fcn de\u011fil, yar\u0131n\u0131n ihtiya\u00e7lar\u0131n\u0131 dikkate alarak kalifiye\u00a0eleman olarak yeti\u015ftirmeyi ama\u00e7l\u0131yor; dijital d\u00f6n\u00fc\u015f\u00fcm, ak\u0131ll\u0131 \u00fcretim ve \u00e7evre\u00a0dostu teknolojilerle uyumlu bireyler olarak sekt\u00f6re kazand\u0131rmak i\u00e7in\u00a0\u00e7al\u0131\u015f\u0131yoruz. T\u00fcrkiye\u2019nin sanayi g\u00fcc\u00fcn\u00fc art\u0131racak, k\u00fcresel rekabette s\u00f6z sahibi\u00a0olacak, giri\u015fimci ve yarat\u0131c\u0131 d\u00fc\u015f\u00fcnebilen uzmanlar yeti\u015ftirerek, \u00fclkemizin\u00a0makine ve \u00fcretim teknolojileri alan\u0131nda daha g\u00fc\u00e7l\u00fc bir konuma ula\u015fmas\u0131na katk\u0131\u00a0sa\u011flamay\u0131 hedefliyoruz.<\/span><\/p><section style=\"align-self: auto;flex: 0 1 auto;--widgets-spacing: 20px 20px;color: #212529;font-family: -apple-system, BlinkMacSystemFont, 'Segoe UI', Roboto, 'Helvetica Neue', Arial, 'Noto Sans', sans-serif, 'Apple Color Emoji', 'Segoe UI Emoji', 'Segoe UI Symbol', 'Noto Color Emoji';text-align: left\" data-id=\"a993f52\" data-element_type=\"section\"><div style=\"align-self: auto;flex: 0 1 auto;--widgets-spacing: 20px 20px;width: 1270px\" data-id=\"ee4083a\" data-element_type=\"column\"><div style=\"width: 1270px\"><div style=\"align-self: auto;flex: 0 1 auto;align-items: normal;flex-flow: row;gap: normal;--widgets-spacing: 20px 20px;width: 1250px\" data-id=\"abc1b85\" data-element_type=\"widget\" data-widget_type=\"heading.default\"><div><h2 style=\"text-align: justify\"><span style=\"color: #000000\">Gelece\u011fe Bak\u0131\u015f ve Temel De\u011ferler<\/span><\/h2><h6 style=\"font-family: Roboto, sans-serif;font-weight: 600;color: #6ec1e4\"><span style=\"color: #000000;font-weight: 400;font-size: 1rem;letter-spacing: 0px\">\u00a0 \u00a0 \u00a0Teknik Bilimler Meslek Y\u00fcksekokulu Makine Program\u0131 olarak Atat\u00fcrk \u00dcniversitemizin misyon ve vizyonunu yans\u0131tan bir slogan olan (Hayat\u0131n hizmetinde, hep ileriye\u2026) slogan\u0131n\u0131 benimsemi\u015ftir.\u00a0 Atat\u00fcrk \u00dcniversitesi Teknik Bilimler Meslek Y\u00fcksekokulu; konum tercihi olarak yeni nesil \u00fcniversite vizyonu \u00e7er\u00e7evesinde \u00f6zellikle E\u011fitim ve Topluma katk\u0131 i\u015flevlerini b\u00fct\u00fcnle\u015ftirmeyi \u00f6ng\u00f6rmektedir.<\/span><\/h6><\/div><\/div><\/div><\/div><\/section><section style=\"align-self: auto;flex: 0 1 auto;--widgets-spacing: 20px 20px;font-family: -apple-system, BlinkMacSystemFont, 'Segoe UI', Roboto, 'Helvetica Neue', Arial, 'Noto Sans', sans-serif, 'Apple Color Emoji', 'Segoe UI Emoji', 'Segoe UI Symbol', 'Noto Color Emoji';text-align: left\" data-id=\"9058cd5\" data-element_type=\"section\"><div style=\"align-self: auto;flex: 0 1 auto;--widgets-spacing: 20px 20px;width: 1270px\" data-id=\"2895ab7\" data-element_type=\"column\"><div style=\"width: 1270px\"><div style=\"align-self: auto;flex: 0 1 auto;align-items: normal;flex-flow: row;gap: normal;--widgets-spacing: 20px 20px;font-family: Roboto, sans-serif;font-weight: 400;width: 1250px\" data-id=\"c111ba2\" data-element_type=\"widget\" data-widget_type=\"text-editor.default\"><div><p style=\"text-align: left\"><span style=\"color: #000000\">Bilimsellik<\/span><\/p><p style=\"text-align: left\"><span style=\"color: #000000\">\u00d6zg\u00fcrl\u00fck<\/span><\/p><p style=\"text-align: left\"><span style=\"color: #000000\">Adalet<\/span><\/p><p style=\"text-align: left\"><span style=\"color: #000000\">Yenilik\u00e7ilik ve Yarat\u0131c\u0131l\u0131k<\/span><\/p><p style=\"text-align: left\"><span style=\"color: #000000\">\u015eeffafl\u0131k ve Hesap Verebilirlik<\/span><\/p><p style=\"text-align: left\"><span style=\"color: #000000\">Liyakat ve Ehliyet<\/span><\/p><p style=\"text-align: left\"><span style=\"color: #000000\">Bireysel, Toplumsal ve Evrensel De\u011ferlere Sayg\u0131<\/span><\/p><p style=\"text-align: left\"><span style=\"color: #000000\">\u00c7evreye Duyarl\u0131l\u0131k<\/span><\/p><div><p class=\"MsoNormal\"><span style=\"color: #000000\"><b>Program<\/b><b> e\u011fitim amac\u0131: <\/b><\/span><\/p><p class=\"MsoNormal\" style=\"text-indent: 36.0pt\"><span style=\"color: #000000\">\u0130malat sekt\u00f6r\u00fcndeki de\u011fi\u015fimlere ayak uydurarak, ge\u00e7mi\u015ften gelen bilgi ve birikimleri yeni teknolojilerle bir araya getirmek suretiyle, mesleki etik ilkeleri benimsemi\u015f, en az bir \u00e7izim program\u0131na sahip olmak \u015fart\u0131na sahip, \u00f6l\u00e7me, tolerans, malzeme, triboloji bilgilerini kullanarak, imalat tezgahlar\u0131 bilen, teknik resim okuma bilgi ve berecilerine sahip, 3 boyutlu tasar\u0131mlar yaparak mesleki deneyimlerini tasar\u0131mlar\u0131n ba\u015f\u0131ndan sonuna kadar yapabilen, bu bilgi ve birikimlerini kamu ve \u00f6zel sekt\u00f6r alanlar\u0131nda kullanabilen nitelikli insan yeti\u015ftirmek<\/span><\/p><p class=\"MsoNormal\"><span style=\"color: #000000\"><b>Program\u0131n e\u011fitim hedefleri:<\/b><\/span><\/p><p class=\"MsoListParagraphCxSpFirst\" style=\"margin-bottom: 8pt;text-indent: -18pt;line-height: 107%\" align=\"left\"><span style=\"color: #000000\"><!-- [if !supportLists]--><span style=\"font-family: 'Noto Sans Symbols'\">\u25cf<span style=\"font-size: 7pt;line-height: normal;font-family: 'Times New Roman'\">\u00a0\u00a0\u00a0\u00a0\u00a0\u00a0 <\/span><\/span><!--[endif]-->Makine ve metal sahas\u0131nda, kalite, g\u00fcvenlik, \u00e7evreye duyarl\u0131, \u00fcr\u00fcn maliyet hesab\u0131n\u0131 bilen, sosyal ileti\u015fimi g\u00fc\u00e7l\u00fc olabilecek, <b><\/b><\/span><\/p><p class=\"MsoListParagraphCxSpMiddle\" style=\"margin-bottom: 8pt;text-indent: -18pt;line-height: 107%\" align=\"left\"><span style=\"color: #000000\"><!-- [if !supportLists]--><span style=\"font-family: 'Noto Sans Symbols'\">\u25cf<span style=\"font-size: 7pt;line-height: normal;font-family: 'Times New Roman'\">\u00a0\u00a0\u00a0\u00a0\u00a0\u00a0 <\/span><\/span><!--[endif]-->Alan\u0131na ve payda\u015flar\u0131n\u0131n geli\u015fimini takip edebilen, ihtiyaca uygun analizler yaparak tasar\u0131mlar\u0131n\u0131 g\u00fc\u00e7lendirebilen, giri\u015fimci, yat\u0131r\u0131mc\u0131 durumlar\u0131n\u0131 analiz edebilen, <b><\/b><\/span><\/p><p class=\"MsoListParagraphCxSpMiddle\" style=\"margin-bottom: 8pt;text-indent: -18pt;line-height: 107%\" align=\"left\"><span style=\"color: #000000\"><!-- [if !supportLists]--><span style=\"font-family: 'Noto Sans Symbols'\">\u25cf<span style=\"font-size: 7pt;line-height: normal;font-family: 'Times New Roman'\">\u00a0\u00a0\u00a0\u00a0\u00a0\u00a0 <\/span><\/span><!--[endif]-->Bireysel veya grup \u00e7al\u0131\u015fmalar\u0131na yatk\u0131n,<\/span><\/p><p class=\"MsoListParagraphCxSpMiddle\" style=\"margin-bottom: 8pt;text-indent: -18pt;line-height: 107%\" align=\"left\"><span style=\"color: #000000\"><!-- [if !supportLists]--><span style=\"font-family: 'Noto Sans Symbols'\">\u25cf<span style=\"font-size: 7pt;line-height: normal;font-family: 'Times New Roman'\">\u00a0\u00a0\u00a0\u00a0\u00a0\u00a0 <\/span><\/span><!--[endif]-->Makine imalat sahas\u0131nda gerekli teknik ve y\u00f6ntemlere uygun,<\/span><\/p><p class=\"MsoListParagraphCxSpMiddle\" style=\"margin-bottom: 8pt;text-indent: -18pt;line-height: 107%\" align=\"left\"><span style=\"color: #000000\"><!-- [if !supportLists]--><span style=\"font-family: 'Noto Sans Symbols'\">\u25cf<span style=\"font-size: 7pt;line-height: normal;font-family: 'Times New Roman'\">\u00a0\u00a0\u00a0\u00a0\u00a0\u00a0 <\/span><\/span><!--[endif]-->Mesle\u011fi ile yak\u0131ndan alakal\u0131 malzeme alan bilgisine sahip, malzeme se\u00e7iminde maliyet, risk ve kullan\u0131labilirli\u011fi uygun ekipman se\u00e7ebilen,<\/span><\/p><p class=\"MsoListParagraphCxSpMiddle\" style=\"margin-bottom: 8pt;text-indent: -18pt;line-height: 107%\" align=\"left\"><span style=\"color: #000000\"><!-- [if !supportLists]--><span style=\"font-family: 'Noto Sans Symbols'\">\u25cf<span style=\"font-size: 7pt;line-height: normal;font-family: 'Times New Roman'\">\u00a0\u00a0\u00a0\u00a0\u00a0\u00a0 <\/span><\/span><!--[endif]-->Geri d\u00f6n\u00fc\u015f\u00fcm, kimyasal at\u0131klar alan\u0131nda ilgili mevzuata sahip olup, \u00e7evreye sayg\u0131l\u0131, canl\u0131lar\u0131n ya\u015fam alanlar\u0131na zarar vermeyen,<\/span><\/p><p class=\"MsoListParagraphCxSpMiddle\" style=\"margin-bottom: 8pt;text-indent: -18pt;line-height: 107%\" align=\"left\"><span style=\"color: #000000\"><!-- [if !supportLists]--><span style=\"font-family: 'Noto Sans Symbols'\">\u25cf<span style=\"font-size: 7pt;line-height: normal;font-family: 'Times New Roman'\">\u00a0\u00a0\u00a0\u00a0\u00a0\u00a0 <\/span><\/span><!--[endif]-->\u0130lgili payda\u015flar\u0131n, kurulu\u015flar\u0131n mevzuatlar\u0131na h\u00e2kim olmak de\u011fi\u015fen mevzuatlar\u0131 ve kanunlar\u0131 takip eden,<\/span><\/p><p class=\"MsoListParagraphCxSpMiddle\" style=\"margin-bottom: 8pt;text-indent: -18pt;line-height: 107%\" align=\"left\"><span style=\"color: #000000\"><span style=\"text-indent: -18pt;font-size: 1rem;letter-spacing: 0px\">\u00a0 \u00a0 \u00a0 Tala\u015fl\u0131 imalat, CAD\/CAM, kaynak teknolojisi konular\u0131nda yetkinlik kazanm\u0131\u015f, uygulay\u0131c\u0131 elemanlar yeti\u015ftirmektir.<\/span><b>\u00a0<\/b><\/span><\/p><\/div><\/div><\/div><\/div><\/div><\/section><\/div>\t\t\t\t\t\t\t\t<\/div>\n\t\t\t\t<\/div>\n\t\t\t\t\t<\/div>\n\t\t<\/div>\n\t\t\t\t\t<\/div>\n\t\t<\/section>\n\t\t\t\t<\/div>\n\t\t","protected":false},"excerpt":{"rendered":"<p>Misyon, Vizyon ve Temel De\u011ferler Misyon Makine B\u00f6l\u00fcm\u00fc olarak, \u00f6\u011frencilerimize yaln\u0131zca teknik bilgi sa\u011flamakla birlikte,\u00a0onlar\u0131 analitik d\u00fc\u015f\u00fcnebilen, problem \u00e7\u00f6zme yetene\u011fine sahip ve sekt\u00f6rde fark\u00a0yaratabilecek bireyler olarak yeti\u015ftirmeyi ama\u00e7l\u0131yoruz. \u00dcretimden tasar\u0131ma,\u00a0malzeme bilgisinden imalata kadar geni\u015f bir perspektifle donatarak, teknolojik\u00a0geli\u015fmelere h\u0131zla uyum sa\u011flayan, s\u00fcrd\u00fcr\u00fclebilir ve yenilik\u00e7i \u00e7\u00f6z\u00fcmler\u00a0geli\u015ftirebilen profesyonellerin yeti\u015fmesine katk\u0131da bulunuyoruz.\u00a0\u00d6\u011frencilerimizin hem akademik hem de uygulamal\u0131 becerilerini [&hellip;]<\/p>\n","protected":false},"author":1,"featured_media":0,"parent":0,"menu_order":0,"comment_status":"closed","ping_status":"closed","template":"elementor_header_footer","meta":{"footnotes":""},"class_list":["post-5682","page","type-page","status-publish","hentry"],"_links":{"self":[{"href":"https:\/\/atauni.edu.tr\/makine-programi\/wp-json\/wp\/v2\/pages\/5682","targetHints":{"allow":["GET"]}}],"collection":[{"href":"https:\/\/atauni.edu.tr\/makine-programi\/wp-json\/wp\/v2\/pages"}],"about":[{"href":"https:\/\/atauni.edu.tr\/makine-programi\/wp-json\/wp\/v2\/types\/page"}],"author":[{"embeddable":true,"href":"https:\/\/atauni.edu.tr\/makine-programi\/wp-json\/wp\/v2\/users\/1"}],"replies":[{"embeddable":true,"href":"https:\/\/atauni.edu.tr\/makine-programi\/wp-json\/wp\/v2\/comments?post=5682"}],"version-history":[{"count":28,"href":"https:\/\/atauni.edu.tr\/makine-programi\/wp-json\/wp\/v2\/pages\/5682\/revisions"}],"predecessor-version":[{"id":6506,"href":"https:\/\/atauni.edu.tr\/makine-programi\/wp-json\/wp\/v2\/pages\/5682\/revisions\/6506"}],"wp:attachment":[{"href":"https:\/\/atauni.edu.tr\/makine-programi\/wp-json\/wp\/v2\/media?parent=5682"}],"curies":[{"name":"wp","href":"https:\/\/api.w.org\/{rel}","templated":true}]}}