{"id":5719,"date":"2021-07-13T10:45:18","date_gmt":"2021-07-13T07:45:18","guid":{"rendered":"https:\/\/portaltest.atauni.edu.tr\/bilgisayar-muhendisligi\/?page_id=5719"},"modified":"2026-01-10T15:47:44","modified_gmt":"2026-01-10T12:47:44","slug":"iletisim","status":"publish","type":"page","link":"https:\/\/atauni.edu.tr\/metalurji-ve-malzeme-muhendisligi\/iletisim\/","title":{"rendered":"\u0130leti\u015fim"},"content":{"rendered":"\t\t<div data-elementor-type=\"wp-page\" data-elementor-id=\"5719\" class=\"elementor elementor-5719\" data-elementor-post-type=\"page\">\n\t\t\t\t\t\t<section class=\"elementor-section elementor-top-section elementor-element elementor-element-3702e049 elementor-section-boxed elementor-section-height-default elementor-section-height-default\" data-id=\"3702e049\" data-element_type=\"section\">\n\t\t\t\t\t\t<div class=\"elementor-container elementor-column-gap-default\">\n\t\t\t\t\t<div class=\"elementor-column elementor-col-100 elementor-top-column elementor-element elementor-element-9e6a0d0\" data-id=\"9e6a0d0\" data-element_type=\"column\">\n\t\t\t<div class=\"elementor-widget-wrap elementor-element-populated\">\n\t\t\t\t\t\t<div class=\"elementor-element elementor-element-38f600b8 elementor-widget elementor-widget-spacer\" data-id=\"38f600b8\" data-element_type=\"widget\" data-widget_type=\"spacer.default\">\n\t\t\t\t<div class=\"elementor-widget-container\">\n\t\t\t\t\t\t\t<div class=\"elementor-spacer\">\n\t\t\t<div class=\"elementor-spacer-inner\"><\/div>\n\t\t<\/div>\n\t\t\t\t\t\t<\/div>\n\t\t\t\t<\/div>\n\t\t\t\t<section class=\"elementor-section elementor-inner-section elementor-element elementor-element-1991a46 elementor-section-boxed elementor-section-height-default elementor-section-height-default\" data-id=\"1991a46\" data-element_type=\"section\">\n\t\t\t\t\t\t<div class=\"elementor-container elementor-column-gap-default\">\n\t\t\t\t\t<div class=\"elementor-column elementor-col-50 elementor-inner-column elementor-element elementor-element-37a44c27\" data-id=\"37a44c27\" data-element_type=\"column\">\n\t\t\t<div class=\"elementor-widget-wrap elementor-element-populated\">\n\t\t\t\t\t\t<div class=\"elementor-element elementor-element-5033812a elementor-widget elementor-widget-heading\" data-id=\"5033812a\" data-element_type=\"widget\" data-widget_type=\"heading.default\">\n\t\t\t\t<div class=\"elementor-widget-container\">\n\t\t\t\t\t<h2 class=\"elementor-heading-title elementor-size-default\">B\u0130LG\u0130 ED\u0130NME BA\u015eVURUSU\n<\/h2>\t\t\t\t<\/div>\n\t\t\t\t<\/div>\n\t\t\t\t<div class=\"elementor-element elementor-element-76c07aad elementor-widget-divider--view-line elementor-widget elementor-widget-divider\" data-id=\"76c07aad\" data-element_type=\"widget\" data-widget_type=\"divider.default\">\n\t\t\t\t<div class=\"elementor-widget-container\">\n\t\t\t\t\t\t\t<div class=\"elementor-divider\">\n\t\t\t<span class=\"elementor-divider-separator\">\n\t\t\t\t\t\t<\/span>\n\t\t<\/div>\n\t\t\t\t\t\t<\/div>\n\t\t\t\t<\/div>\n\t\t\t\t<div class=\"elementor-element elementor-element-7caa51e0 elementor-button-align-start elementor-widget elementor-widget-form\" data-id=\"7caa51e0\" data-element_type=\"widget\" data-settings=\"{&quot;step_next_label&quot;:&quot;Next&quot;,&quot;step_previous_label&quot;:&quot;Previous&quot;,&quot;button_width&quot;:&quot;100&quot;,&quot;step_type&quot;:&quot;number_text&quot;,&quot;step_icon_shape&quot;:&quot;circle&quot;}\" data-widget_type=\"form.default\">\n\t\t\t\t<div class=\"elementor-widget-container\">\n\t\t\t\t\t\t\t<form class=\"elementor-form\" method=\"post\" name=\"New Form\" aria-label=\"New Form\">\n\t\t\t<input type=\"hidden\" name=\"post_id\" value=\"5719\"\/>\n\t\t\t<input type=\"hidden\" name=\"form_id\" value=\"7caa51e0\"\/>\n\t\t\t<input type=\"hidden\" name=\"referer_title\" value=\"\u0130leti\u015fim\" \/>\n\n\t\t\t\t\t\t\t<input type=\"hidden\" name=\"queried_id\" value=\"5719\"\/>\n\t\t\t\n\t\t\t<div class=\"elementor-form-fields-wrapper elementor-labels-above\">\n\t\t\t\t\t\t\t\t<div class=\"elementor-field-type-text elementor-field-group elementor-column elementor-field-group-name elementor-col-100\">\n\t\t\t\t\t\t\t\t\t\t\t\t\t<input size=\"1\" type=\"text\" name=\"form_fields[name]\" id=\"form-field-name\" class=\"elementor-field elementor-size-sm  elementor-field-textual\" placeholder=\"Ad Soyad\">\n\t\t\t\t\t\t\t\t\t\t\t<\/div>\n\t\t\t\t\t\t\t\t<div class=\"elementor-field-type-email elementor-field-group elementor-column elementor-field-group-email elementor-col-100 elementor-field-required\">\n\t\t\t\t\t\t\t\t\t\t\t\t\t<input size=\"1\" type=\"email\" name=\"form_fields[email]\" id=\"form-field-email\" class=\"elementor-field elementor-size-sm  elementor-field-textual\" placeholder=\"E-Posta\" required=\"required\">\n\t\t\t\t\t\t\t\t\t\t\t<\/div>\n\t\t\t\t\t\t\t\t<div class=\"elementor-field-type-tel elementor-field-group elementor-column elementor-field-group-field_132ef83 elementor-col-100 elementor-field-required\">\n\t\t\t\t\t\t\t<input size=\"1\" type=\"tel\" name=\"form_fields[field_132ef83]\" id=\"form-field-field_132ef83\" class=\"elementor-field elementor-size-sm  elementor-field-textual\" placeholder=\"Cep Telefonu Numaran\u0131z :\" required=\"required\" pattern=\"[0-9()#&amp;+*-=.]+\" title=\"Only numbers and phone characters (#, -, *, etc) are accepted.\">\n\n\t\t\t\t\t\t<\/div>\n\t\t\t\t\t\t\t\t<div class=\"elementor-field-type-textarea elementor-field-group elementor-column elementor-field-group-message elementor-col-100\">\n\t\t\t\t\t<textarea class=\"elementor-field-textual elementor-field  elementor-size-sm\" name=\"form_fields[message]\" id=\"form-field-message\" rows=\"4\" placeholder=\"Mesaj\u0131n\u0131z\"><\/textarea>\t\t\t\t<\/div>\n\t\t\t\t\t\t\t\t<div class=\"elementor-field-group elementor-column elementor-field-type-submit elementor-col-100 e-form__buttons\">\n\t\t\t\t\t<button class=\"elementor-button elementor-size-sm\" type=\"submit\">\n\t\t\t\t\t\t<span class=\"elementor-button-content-wrapper\">\n\t\t\t\t\t\t\t\t\t\t\t\t\t\t\t\t\t\t\t\t\t\t<span class=\"elementor-button-text\">G\u00d6NDER<\/span>\n\t\t\t\t\t\t\t\t\t\t\t\t\t<\/span>\n\t\t\t\t\t<\/button>\n\t\t\t\t<\/div>\n\t\t\t<\/div>\n\t\t<\/form>\n\t\t\t\t\t\t<\/div>\n\t\t\t\t<\/div>\n\t\t\t\t\t<\/div>\n\t\t<\/div>\n\t\t\t\t<div class=\"elementor-column elementor-col-50 elementor-inner-column elementor-element elementor-element-19c8f5b0\" data-id=\"19c8f5b0\" data-element_type=\"column\">\n\t\t\t<div class=\"elementor-widget-wrap elementor-element-populated\">\n\t\t\t\t\t\t<div class=\"elementor-element elementor-element-478796c5 elementor-widget elementor-widget-heading\" data-id=\"478796c5\" data-element_type=\"widget\" data-widget_type=\"heading.default\">\n\t\t\t\t<div class=\"elementor-widget-container\">\n\t\t\t\t\t<h2 class=\"elementor-heading-title elementor-size-default\">\u0130LET\u0130\u015e\u0130M<\/h2>\t\t\t\t<\/div>\n\t\t\t\t<\/div>\n\t\t\t\t<div class=\"elementor-element elementor-element-7033852b elementor-widget-divider--view-line elementor-widget elementor-widget-divider\" data-id=\"7033852b\" data-element_type=\"widget\" data-widget_type=\"divider.default\">\n\t\t\t\t<div class=\"elementor-widget-container\">\n\t\t\t\t\t\t\t<div class=\"elementor-divider\">\n\t\t\t<span class=\"elementor-divider-separator\">\n\t\t\t\t\t\t<\/span>\n\t\t<\/div>\n\t\t\t\t\t\t<\/div>\n\t\t\t\t<\/div>\n\t\t\t\t<div class=\"elementor-element elementor-element-4772dcd5 elementor-widget elementor-widget-text-editor\" data-id=\"4772dcd5\" data-element_type=\"widget\" data-widget_type=\"text-editor.default\">\n\t\t\t\t<div class=\"elementor-widget-container\">\n\t\t\t\t\t\t\t\t\t<div class=\"bilgiler\"><div class=\"bilgiler\"><strong>Adres: <\/strong>Atat\u00fcrk \u00dcniversitesi 25240 Erzurum<\/div><div class=\"bilgiler\"><strong>Web Sayfas\u0131: <\/strong><a href=\"https:\/\/birimler.atauni.edu.tr\/metalurji-ve-malzeme-muhendisligi\/\">Metalurji ve Malzeme M\u00fchendisli\u011fi B\u00f6l\u00fcm\u00fc<\/a><\/div><div class=\"bilgiler\"><strong>E-Posta: <\/strong><a href=\"mailto:metmuh@atauni.edu.tr\">metmuh@atauni.edu.tr<\/a><\/div><div class=\"bilgiler\"><strong>Telefon: 0442 231 6031<\/strong><\/div><div class=\"bilgiler\">\u00a0<\/div><\/div>\t\t\t\t\t\t\t\t<\/div>\n\t\t\t\t<\/div>\n\t\t\t\t\t<\/div>\n\t\t<\/div>\n\t\t\t\t\t<\/div>\n\t\t<\/section>\n\t\t\t\t<div class=\"elementor-element elementor-element-423de157 elementor-widget elementor-widget-spacer\" data-id=\"423de157\" data-element_type=\"widget\" data-widget_type=\"spacer.default\">\n\t\t\t\t<div class=\"elementor-widget-container\">\n\t\t\t\t\t\t\t<div class=\"elementor-spacer\">\n\t\t\t<div class=\"elementor-spacer-inner\"><\/div>\n\t\t<\/div>\n\t\t\t\t\t\t<\/div>\n\t\t\t\t<\/div>\n\t\t\t\t\t<\/div>\n\t\t<\/div>\n\t\t\t\t\t<\/div>\n\t\t<\/section>\n\t\t\t\t<section class=\"elementor-section elementor-top-section elementor-element elementor-element-12b6e0d elementor-section-boxed elementor-section-height-default elementor-section-height-default\" data-id=\"12b6e0d\" data-element_type=\"section\">\n\t\t\t\t\t\t<div class=\"elementor-container elementor-column-gap-default\">\n\t\t\t\t\t<div class=\"elementor-column elementor-col-100 elementor-top-column elementor-element elementor-element-c556c86\" data-id=\"c556c86\" data-element_type=\"column\">\n\t\t\t<div class=\"elementor-widget-wrap elementor-element-populated\">\n\t\t\t\t\t\t<div class=\"elementor-element elementor-element-3c497c7 elementor-widget elementor-widget-html\" data-id=\"3c497c7\" data-element_type=\"widget\" data-widget_type=\"html.default\">\n\t\t\t\t<div class=\"elementor-widget-container\">\n\t\t\t\t\t<div id=\"mk-social-box\">\r\n  <div class=\"mk-header\">\r\n    <div>\r\n      <h3 class=\"mk-title\">Metal\u00fcrji ve Malzeme M\u00fchendisli\u011fi B\u00f6l\u00fcm\u00fc ve M\u00fchendislik Kariyer Kul\u00fcb\u00fc \u2013 Ortak Sosyal Medya Hesaplar\u0131<\/h3>\r\n      <p class=\"mk-subtitle\">Etkinlik, duyuru ve kariyer f\u0131rsatlar\u0131 i\u00e7in <span>aktif hesaplar\u0131<\/span> takip edebilirsiniz.<\/p>\r\n    <\/div>\r\n  <\/div>\r\n\r\n  <div class=\"mk-row\">\r\n\r\n    <!-- Kul\u00fcp Web -->\r\n    <a class=\"mk-item mk-active\" href=\"https:\/\/kulupler.atauni.edu.tr\/muhendislik-kariyer-kulubu\/\" target=\"_blank\">\r\n      <div class=\"mk-icon-circle\">\r\n        <img decoding=\"async\" src=\"http:\/\/birimler.atauni.edu.tr\/metalurji-ve-malzeme-muhendisligi\/wp-content\/uploads\/sites\/138\/2025\/12\/Favicon.png\">\r\n      <\/div>\r\n      <div class=\"mk-text-block\">\r\n        <span class=\"mk-label\">Kul\u00fcp Web Sayfas\u0131<\/span>\r\n        <span class=\"mk-hint\">Resm\u00ee site<\/span>\r\n      <\/div>\r\n    <\/a>\r\n\r\n    <!-- Instagram -->\r\n    <a class=\"mk-item mk-active\" href=\"https:\/\/www.instagram.com\/kulupkariyer\/\" target=\"_blank\">\r\n      <div class=\"mk-icon-circle\">\r\n        <img decoding=\"async\" src=\"http:\/\/birimler.atauni.edu.tr\/metalurji-ve-malzeme-muhendisligi\/wp-content\/uploads\/sites\/138\/2025\/12\/instagra.png\">\r\n      <\/div>\r\n      <div class=\"mk-text-block\">\r\n        <span class=\"mk-label\">Instagram<\/span>\r\n        <span class=\"mk-hint\">Etkinlik ve payla\u015f\u0131mlar<\/span>\r\n      <\/div>\r\n    <\/a>\r\n\r\n    <!-- LinkedIn -->\r\n    <a class=\"mk-item mk-active\" href=\"https:\/\/www.linkedin.com\/in\/kulupkariyer2020\/\" target=\"_blank\">\r\n      <div class=\"mk-icon-circle\">\r\n        <img decoding=\"async\" src=\"http:\/\/birimler.atauni.edu.tr\/metalurji-ve-malzeme-muhendisligi\/wp-content\/uploads\/sites\/138\/2025\/12\/linkedin.png\">\r\n      <\/div>\r\n      <div class=\"mk-text-block\">\r\n        <span class=\"mk-label\">LinkedIn<\/span>\r\n        <span class=\"mk-hint\">Profesyonel a\u011f<\/span>\r\n      <\/div>\r\n    <\/a>\r\n\r\n\r\n\r\n    <!-- N Sosyal -->\r\n    <a class=\"mk-item mk-active\" href=\"https:\/\/sosyal.teknofest.app\/@kariyer_kulubu\" target=\"_blank\">\r\n      <div class=\"mk-icon-circle\">\r\n        <img decoding=\"async\" src=\"http:\/\/birimler.atauni.edu.tr\/metalurji-ve-malzeme-muhendisligi\/wp-content\/uploads\/sites\/138\/2025\/12\/nsosyal.png\">\r\n      <\/div>\r\n      <div class=\"mk-text-block\">\r\n        <span class=\"mk-label\">N Sosyal<\/span>\r\n        <span class=\"mk-hint\">TEKNOFEST sosyal a\u011f\u0131<\/span>\r\n      <\/div>\r\n    <\/a>\r\n\r\n    <!-- YouTube (\u015fimdilik pasif alan) -->\r\n    <a class=\"mk-item mk-active\" href=\"https:\/\/www.youtube.com\/@KulupKariyer\" target=\"_blank\">\r\n      <div class=\"mk-icon-circle\">\r\n        <img decoding=\"async\" src=\"http:\/\/birimler.atauni.edu.tr\/metalurji-ve-malzeme-muhendisligi\/wp-content\/uploads\/sites\/138\/2025\/12\/youtube.png\">\r\n      <\/div>\r\n      <div class=\"mk-text-block\">\r\n        <span class=\"mk-label\">YouTube<\/span>\r\n        <span class=\"mk-hint\">Kul\u00fcp Tan\u0131t\u0131m\u0131<\/span>\r\n      <\/div>\r\n    <\/a>\r\n\r\n  <\/div>\r\n<\/div>\t\t\t\t<\/div>\n\t\t\t\t<\/div>\n\t\t\t\t\t<\/div>\n\t\t<\/div>\n\t\t\t\t\t<\/div>\n\t\t<\/section>\n\t\t\t\t<section class=\"elementor-section elementor-top-section elementor-element elementor-element-b16fedc elementor-section-boxed elementor-section-height-default elementor-section-height-default\" data-id=\"b16fedc\" data-element_type=\"section\">\n\t\t\t\t\t\t<div class=\"elementor-container elementor-column-gap-default\">\n\t\t\t\t\t<div class=\"elementor-column elementor-col-100 elementor-top-column elementor-element elementor-element-42f97a6\" data-id=\"42f97a6\" data-element_type=\"column\">\n\t\t\t<div class=\"elementor-widget-wrap elementor-element-populated\">\n\t\t\t\t\t\t<div class=\"elementor-element elementor-element-8a7a7e7 elementor-widget elementor-widget-google_maps\" data-id=\"8a7a7e7\" data-element_type=\"widget\" data-widget_type=\"google_maps.default\">\n\t\t\t\t<div class=\"elementor-widget-container\">\n\t\t\t\t\t\t\t<div class=\"elementor-custom-embed\">\n\t\t\t<iframe loading=\"lazy\"\n\t\t\t\t\tsrc=\"https:\/\/maps.google.com\/maps?q=Ataturk%20Universitesi%20Mu&#038;t=m&#038;z=13&#038;output=embed&#038;iwloc=near\"\n\t\t\t\t\ttitle=\"Ataturk Universitesi Mu\"\n\t\t\t\t\taria-label=\"Ataturk Universitesi Mu\"\n\t\t\t><\/iframe>\n\t\t<\/div>\n\t\t\t\t\t\t<\/div>\n\t\t\t\t<\/div>\n\t\t\t\t\t<\/div>\n\t\t<\/div>\n\t\t\t\t\t<\/div>\n\t\t<\/section>\n\t\t\t\t<\/div>\n\t\t","protected":false},"excerpt":{"rendered":"<p>B\u0130LG\u0130 ED\u0130NME BA\u015eVURUSU \u0130LET\u0130\u015e\u0130M Adres: Atat\u00fcrk \u00dcniversitesi 25240 ErzurumWeb Sayfas\u0131: Metalurji ve Malzeme M\u00fchendisli\u011fi B\u00f6l\u00fcm\u00fcE-Posta: metmuh@atauni.edu.trTelefon: 0442 231 6031\u00a0 Metal\u00fcrji ve Malzeme M\u00fchendisli\u011fi B\u00f6l\u00fcm\u00fc ve M\u00fchendislik Kariyer Kul\u00fcb\u00fc \u2013 Ortak Sosyal Medya Hesaplar\u0131 Etkinlik, duyuru ve kariyer f\u0131rsatlar\u0131 i\u00e7in aktif hesaplar\u0131 takip edebilirsiniz. Kul\u00fcp Web Sayfas\u0131 Resm\u00ee site Instagram Etkinlik ve payla\u015f\u0131mlar LinkedIn Profesyonel a\u011f [&hellip;]<\/p>\n","protected":false},"author":1,"featured_media":0,"parent":0,"menu_order":0,"comment_status":"closed","ping_status":"closed","template":"elementor_header_footer","meta":{"footnotes":""},"class_list":["post-5719","page","type-page","status-publish","hentry"],"_links":{"self":[{"href":"https:\/\/atauni.edu.tr\/metalurji-ve-malzeme-muhendisligi\/wp-json\/wp\/v2\/pages\/5719","targetHints":{"allow":["GET"]}}],"collection":[{"href":"https:\/\/atauni.edu.tr\/metalurji-ve-malzeme-muhendisligi\/wp-json\/wp\/v2\/pages"}],"about":[{"href":"https:\/\/atauni.edu.tr\/metalurji-ve-malzeme-muhendisligi\/wp-json\/wp\/v2\/types\/page"}],"author":[{"embeddable":true,"href":"https:\/\/atauni.edu.tr\/metalurji-ve-malzeme-muhendisligi\/wp-json\/wp\/v2\/users\/1"}],"replies":[{"embeddable":true,"href":"https:\/\/atauni.edu.tr\/metalurji-ve-malzeme-muhendisligi\/wp-json\/wp\/v2\/comments?post=5719"}],"version-history":[{"count":110,"href":"https:\/\/atauni.edu.tr\/metalurji-ve-malzeme-muhendisligi\/wp-json\/wp\/v2\/pages\/5719\/revisions"}],"predecessor-version":[{"id":8717,"href":"https:\/\/atauni.edu.tr\/metalurji-ve-malzeme-muhendisligi\/wp-json\/wp\/v2\/pages\/5719\/revisions\/8717"}],"wp:attachment":[{"href":"https:\/\/atauni.edu.tr\/metalurji-ve-malzeme-muhendisligi\/wp-json\/wp\/v2\/media?parent=5719"}],"curies":[{"name":"wp","href":"https:\/\/api.w.org\/{rel}","templated":true}]}}