{"id":6264,"date":"2021-12-09T19:19:30","date_gmt":"2021-12-09T16:19:30","guid":{"rendered":"https:\/\/birimler.atauni.edu.tr\/metalurji-ve-malzeme-muhendisligi\/?page_id=6264"},"modified":"2025-11-23T11:03:38","modified_gmt":"2025-11-23T08:03:38","slug":"komisyonlar","status":"publish","type":"page","link":"https:\/\/atauni.edu.tr\/metalurji-ve-malzeme-muhendisligi\/komisyonlar\/","title":{"rendered":"Komisyonlar"},"content":{"rendered":"\t\t<div data-elementor-type=\"wp-page\" data-elementor-id=\"6264\" class=\"elementor elementor-6264\" data-elementor-post-type=\"page\">\n\t\t\t\t\t\t<section class=\"elementor-section elementor-top-section elementor-element elementor-element-b06d287 elementor-section-boxed elementor-section-height-default elementor-section-height-default\" data-id=\"b06d287\" data-element_type=\"section\">\n\t\t\t\t\t\t<div class=\"elementor-container elementor-column-gap-default\">\n\t\t\t\t\t<div class=\"elementor-column elementor-col-100 elementor-top-column elementor-element elementor-element-b114261\" data-id=\"b114261\" data-element_type=\"column\">\n\t\t\t<div class=\"elementor-widget-wrap elementor-element-populated\">\n\t\t\t\t\t\t<div class=\"elementor-element elementor-element-5a604fb elementor-widget elementor-widget-html\" data-id=\"5a604fb\" data-element_type=\"widget\" data-widget_type=\"html.default\">\n\t\t\t\t<div class=\"elementor-widget-container\">\n\t\t\t\t\t<div class=\"commission-wrapper\">\r\n\r\n<div class=\"commission-card\">\r\n  <div class=\"commission-header\">\r\n    <div class=\"commission-index\">1<\/div>\r\n    <div class=\"commission-title-area\">\r\n      <div class=\"commission-title\">Akademik Te\u015fvik Komisyonu<\/div>\r\n    <\/div>\r\n  <\/div>\r\n  <div class=\"commission-members-block\">\r\n\r\n        <div class=\"commission-role-row\">\r\n        <span class=\"commission-role-pill commission-role-president\">BA\u015eKAN<\/span>\r\n        <span class=\"commission-member-name\">- Prof. Dr. Derya Tekin<\/span>\r\n        <\/div>\r\n        <div class=\"commission-role-row\">\r\n        <span class=\"commission-role-pill commission-role-member\">\u00dcYE<\/span>\r\n        <span class=\"commission-member-name\">- Prof. Dr. G\u00fcl\u015fen Tozsin<\/span>\r\n        <\/div>\r\n        <div class=\"commission-role-row\">\r\n        <span class=\"commission-role-pill commission-role-member\">\u00dcYE<\/span>\r\n        <span class=\"commission-member-name\">- Dr. \u00d6\u011fretim \u00dcyesi M. K\u00fcr\u015fat Dilma\u00e7<\/span>\r\n        <\/div>\r\n  <\/div>\r\n<\/div>\r\n\r\n<div class=\"commission-card\">\r\n  <div class=\"commission-header\">\r\n    <div class=\"commission-index\">2<\/div>\r\n    <div class=\"commission-title-area\">\r\n      <div class=\"commission-title\">Anket Komisyonu<\/div>\r\n    <\/div>\r\n  <\/div>\r\n  <div class=\"commission-members-block\">\r\n\r\n        <div class=\"commission-role-row\">\r\n        <span class=\"commission-role-pill commission-role-president\">BA\u015eKAN<\/span>\r\n        <span class=\"commission-member-name\">- Dr. \u00d6\u011fretim \u00dcyesi Yunus Emre Benkli<\/span>\r\n        <\/div>\r\n        <div class=\"commission-role-row\">\r\n        <span class=\"commission-role-pill commission-role-member\">\u00dcYE<\/span>\r\n        <span class=\"commission-member-name\">- Dr. \u00d6\u011fretim \u00dcyesi \u0130smail Se\u00e7kin \u00c7ardakl\u0131<\/span>\r\n        <\/div>\r\n        <div class=\"commission-role-row\">\r\n        <span class=\"commission-role-pill commission-role-member\">\u00dcYE<\/span>\r\n        <span class=\"commission-member-name\">- Dr. \u00d6\u011fretim \u00dcyesi Erc\u00fcment Ko\u00e7<\/span>\r\n        <\/div>\r\n  <\/div>\r\n<\/div>\r\n\r\n<div class=\"commission-card\">\r\n  <div class=\"commission-header\">\r\n    <div class=\"commission-index\">3<\/div>\r\n    <div class=\"commission-title-area\">\r\n      <div class=\"commission-title\">B\u00f6l\u00fcm Uluslararas\u0131la\u015fma Komisyonu<\/div>\r\n    <\/div>\r\n  <\/div>\r\n  <div class=\"commission-members-block\">\r\n\r\n        <div class=\"commission-role-row\">\r\n        <span class=\"commission-role-pill commission-role-president\">BA\u015eKAN<\/span>\r\n        <span class=\"commission-member-name\">- Prof. Dr. G\u00fcl\u015fen Tozsin<\/span>\r\n        <\/div>\r\n        <div class=\"commission-role-row\">\r\n        <span class=\"commission-role-pill commission-role-member\">\u00dcYE<\/span>\r\n        <span class=\"commission-member-name\">- Do\u00e7. Dr. Sebahattin Yenal Vang\u00f6l\u00fc<\/span>\r\n        <\/div>\r\n        <div class=\"commission-role-row\">\r\n        <span class=\"commission-role-pill commission-role-member\">\u00dcYE<\/span>\r\n        <span class=\"commission-member-name\">- Do\u00e7. Dr. Taha \u00c7a\u011fr\u0131 \u015eENOCAK<\/span>\r\n        <\/div>\r\n        <div class=\"commission-role-row\">\r\n        <span class=\"commission-role-pill commission-role-member\">\u00dcYE<\/span>\r\n        <span class=\"commission-member-name\">- Dr. \u00d6\u011fretim \u00dcyesi \u0130smail Se\u00e7kin \u00c7ardakl\u0131<\/span>\r\n        <\/div>\r\n  <\/div>\r\n<\/div>\r\n\r\n<div class=\"commission-card\">\r\n  <div class=\"commission-header\">\r\n    <div class=\"commission-index\">4<\/div>\r\n    <div class=\"commission-title-area\">\r\n      <div class=\"commission-title\">Ders Bilgi Dosyalar\u0131 Komisyonu<\/div>\r\n    <\/div>\r\n  <\/div>\r\n  <div class=\"commission-members-block\">\r\n\r\n        <div class=\"commission-role-row\">\r\n        <span class=\"commission-role-pill commission-role-president\">BA\u015eKAN<\/span>\r\n        <span class=\"commission-member-name\">- Do\u00e7. Dr. Engin Kocada\u011fistan<\/span>\r\n        <\/div>\r\n        <div class=\"commission-role-row\">\r\n        <span class=\"commission-role-pill commission-role-member\">\u00dcYE<\/span>\r\n        <span class=\"commission-member-name\">- Prof. Dr. K. Vefa Ezirmik<\/span>\r\n        <\/div>\r\n        <div class=\"commission-role-row\">\r\n        <span class=\"commission-role-pill commission-role-member\">\u00dcYE<\/span>\r\n        <span class=\"commission-member-name\">- Do\u00e7. Dr. Sebahattin Yenal Vang\u00f6l\u00fc<\/span>\r\n        <\/div>\r\n        <div class=\"commission-role-row\">\r\n        <span class=\"commission-role-pill commission-role-member\">\u00dcYE<\/span>\r\n        <span class=\"commission-member-name\">- Dr. \u00d6\u011fretim \u00dcyesi \u0130smail Se\u00e7kin \u00c7ardakl\u0131<\/span>\r\n        <\/div>\r\n        <div class=\"commission-role-row\">\r\n        <span class=\"commission-role-pill commission-role-member\">\u00dcYE<\/span>\r\n        <span class=\"commission-member-name\">- Ar\u015f. G\u00f6r. Dr. Fatma Songur Demirta\u015f<\/span>\r\n        <\/div>\r\n  <\/div>\r\n<\/div>\r\n\r\n<div class=\"commission-card\">\r\n  <div class=\"commission-header\">\r\n    <div class=\"commission-index\">5<\/div>\r\n    <div class=\"commission-title-area\">\r\n      <div class=\"commission-title\">E\u011fitim Komisyonu<\/div>\r\n    <\/div>\r\n  <\/div>\r\n  <div class=\"commission-members-block\">\r\n\r\n        <div class=\"commission-role-row\">\r\n        <span class=\"commission-role-pill commission-role-president\">BA\u015eKAN<\/span>\r\n        <span class=\"commission-member-name\">- Prof. Dr. K. Vefa Ezirmik<\/span>\r\n        <\/div>\r\n        <div class=\"commission-role-row\">\r\n        <span class=\"commission-role-pill commission-role-member\">\u00dcYE<\/span>\r\n        <span class=\"commission-member-name\">- Prof. Dr. Derya Tekin<\/span>\r\n        <\/div>\r\n        <div class=\"commission-role-row\">\r\n        <span class=\"commission-role-pill commission-role-member\">\u00dcYE<\/span>\r\n        <span class=\"commission-member-name\">- Prof. Dr. G\u00fcl\u015fen Tozsin<\/span>\r\n        <\/div>\r\n        <div class=\"commission-role-row\">\r\n        <span class=\"commission-role-pill commission-role-member\">\u00dcYE<\/span>\r\n        <span class=\"commission-member-name\">- Do\u00e7. Dr. G\u00fczide Meltem L\u00fcle \u015een\u00f6z<\/span>\r\n        <\/div>\r\n        <div class=\"commission-role-row\">\r\n        <span class=\"commission-role-pill commission-role-member\">\u00dcYE<\/span>\r\n        <span class=\"commission-member-name\">- Do\u00e7. Dr. Engin Kocada\u011fistan<\/span>\r\n        <\/div>\r\n        <div class=\"commission-role-row\">\r\n        <span class=\"commission-role-pill commission-role-member\">\u00dcYE<\/span>\r\n        <span class=\"commission-member-name\">- Dr. \u00d6\u011fretim \u00dcyesi Yunus Emre Benkli<\/span>\r\n        <\/div>\r\n        <div class=\"commission-role-row\">\r\n        <span class=\"commission-role-pill commission-role-member\">\u00dcYE<\/span>\r\n        <span class=\"commission-member-name\">- Ar\u015f. G\u00f6r. Dr. Fatma Songur Demirta\u015f<\/span>\r\n        <\/div>\r\n  <\/div>\r\n<\/div>\r\n\r\n<div class=\"commission-card\">\r\n  <div class=\"commission-header\">\r\n    <div class=\"commission-index\">6<\/div>\r\n    <div class=\"commission-title-area\">\r\n      <div class=\"commission-title\">Fak\u00fclte Tan\u0131t\u0131m Komisyonu<\/div>\r\n    <\/div>\r\n  <\/div>\r\n  <div class=\"commission-members-block\">\r\n\r\n        <div class=\"commission-role-row\">\r\n        <span class=\"commission-role-pill commission-role-president\">BA\u015eKAN<\/span>\r\n        <span class=\"commission-member-name\">- Do\u00e7. Dr. Taha \u00c7a\u011fr\u0131 \u015eenocak<\/span>\r\n        <\/div>\r\n        <div class=\"commission-role-row\">\r\n        <span class=\"commission-role-pill commission-role-member\">\u00dcYE<\/span>\r\n        <span class=\"commission-member-name\">- Dr. \u00d6\u011fretim \u00dcyesi Erc\u00fcment Ko\u00e7<\/span>\r\n        <\/div>\r\n        <div class=\"commission-role-row\">\r\n        <span class=\"commission-role-pill commission-role-member\">\u00dcYE<\/span>\r\n        <span class=\"commission-member-name\">- Ar\u015f. G\u00f6r. Dr. Fatma Songur Demirta\u015f<\/span>\r\n        <\/div>\r\n  <\/div>\r\n<\/div>\r\n\r\n<div class=\"commission-card\">\r\n  <div class=\"commission-header\">\r\n    <div class=\"commission-index\">7<\/div>\r\n    <div class=\"commission-title-area\">\r\n      <div class=\"commission-title\">Fak\u00fclte Uluslararas\u0131la\u015fma Komisyonu<\/div>\r\n    <\/div>\r\n  <\/div>\r\n  <div class=\"commission-members-block\">\r\n\r\n        <div class=\"commission-role-row\">\r\n        <span class=\"commission-role-pill commission-role-president\">BA\u015eKAN<\/span>\r\n        <span class=\"commission-member-name\">- Do\u00e7. Dr. Sebahattin Yenal Vang\u00f6l\u00fc<\/span>\r\n        <\/div>\r\n  <\/div>\r\n<\/div>\r\n\r\n<div class=\"commission-card\">\r\n  <div class=\"commission-header\">\r\n    <div class=\"commission-index\">8<\/div>\r\n    <div class=\"commission-title-area\">\r\n      <div class=\"commission-title\">Kalite ve Akreditasyon Komisyonu<\/div>\r\n    <\/div>\r\n  <\/div>\r\n  <div class=\"commission-members-block\">\r\n\r\n        <div class=\"commission-role-row\">\r\n        <span class=\"commission-role-pill commission-role-president\">BA\u015eKAN<\/span>\r\n        <span class=\"commission-member-name\">- Do\u00e7. Dr. Taha \u00c7a\u011fr\u0131 \u015eenocak<\/span>\r\n        <\/div>\r\n        <div class=\"commission-role-row\">\r\n        <span class=\"commission-role-pill commission-role-member\">\u00dcYE<\/span>\r\n        <span class=\"commission-member-name\">- Dr. \u00d6\u011fretim \u00dcyesi Yunus Emre Benkli<\/span>\r\n        <\/div>\r\n        <div class=\"commission-role-row\">\r\n        <span class=\"commission-role-pill commission-role-member\">\u00dcYE<\/span>\r\n        <span class=\"commission-member-name\">- Dr. \u00d6\u011fretim \u00dcyesi M. K\u00fcr\u015fat Dilma\u00e7<\/span>\r\n        <\/div>\r\n        <div class=\"commission-role-row\">\r\n        <span class=\"commission-role-pill commission-role-member\">\u00dcYE<\/span>\r\n        <span class=\"commission-member-name\">- Dr. \u00d6\u011fretim \u00dcyesi \u0130smail Se\u00e7kin \u00c7ardakl\u0131<\/span>\r\n        <\/div>\r\n  <\/div>\r\n<\/div>\r\n\r\n<div class=\"commission-card\">\r\n  <div class=\"commission-header\">\r\n    <div class=\"commission-index\">9<\/div>\r\n    <div class=\"commission-title-area\">\r\n      <div class=\"commission-title\">Kat\u0131 At\u0131k Komisyonu<\/div>\r\n    <\/div>\r\n  <\/div>\r\n  <div class=\"commission-members-block\">\r\n\r\n        <div class=\"commission-role-row\">\r\n        <span class=\"commission-role-pill commission-role-president\">BA\u015eKAN<\/span>\r\n        <span class=\"commission-member-name\">- Prof. Dr. G\u00fcl\u015fen Tozsin<\/span>\r\n        <\/div>\r\n        <div class=\"commission-role-row\">\r\n        <span class=\"commission-role-pill commission-role-member\">\u00dcYE<\/span>\r\n        <span class=\"commission-member-name\">- Ar\u015f. G\u00f6r. Dr. Fatma Songur Demirta\u015f<\/span>\r\n        <\/div>\r\n  <\/div>\r\n<\/div>\r\n\r\n<div class=\"commission-card\">\r\n  <div class=\"commission-header\">\r\n    <div class=\"commission-index\">10<\/div>\r\n    <div class=\"commission-title-area\">\r\n      <div class=\"commission-title\">Labsis Komisyonu<\/div>\r\n    <\/div>\r\n  <\/div>\r\n  <div class=\"commission-members-block\">\r\n\r\n        <div class=\"commission-role-row\">\r\n        <span class=\"commission-role-pill commission-role-president\">BA\u015eKAN<\/span>\r\n        <span class=\"commission-member-name\">- Prof. Dr. Derya Tekin<\/span>\r\n        <\/div>\r\n        <div class=\"commission-role-row\">\r\n        <span class=\"commission-role-pill commission-role-member\">\u00dcYE<\/span>\r\n        <span class=\"commission-member-name\">- Dr. \u00d6\u011fretim \u00dcyesi M. K\u00fcr\u015fat Dilma\u00e7<\/span>\r\n        <\/div>\r\n  <\/div>\r\n<\/div>\r\n\r\n<div class=\"commission-card\">\r\n  <div class=\"commission-header\">\r\n    <div class=\"commission-index\">11<\/div>\r\n    <div class=\"commission-title-area\">\r\n      <div class=\"commission-title\">M\u00fcdek Komisyonu<\/div>\r\n    <\/div>\r\n  <\/div>\r\n  <div class=\"commission-members-block\">\r\n\r\n        <div class=\"commission-role-row\">\r\n        <span class=\"commission-role-pill commission-role-president\">BA\u015eKAN<\/span>\r\n        <span class=\"commission-member-name\">- Prof. Dr. K. Vefa Ezirmik<\/span>\r\n        <\/div>\r\n        <div class=\"commission-role-row\">\r\n        <span class=\"commission-role-pill commission-role-member\">\u00dcYE<\/span>\r\n        <span class=\"commission-member-name\">- Do\u00e7. Dr. Taha \u00c7a\u011fr\u0131 \u015eenocak<\/span>\r\n        <\/div>\r\n        <div class=\"commission-role-row\">\r\n        <span class=\"commission-role-pill commission-role-member\">\u00dcYE<\/span>\r\n        <span class=\"commission-member-name\">- Dr. \u00d6\u011fretim \u00dcyesi M. K\u00fcr\u015fat Dilma\u00e7<\/span>\r\n        <\/div>\r\n        <div class=\"commission-role-row\">\r\n        <span class=\"commission-role-pill commission-role-member\">\u00dcYE<\/span>\r\n        <span class=\"commission-member-name\">- Dr. \u00d6\u011fretim \u00dcyesi Erc\u00fcment Ko\u00e7<\/span>\r\n        <\/div>\r\n  <\/div>\r\n<\/div>\r\n\r\n<div class=\"commission-card\">\r\n  <div class=\"commission-header\">\r\n    <div class=\"commission-index\">12<\/div>\r\n    <div class=\"commission-title-area\">\r\n      <div class=\"commission-title\">M\u00fchendislik Fak\u00fcltesi Ara\u015ft\u0131rma Komisyonu<\/div>\r\n    <\/div>\r\n  <\/div>\r\n  <div class=\"commission-members-block\">\r\n\r\n        <div class=\"commission-role-row\">\r\n        <span class=\"commission-role-pill commission-role-president\">BA\u015eKAN<\/span>\r\n        <span class=\"commission-member-name\">- Prof. Dr. G\u00fcl\u015fen Tozsin<\/span>\r\n        <\/div>\r\n        <div class=\"commission-role-row\">\r\n        <span class=\"commission-role-pill commission-role-member\">\u00dcYE<\/span>\r\n        <span class=\"commission-member-name\">- Do\u00e7. Dr. Sebahattin Yenal Vang\u00f6l\u00fc<\/span>\r\n        <\/div>\r\n        <div class=\"commission-role-row\">\r\n        <span class=\"commission-role-pill commission-role-member\">\u00dcYE<\/span>\r\n        <span class=\"commission-member-name\">- Dr. \u00d6\u011fretim \u00dcyesi \u0130smail Se\u00e7kin \u00c7ardakl\u0131<\/span>\r\n        <\/div>\r\n  <\/div>\r\n<\/div>\r\n\r\n<div class=\"commission-card\">\r\n  <div class=\"commission-header\">\r\n    <div class=\"commission-index\">13<\/div>\r\n    <div class=\"commission-title-area\">\r\n      <div class=\"commission-title\">M\u00fchendislik Fak\u00fcltesi E\u011fitim Komisyonu<\/div>\r\n    <\/div>\r\n  <\/div>\r\n  <div class=\"commission-members-block\">\r\n\r\n        <div class=\"commission-role-row\">\r\n        <span class=\"commission-role-pill commission-role-president\">BA\u015eKAN<\/span>\r\n        <span class=\"commission-member-name\">- Prof. Dr. K. Vefa Ezirmik<\/span>\r\n        <\/div>\r\n        <div class=\"commission-role-row\">\r\n        <span class=\"commission-role-pill commission-role-member\">\u00dcYE<\/span>\r\n        <span class=\"commission-member-name\">- Prof. Dr. G\u00fcl\u015fen Tozsin<\/span>\r\n        <\/div>\r\n        <div class=\"commission-role-row\">\r\n        <span class=\"commission-role-pill commission-role-member\">\u00dcYE<\/span>\r\n        <span class=\"commission-member-name\">- Do\u00e7. Dr. M. Engin Kocada\u011fistan<\/span>\r\n        <\/div>\r\n        <div class=\"commission-role-row\">\r\n        <span class=\"commission-role-pill commission-role-member\">\u00dcYE<\/span>\r\n        <span class=\"commission-member-name\">- Ar\u015f. G\u00f6r. Dr. Fatma Songur Demirta\u015f<\/span>\r\n        <\/div>\r\n  <\/div>\r\n<\/div>\r\n\r\n<div class=\"commission-card\">\r\n  <div class=\"commission-header\">\r\n    <div class=\"commission-index\">14<\/div>\r\n    <div class=\"commission-title-area\">\r\n      <div class=\"commission-title\">M\u00fchendislik Fak\u00fcltesi Toplumsal Katk\u0131 Komisyonu<\/div>\r\n    <\/div>\r\n  <\/div>\r\n  <div class=\"commission-members-block\">\r\n\r\n        <div class=\"commission-role-row\">\r\n        <span class=\"commission-role-pill commission-role-president\">BA\u015eKAN<\/span>\r\n        <span class=\"commission-member-name\">- Do\u00e7. Dr. M. Engin Kocada\u011fistan<\/span>\r\n        <\/div>\r\n        <div class=\"commission-role-row\">\r\n        <span class=\"commission-role-pill commission-role-member\">\u00dcYE<\/span>\r\n        <span class=\"commission-member-name\">- Dr. \u00d6\u011fretim \u00dcyesi Erc\u00fcment Ko\u00e7<\/span>\r\n        <\/div>\r\n  <\/div>\r\n<\/div>\r\n\r\n<div class=\"commission-card\">\r\n  <div class=\"commission-header\">\r\n    <div class=\"commission-index\">15<\/div>\r\n    <div class=\"commission-title-area\">\r\n      <div class=\"commission-title\">Proje Dersleri Komisyonu<\/div>\r\n    <\/div>\r\n  <\/div>\r\n  <div class=\"commission-members-block\">\r\n\r\n        <div class=\"commission-role-row\">\r\n        <span class=\"commission-role-pill commission-role-president\">BA\u015eKAN<\/span>\r\n        <span class=\"commission-member-name\">- Prof. Dr. G\u00fcl\u015fen Tozsin<\/span>\r\n        <\/div>\r\n        <div class=\"commission-role-row\">\r\n        <span class=\"commission-role-pill commission-role-member\">\u00dcYE<\/span>\r\n        <span class=\"commission-member-name\">- Dr. \u00d6\u011fretim \u00dcyesi \u0130smail Se\u00e7kin \u00c7ardakl\u0131<\/span>\r\n        <\/div>\r\n        <div class=\"commission-role-row\">\r\n        <span class=\"commission-role-pill commission-role-member\">\u00dcYE<\/span>\r\n        <span class=\"commission-member-name\">- Dr. \u00d6\u011fretim \u00dcyesi Erc\u00fcment Ko\u00e7<\/span>\r\n        <\/div>\r\n        <div class=\"commission-role-row\">\r\n        <span class=\"commission-role-pill commission-role-member\">\u00dcYE<\/span>\r\n        <span class=\"commission-member-name\">- Dr. \u00d6\u011fretim \u00dcyesi M. K\u00fcr\u015fat Dilma\u00e7<\/span>\r\n        <\/div>\r\n  <\/div>\r\n<\/div>\r\n\r\n<div class=\"commission-card\">\r\n  <div class=\"commission-header\">\r\n    <div class=\"commission-index\">16<\/div>\r\n    <div class=\"commission-title-area\">\r\n      <div class=\"commission-title\">Staj Komisyonu<\/div>\r\n    <\/div>\r\n  <\/div>\r\n  <div class=\"commission-members-block\">\r\n\r\n        <div class=\"commission-role-row\">\r\n        <span class=\"commission-role-pill commission-role-president\">BA\u015eKAN<\/span>\r\n        <span class=\"commission-member-name\">- Dr. \u00d6\u011fretim \u00dcyesi Yunus Emre Benkli<\/span>\r\n        <\/div>\r\n        <div class=\"commission-role-row\">\r\n        <span class=\"commission-role-pill commission-role-member\">\u00dcYE<\/span>\r\n        <span class=\"commission-member-name\">- Do\u00e7. Dr. Engin Kocada\u011fistan<\/span>\r\n        <\/div>\r\n        <div class=\"commission-role-row\">\r\n        <span class=\"commission-role-pill commission-role-member\">\u00dcYE<\/span>\r\n        <span class=\"commission-member-name\">- Dr. \u00d6\u011fretim \u00dcyesi Erc\u00fcment Ko\u00e7<\/span>\r\n        <\/div>\r\n  <\/div>\r\n<\/div>\r\n\r\n<div class=\"commission-card\">\r\n  <div class=\"commission-header\">\r\n    <div class=\"commission-index\">17<\/div>\r\n    <div class=\"commission-title-area\">\r\n      <div class=\"commission-title\">\u0130ME Komisyonu<\/div>\r\n    <\/div>\r\n  <\/div>\r\n  <div class=\"commission-members-block\">\r\n\r\n        <div class=\"commission-role-row\">\r\n        <span class=\"commission-role-pill commission-role-president\">BA\u015eKAN<\/span>\r\n        <span class=\"commission-member-name\">- Dr. \u00d6\u011fretim \u00dcyesi Yunus Emre Benkli<\/span>\r\n        <\/div>\r\n        <div class=\"commission-role-row\">\r\n        <span class=\"commission-role-pill commission-role-member\">\u00dcYE<\/span>\r\n        <span class=\"commission-member-name\">- Do\u00e7. Dr. Engin Kocada\u011fistan<\/span>\r\n        <\/div>\r\n        <div class=\"commission-role-row\">\r\n        <span class=\"commission-role-pill commission-role-member\">\u00dcYE<\/span>\r\n        <span class=\"commission-member-name\">- Dr. \u00d6\u011fretim \u00dcyesi \u0130smail Se\u00e7kin \u00c7ardakl\u0131<\/span>\r\n        <\/div>\r\n        <div class=\"commission-role-row\">\r\n        <span class=\"commission-role-pill commission-role-member\">\u00dcYE<\/span>\r\n        <span class=\"commission-member-name\">- Ar\u015f. G\u00f6r. Dr. Fatma Songur Demirta\u015f<\/span>\r\n        <\/div>\r\n  <\/div>\r\n<\/div>\r\n<\/div>\t\t\t\t<\/div>\n\t\t\t\t<\/div>\n\t\t\t\t\t<\/div>\n\t\t<\/div>\n\t\t\t\t\t<\/div>\n\t\t<\/section>\n\t\t\t\t<\/div>\n\t\t","protected":false},"excerpt":{"rendered":"<p>1 Akademik Te\u015fvik Komisyonu BA\u015eKAN &#8211; Prof. Dr. Derya Tekin \u00dcYE &#8211; Prof. Dr. G\u00fcl\u015fen Tozsin \u00dcYE &#8211; Dr. \u00d6\u011fretim \u00dcyesi M. K\u00fcr\u015fat Dilma\u00e7 2 Anket Komisyonu BA\u015eKAN &#8211; Dr. \u00d6\u011fretim \u00dcyesi Yunus Emre Benkli \u00dcYE &#8211; Dr. \u00d6\u011fretim \u00dcyesi \u0130smail Se\u00e7kin \u00c7ardakl\u0131 \u00dcYE &#8211; Dr. \u00d6\u011fretim \u00dcyesi Erc\u00fcment Ko\u00e7 3 B\u00f6l\u00fcm Uluslararas\u0131la\u015fma Komisyonu BA\u015eKAN [&hellip;]<\/p>\n","protected":false},"author":437,"featured_media":0,"parent":0,"menu_order":0,"comment_status":"closed","ping_status":"closed","template":"","meta":{"footnotes":""},"class_list":["post-6264","page","type-page","status-publish","hentry"],"_links":{"self":[{"href":"https:\/\/atauni.edu.tr\/metalurji-ve-malzeme-muhendisligi\/wp-json\/wp\/v2\/pages\/6264","targetHints":{"allow":["GET"]}}],"collection":[{"href":"https:\/\/atauni.edu.tr\/metalurji-ve-malzeme-muhendisligi\/wp-json\/wp\/v2\/pages"}],"about":[{"href":"https:\/\/atauni.edu.tr\/metalurji-ve-malzeme-muhendisligi\/wp-json\/wp\/v2\/types\/page"}],"author":[{"embeddable":true,"href":"https:\/\/atauni.edu.tr\/metalurji-ve-malzeme-muhendisligi\/wp-json\/wp\/v2\/users\/437"}],"replies":[{"embeddable":true,"href":"https:\/\/atauni.edu.tr\/metalurji-ve-malzeme-muhendisligi\/wp-json\/wp\/v2\/comments?post=6264"}],"version-history":[{"count":31,"href":"https:\/\/atauni.edu.tr\/metalurji-ve-malzeme-muhendisligi\/wp-json\/wp\/v2\/pages\/6264\/revisions"}],"predecessor-version":[{"id":7347,"href":"https:\/\/atauni.edu.tr\/metalurji-ve-malzeme-muhendisligi\/wp-json\/wp\/v2\/pages\/6264\/revisions\/7347"}],"wp:attachment":[{"href":"https:\/\/atauni.edu.tr\/metalurji-ve-malzeme-muhendisligi\/wp-json\/wp\/v2\/media?parent=6264"}],"curies":[{"name":"wp","href":"https:\/\/api.w.org\/{rel}","templated":true}]}}