{"id":7321,"date":"2025-11-23T10:05:13","date_gmt":"2025-11-23T07:05:13","guid":{"rendered":"https:\/\/birimler.atauni.edu.tr\/metalurji-ve-malzeme-muhendisligi\/?page_id=7321"},"modified":"2025-11-23T17:16:56","modified_gmt":"2025-11-23T14:16:56","slug":"koordinatorlukler","status":"publish","type":"page","link":"https:\/\/atauni.edu.tr\/metalurji-ve-malzeme-muhendisligi\/koordinatorlukler\/","title":{"rendered":"Koordinat\u00f6rl\u00fckler"},"content":{"rendered":"\t\t<div data-elementor-type=\"wp-page\" data-elementor-id=\"7321\" class=\"elementor elementor-7321\" data-elementor-post-type=\"page\">\n\t\t\t\t\t\t<section class=\"elementor-section elementor-top-section elementor-element elementor-element-e7a0037 elementor-section-boxed elementor-section-height-default elementor-section-height-default\" data-id=\"e7a0037\" data-element_type=\"section\">\n\t\t\t\t\t\t<div class=\"elementor-container elementor-column-gap-default\">\n\t\t\t\t\t<div class=\"elementor-column elementor-col-100 elementor-top-column elementor-element elementor-element-9b0ed0d\" data-id=\"9b0ed0d\" data-element_type=\"column\">\n\t\t\t<div class=\"elementor-widget-wrap elementor-element-populated\">\n\t\t\t\t\t\t<div class=\"elementor-element elementor-element-cc5146e elementor-widget elementor-widget-html\" data-id=\"cc5146e\" data-element_type=\"widget\" data-widget_type=\"html.default\">\n\t\t\t\t<div class=\"elementor-widget-container\">\n\t\t\t\t\t<div class=\"coordinator-wrapper\">\r\n\r\n<div class=\"coordinator-card\">\r\n  <div class=\"coordinator-header\">\r\n    <div class=\"coordinator-index\">1<\/div>\r\n    <div class=\"coordinator-title-area\">\r\n      <div class=\"coordinator-title\">Ders Program\u0131 ve S\u0131nav Koordinat\u00f6r\u00fc<\/div>\r\n    <\/div>\r\n  <\/div>\r\n  <div class=\"coordinator-members-block\">\r\n\r\n        <div class=\"coordinator-role-row\">\r\n        <span class=\"coordinator-role-pill coordinator-role-president\">BA\u015eKAN<\/span>\r\n        <span class=\"coordinator-member-name\">- Dr. \u00d6\u011fretim \u00dcyesi Erc\u00fcment Ko\u00e7<\/span>\r\n        <\/div>\r\n        <div class=\"coordinator-role-row\">\r\n        <span class=\"coordinator-role-pill coordinator-role-member\">\u00dcYE<\/span>\r\n        <span class=\"coordinator-member-name\">- Dr. \u00d6\u011fretim \u00dcyesi \u0130smail Se\u00e7kin \u00c7ardakl\u0131<\/span>\r\n        <\/div>\r\n  <\/div>\r\n<\/div>\r\n\r\n<div class=\"coordinator-card\">\r\n  <div class=\"coordinator-header\">\r\n    <div class=\"coordinator-index\">2<\/div>\r\n    <div class=\"coordinator-title-area\">\r\n      <div class=\"coordinator-title\">Erasmus Koordinat\u00f6rl\u00fc\u011f\u00fc<\/div>\r\n    <\/div>\r\n  <\/div>\r\n  <div class=\"coordinator-members-block\">\r\n\r\n        <div class=\"coordinator-role-row\">\r\n        <span class=\"coordinator-role-pill coordinator-role-president\">BA\u015eKAN<\/span>\r\n        <span class=\"coordinator-member-name\">- Do\u00e7. Dr. G\u00fczide Meltem L\u00fcle \u015een\u00f6z<\/span>\r\n        <\/div>\r\n        <div class=\"coordinator-role-row\">\r\n        <span class=\"coordinator-role-pill coordinator-role-member\">\u00dcYE<\/span>\r\n        <span class=\"coordinator-member-name\">- Do\u00e7. Dr. Taha \u00c7a\u011fr\u0131 \u015eenocak<\/span>\r\n        <\/div>\r\n  <\/div>\r\n<\/div>\r\n\r\n<div class=\"coordinator-card\">\r\n  <div class=\"coordinator-header\">\r\n    <div class=\"coordinator-index\">3<\/div>\r\n    <div class=\"coordinator-title-area\">\r\n      <div class=\"coordinator-title\">Mezun Takip Koordinat\u00f6rl\u00fc\u011f\u00fc<\/div>\r\n    <\/div>\r\n  <\/div>\r\n  <div class=\"coordinator-members-block\">\r\n\r\n        <div class=\"coordinator-role-row\">\r\n        <span class=\"coordinator-role-pill coordinator-role-president\">BA\u015eKAN<\/span>\r\n        <span class=\"coordinator-member-name\">- Do\u00e7. Dr. M. Engin Kocada\u011fistan<\/span>\r\n        <\/div>\r\n        <div class=\"coordinator-role-row\">\r\n        <span class=\"coordinator-role-pill coordinator-role-member\">\u00dcYE<\/span>\r\n        <span class=\"coordinator-member-name\">- Do\u00e7. Dr. Taha \u00c7a\u011fr\u0131 \u015eenocak<\/span>\r\n        <\/div>\r\n        <div class=\"coordinator-role-row\">\r\n        <span class=\"coordinator-role-pill coordinator-role-member\">\u00dcYE<\/span>\r\n        <span class=\"coordinator-member-name\">- Dr. \u00d6\u011fretim \u00dcyesi M. K\u00fcr\u015fat Dilma\u00e7<\/span>\r\n        <\/div>\r\n        <div class=\"coordinator-role-row\">\r\n        <span class=\"coordinator-role-pill coordinator-role-member\">\u00dcYE<\/span>\r\n        <span class=\"coordinator-member-name\">- Dr. \u00d6\u011fretim \u00dcyesi Yunus Emre Benkli<\/span>\r\n        <\/div>\r\n  <\/div>\r\n<\/div>\r\n\r\n<div class=\"coordinator-card\">\r\n  <div class=\"coordinator-header\">\r\n    <div class=\"coordinator-index\">4<\/div>\r\n    <div class=\"coordinator-title-area\">\r\n      <div class=\"coordinator-title\">Veri Koordinat\u00f6rl\u00fc\u011f\u00fc<\/div>\r\n    <\/div>\r\n  <\/div>\r\n  <div class=\"coordinator-members-block\">\r\n\r\n        <div class=\"coordinator-role-row\">\r\n        <span class=\"coordinator-role-pill coordinator-role-president\">BA\u015eKAN<\/span>\r\n        <span class=\"coordinator-member-name\">- Ar\u015f. G\u00f6r. Dr. Fatma Songur Demirta\u015f<\/span>\r\n        <\/div>\r\n  <\/div>\r\n<\/div>\r\n\r\n<div class=\"coordinator-card\">\r\n  <div class=\"coordinator-header\">\r\n    <div class=\"coordinator-index\">5<\/div>\r\n    <div class=\"coordinator-title-area\">\r\n      <div class=\"coordinator-title\">WEB Tasar\u0131m Koordinat\u00f6rl\u00fc\u011f\u00fc<\/div>\r\n    <\/div>\r\n  <\/div>\r\n  <div class=\"coordinator-members-block\">\r\n\r\n        <div class=\"coordinator-role-row\">\r\n        <span class=\"coordinator-role-pill coordinator-role-president\">BA\u015eKAN<\/span>\r\n        <span class=\"coordinator-member-name\">- Dr. \u00d6\u011fretim \u00dcyesi Yunus Emre Benkli<\/span>\r\n        <\/div>\r\n        <div class=\"coordinator-role-row\">\r\n        <span class=\"coordinator-role-pill coordinator-role-member\">\u00dcYE<\/span>\r\n        <span class=\"coordinator-member-name\">- Ar\u015f. G\u00f6r. Dr. Fatma Songur Demirta\u015f<\/span>\r\n        <\/div>\r\n  <\/div>\r\n<\/div>\r\n<\/div>\t\t\t\t<\/div>\n\t\t\t\t<\/div>\n\t\t\t\t\t<\/div>\n\t\t<\/div>\n\t\t\t\t\t<\/div>\n\t\t<\/section>\n\t\t\t\t<\/div>\n\t\t","protected":false},"excerpt":{"rendered":"<p>1 Ders Program\u0131 ve S\u0131nav Koordinat\u00f6r\u00fc BA\u015eKAN &#8211; Dr. \u00d6\u011fretim \u00dcyesi Erc\u00fcment Ko\u00e7 \u00dcYE &#8211; Dr. \u00d6\u011fretim \u00dcyesi \u0130smail Se\u00e7kin \u00c7ardakl\u0131 2 Erasmus Koordinat\u00f6rl\u00fc\u011f\u00fc BA\u015eKAN &#8211; Do\u00e7. Dr. G\u00fczide Meltem L\u00fcle \u015een\u00f6z \u00dcYE &#8211; Do\u00e7. Dr. Taha \u00c7a\u011fr\u0131 \u015eenocak 3 Mezun Takip Koordinat\u00f6rl\u00fc\u011f\u00fc BA\u015eKAN &#8211; Do\u00e7. Dr. M. Engin Kocada\u011fistan \u00dcYE &#8211; Do\u00e7. Dr. Taha [&hellip;]<\/p>\n","protected":false},"author":649,"featured_media":0,"parent":0,"menu_order":0,"comment_status":"closed","ping_status":"closed","template":"","meta":{"footnotes":""},"class_list":["post-7321","page","type-page","status-publish","hentry"],"_links":{"self":[{"href":"https:\/\/atauni.edu.tr\/metalurji-ve-malzeme-muhendisligi\/wp-json\/wp\/v2\/pages\/7321","targetHints":{"allow":["GET"]}}],"collection":[{"href":"https:\/\/atauni.edu.tr\/metalurji-ve-malzeme-muhendisligi\/wp-json\/wp\/v2\/pages"}],"about":[{"href":"https:\/\/atauni.edu.tr\/metalurji-ve-malzeme-muhendisligi\/wp-json\/wp\/v2\/types\/page"}],"author":[{"embeddable":true,"href":"https:\/\/atauni.edu.tr\/metalurji-ve-malzeme-muhendisligi\/wp-json\/wp\/v2\/users\/649"}],"replies":[{"embeddable":true,"href":"https:\/\/atauni.edu.tr\/metalurji-ve-malzeme-muhendisligi\/wp-json\/wp\/v2\/comments?post=7321"}],"version-history":[{"count":10,"href":"https:\/\/atauni.edu.tr\/metalurji-ve-malzeme-muhendisligi\/wp-json\/wp\/v2\/pages\/7321\/revisions"}],"predecessor-version":[{"id":7356,"href":"https:\/\/atauni.edu.tr\/metalurji-ve-malzeme-muhendisligi\/wp-json\/wp\/v2\/pages\/7321\/revisions\/7356"}],"wp:attachment":[{"href":"https:\/\/atauni.edu.tr\/metalurji-ve-malzeme-muhendisligi\/wp-json\/wp\/v2\/media?parent=7321"}],"curies":[{"name":"wp","href":"https:\/\/api.w.org\/{rel}","templated":true}]}}