{"id":5765,"date":"2021-07-13T12:56:51","date_gmt":"2021-07-13T09:56:51","guid":{"rendered":"https:\/\/portaltest.atauni.edu.tr\/bilgisayar-muhendisligi\/?page_id=5765"},"modified":"2021-08-27T15:48:18","modified_gmt":"2021-08-27T12:48:18","slug":"anabilim-dallari","status":"publish","type":"page","link":"https:\/\/atauni.edu.tr\/mimarlik-ve-sehir-planlama-bolumu-1\/anabilim-dallari\/","title":{"rendered":"Anabilim Dallar\u0131"},"content":{"rendered":"\t\t<div data-elementor-type=\"wp-page\" data-elementor-id=\"5765\" class=\"elementor elementor-5765\" data-elementor-post-type=\"page\">\n\t\t\t\t\t\t<section class=\"elementor-section elementor-top-section elementor-element elementor-element-730d320 elementor-section-boxed elementor-section-height-default elementor-section-height-default\" data-id=\"730d320\" data-element_type=\"section\">\n\t\t\t\t\t\t<div class=\"elementor-container elementor-column-gap-default\">\n\t\t\t\t\t<div class=\"elementor-column elementor-col-100 elementor-top-column elementor-element elementor-element-753d0860\" data-id=\"753d0860\" data-element_type=\"column\">\n\t\t\t<div class=\"elementor-widget-wrap\">\n\t\t\t\t\t\t\t<\/div>\n\t\t<\/div>\n\t\t\t\t\t<\/div>\n\t\t<\/section>\n\t\t\t\t<section class=\"elementor-section elementor-top-section elementor-element elementor-element-9be811a elementor-section-boxed elementor-section-height-default elementor-section-height-default\" data-id=\"9be811a\" data-element_type=\"section\">\n\t\t\t\t\t\t<div class=\"elementor-container elementor-column-gap-default\">\n\t\t\t\t\t<div class=\"elementor-column elementor-col-100 elementor-top-column elementor-element elementor-element-1ed847b7\" data-id=\"1ed847b7\" data-element_type=\"column\">\n\t\t\t<div class=\"elementor-widget-wrap elementor-element-populated\">\n\t\t\t\t\t\t<div class=\"elementor-element elementor-element-4ce0d07f elementor-widget elementor-widget-heading\" data-id=\"4ce0d07f\" data-element_type=\"widget\" data-widget_type=\"heading.default\">\n\t\t\t\t<div class=\"elementor-widget-container\">\n\t\t\t\t\t<h2 class=\"elementor-heading-title elementor-size-default\">Anabilim Dallar\u0131<\/h2>\t\t\t\t<\/div>\n\t\t\t\t<\/div>\n\t\t\t\t<div class=\"elementor-element elementor-element-63260862 elementor-widget-divider--view-line elementor-widget elementor-widget-divider\" data-id=\"63260862\" data-element_type=\"widget\" data-widget_type=\"divider.default\">\n\t\t\t\t<div class=\"elementor-widget-container\">\n\t\t\t\t\t\t\t<div class=\"elementor-divider\">\n\t\t\t<span class=\"elementor-divider-separator\">\n\t\t\t\t\t\t<\/span>\n\t\t<\/div>\n\t\t\t\t\t\t<\/div>\n\t\t\t\t<\/div>\n\t\t\t\t\t<\/div>\n\t\t<\/div>\n\t\t\t\t\t<\/div>\n\t\t<\/section>\n\t\t\t\t<section class=\"elementor-section elementor-top-section elementor-element elementor-element-681db8b elementor-section-boxed elementor-section-height-default elementor-section-height-default\" data-id=\"681db8b\" data-element_type=\"section\">\n\t\t\t\t\t\t<div class=\"elementor-container elementor-column-gap-default\">\n\t\t\t\t\t<div class=\"elementor-column elementor-col-100 elementor-top-column elementor-element elementor-element-ad4dac5\" data-id=\"ad4dac5\" data-element_type=\"column\">\n\t\t\t<div class=\"elementor-widget-wrap elementor-element-populated\">\n\t\t\t\t\t\t<div class=\"elementor-element elementor-element-2f96b3d elementor-widget elementor-widget-text-editor\" data-id=\"2f96b3d\" data-element_type=\"widget\" data-widget_type=\"text-editor.default\">\n\t\t\t\t<div class=\"elementor-widget-container\">\n\t\t\t\t\t\t\t\t\t<p>Anabilim dallar\u0131, bir \u00fcniversitenin akademik yap\u0131s\u0131n\u0131n temelini olu\u015fturan birimlerden birisidir. Atat\u00fcrk \u00dcniversitesi Mimarl\u0131k ve \u015eehir Planlama B\u00f6l\u00fcm\u00fc de kendi i\u00e7erisinde \u00e7e\u015fitli anabilim dallar\u0131na sahiptir. Bu anabilim dallar\u0131, b\u00f6l\u00fcm\u00fcn akademik faaliyetlerinin y\u00fcr\u00fct\u00fclmesi, e\u011fitim programlar\u0131n\u0131n tasarlanmas\u0131 ve y\u00fcr\u00fct\u00fclmesinde \u00f6nemli role sahiptir.<\/p>\n<p>Bu anabilim dallar\u0131 genellikle mimarl\u0131k ve \u015fehir planlamas\u0131 alan\u0131ndaki farkl\u0131 uzmanl\u0131k alanlar\u0131n\u0131 temsil ederler. \u00d6rne\u011fin, bina tasar\u0131mlar\u0131, \u015fehir planlama ilkeleri, peyzaj mimarl\u0131\u011f\u0131, yap\u0131 malzemeleri, yap\u0131 bilgisi gibi konularda odaklan\u0131lan anabilim dallar\u0131 olabilir. Her bir dal, kendi alan\u0131nda uzmanla\u015fm\u0131\u015f \u00f6\u011fretim \u00fcyeleri taraf\u0131ndan y\u00f6netilir ve \u00f6\u011frencilere \u00f6zg\u00fc dersler ve projeler sunarlar.<\/p>\n<p>Anabilim dallar\u0131n\u0131n varl\u0131\u011f\u0131, \u00f6\u011frencilerin ilgi alanlar\u0131na g\u00f6re uzmanla\u015fmalar\u0131na olanak tan\u0131r ve b\u00f6l\u00fcm\u00fcn akademik \u00e7e\u015fitlili\u011fini art\u0131r\u0131r. Ayr\u0131ca, bu dallar aras\u0131ndaki i\u015fbirli\u011fi, disiplinler aras\u0131 projelerin geli\u015ftirilmesine de katk\u0131da bulunur. \u00d6\u011frenciler, anabilim dallar\u0131 arac\u0131l\u0131\u011f\u0131yla kendi ilgi ve yeteneklerine uygun alanlarda derinlemesine bilgi sahibi olabilir ve sekt\u00f6re daha haz\u0131r bir \u015fekilde mezun olurlar.<\/p>\n<p>Bu yap\u0131, sadece \u00f6\u011frencilerin akademik geli\u015fimine de\u011fil, ayn\u0131 zamanda b\u00f6l\u00fcm\u00fcn ara\u015ft\u0131rma kapasitesinin geni\u015fletilmesine de katk\u0131 sa\u011flar. Her anabilim dal\u0131, kendi alan\u0131nda yap\u0131lan ara\u015ft\u0131rmalar\u0131 ve projeleri y\u00fcr\u00fctme f\u0131rsat\u0131 bulur ve bu da b\u00f6l\u00fcm\u00fcn genel ara\u015ft\u0131rma profiline \u00e7e\u015fitlilik katar.<\/p>\t\t\t\t\t\t\t\t<\/div>\n\t\t\t\t<\/div>\n\t\t\t\t\t<\/div>\n\t\t<\/div>\n\t\t\t\t\t<\/div>\n\t\t<\/section>\n\t\t\t\t<\/div>\n\t\t","protected":false},"excerpt":{"rendered":"<p>Anabilim Dallar\u0131 Lorem Ipsum Nedir? Lorem Ipsum, dizgi ve bask\u0131 end\u00fcstrisinde kullan\u0131lan m\u0131g\u0131r metinlerdir. Lorem Ipsum, ad\u0131 bilinmeyen bir matbaac\u0131n\u0131n bir hurufat numune kitab\u0131 olu\u015fturmak \u00fczere bir yaz\u0131 galerisini alarak kar\u0131\u015ft\u0131rd\u0131\u011f\u0131 1500&#8217;lerden beri end\u00fcstri standard\u0131 sahte metinler olarak kullan\u0131lm\u0131\u015ft\u0131r. Be\u015fy\u00fcz y\u0131l boyunca varl\u0131\u011f\u0131n\u0131 s\u00fcrd\u00fcrmekle kalmam\u0131\u015f, ayn\u0131 zamanda pek de\u011fi\u015fmeden elektronik dizgiye de s\u0131\u00e7ram\u0131\u015ft\u0131r. 1960&#8217;larda Lorem [&hellip;]<\/p>\n","protected":false},"author":1,"featured_media":0,"parent":0,"menu_order":0,"comment_status":"closed","ping_status":"closed","template":"elementor_header_footer","meta":{"footnotes":""},"class_list":["post-5765","page","type-page","status-publish","hentry"],"_links":{"self":[{"href":"https:\/\/atauni.edu.tr\/mimarlik-ve-sehir-planlama-bolumu-1\/wp-json\/wp\/v2\/pages\/5765","targetHints":{"allow":["GET"]}}],"collection":[{"href":"https:\/\/atauni.edu.tr\/mimarlik-ve-sehir-planlama-bolumu-1\/wp-json\/wp\/v2\/pages"}],"about":[{"href":"https:\/\/atauni.edu.tr\/mimarlik-ve-sehir-planlama-bolumu-1\/wp-json\/wp\/v2\/types\/page"}],"author":[{"embeddable":true,"href":"https:\/\/atauni.edu.tr\/mimarlik-ve-sehir-planlama-bolumu-1\/wp-json\/wp\/v2\/users\/1"}],"replies":[{"embeddable":true,"href":"https:\/\/atauni.edu.tr\/mimarlik-ve-sehir-planlama-bolumu-1\/wp-json\/wp\/v2\/comments?post=5765"}],"version-history":[{"count":8,"href":"https:\/\/atauni.edu.tr\/mimarlik-ve-sehir-planlama-bolumu-1\/wp-json\/wp\/v2\/pages\/5765\/revisions"}],"predecessor-version":[{"id":6082,"href":"https:\/\/atauni.edu.tr\/mimarlik-ve-sehir-planlama-bolumu-1\/wp-json\/wp\/v2\/pages\/5765\/revisions\/6082"}],"wp:attachment":[{"href":"https:\/\/atauni.edu.tr\/mimarlik-ve-sehir-planlama-bolumu-1\/wp-json\/wp\/v2\/media?parent=5765"}],"curies":[{"name":"wp","href":"https:\/\/api.w.org\/{rel}","templated":true}]}}

Anabilim Dalları

<div data-elementor-type="wp-page" data-elementor-id="5765" class="elementor elementor-5765" data-elementor-post-type="page">
						<section class="elementor-section elementor-top-section elementor-element elementor-element-730d320 elementor-section-boxed elementor-section-height-default elementor-section-height-default" data-id="730d320" data-element_type="section">
						<div class="elementor-container elementor-column-gap-default">
					<div class="elementor-column elementor-col-100 elementor-top-column elementor-element elementor-element-753d0860" data-id="753d0860" data-element_type="column">
			<div class="elementor-widget-wrap">
							</div>
		</div>
					</div>
		</section>
				<section class="elementor-section elementor-top-section elementor-element elementor-element-9be811a elementor-section-boxed elementor-section-height-default elementor-section-height-default" data-id="9be811a" data-element_type="section">
						<div class="elementor-container elementor-column-gap-default">
					<div class="elementor-column elementor-col-100 elementor-top-column elementor-element elementor-element-1ed847b7" data-id="1ed847b7" data-element_type="column">
			<div class="elementor-widget-wrap elementor-element-populated">
						<div class="elementor-element elementor-element-4ce0d07f elementor-widget elementor-widget-heading" data-id="4ce0d07f" data-element_type="widget" data-widget_type="heading.default">
				<div class="elementor-widget-container">
					<h2 class="elementor-heading-title elementor-size-default">Anabilim Dalları</h2>				</div>
				</div>
				<div class="elementor-element elementor-element-63260862 elementor-widget-divider--view-line elementor-widget elementor-widget-divider" data-id="63260862" data-element_type="widget" data-widget_type="divider.default">
				<div class="elementor-widget-container">
							<div class="elementor-divider">
			<span class="elementor-divider-separator">
						</span>
		</div>
						</div>
				</div>
					</div>
		</div>
					</div>
		</section>
				<section class="elementor-section elementor-top-section elementor-element elementor-element-681db8b elementor-section-boxed elementor-section-height-default elementor-section-height-default" data-id="681db8b" data-element_type="section">
						<div class="elementor-container elementor-column-gap-default">
					<div class="elementor-column elementor-col-100 elementor-top-column elementor-element elementor-element-ad4dac5" data-id="ad4dac5" data-element_type="column">
			<div class="elementor-widget-wrap elementor-element-populated">
						<div class="elementor-element elementor-element-2f96b3d elementor-widget elementor-widget-text-editor" data-id="2f96b3d" data-element_type="widget" data-widget_type="text-editor.default">
				<div class="elementor-widget-container">
									<p>Anabilim dalları, bir üniversitenin akademik yapısının temelini oluşturan birimlerden birisidir. Atatürk Üniversitesi Mimarlık ve Şehir Planlama Bölümü de kendi içerisinde çeşitli anabilim dallarına sahiptir. Bu anabilim dalları, bölümün akademik faaliyetlerinin yürütülmesi, eğitim programlarının tasarlanması ve yürütülmesinde önemli role sahiptir.</p>
<p>Bu anabilim dalları genellikle mimarlık ve şehir planlaması alanındaki farklı uzmanlık alanlarını temsil ederler. Örneğin, bina tasarımları, şehir planlama ilkeleri, peyzaj mimarlığı, yapı malzemeleri, yapı bilgisi gibi konularda odaklanılan anabilim dalları olabilir. Her bir dal, kendi alanında uzmanlaşmış öğretim üyeleri tarafından yönetilir ve öğrencilere özgü dersler ve projeler sunarlar.</p>
<p>Anabilim dallarının varlığı, öğrencilerin ilgi alanlarına göre uzmanlaşmalarına olanak tanır ve bölümün akademik çeşitliliğini artırır. Ayrıca, bu dallar arasındaki işbirliği, disiplinler arası projelerin geliştirilmesine de katkıda bulunur. Öğrenciler, anabilim dalları aracılığıyla kendi ilgi ve yeteneklerine uygun alanlarda derinlemesine bilgi sahibi olabilir ve sektöre daha hazır bir şekilde mezun olurlar.</p>
<p>Bu yapı, sadece öğrencilerin akademik gelişimine değil, aynı zamanda bölümün araştırma kapasitesinin genişletilmesine de katkı sağlar. Her anabilim dalı, kendi alanında yapılan araştırmaları ve projeleri yürütme fırsatı bulur ve bu da bölümün genel araştırma profiline çeşitlilik katar.</p>								</div>
				</div>
					</div>
		</div>
					</div>
		</section>
				</div>

<p>Anabilim Dalları Lorem Ipsum Nedir? Lorem Ipsum, dizgi ve baskı endüstrisinde kullanılan mıgır metinlerdir. Lorem Ipsum, adı bilinmeyen bir matbaacının bir hurufat numune kitabı oluşturmak üzere bir yazı galerisini alarak karıştırdığı 1500&#8217;lerden beri endüstri standardı sahte metinler olarak kullanılmıştır. Beşyüz yıl boyunca varlığını sürdürmekle kalmamış, aynı zamanda pek değişmeden elektronik dizgiye de sıçramıştır. 1960&#8217;larda Lorem [&hellip;]</p>
