{"id":5743,"date":"2021-07-13T11:47:21","date_gmt":"2021-07-13T08:47:21","guid":{"rendered":"https:\/\/portaltest.atauni.edu.tr\/muhendislik-fakultesi\/?page_id=5743"},"modified":"2022-02-08T13:01:51","modified_gmt":"2022-02-08T10:01:51","slug":"misyon-vizyon-ve-temel-degerler","status":"publish","type":"page","link":"https:\/\/atauni.edu.tr\/mimarlik-ve-tasarim-fakultesi\/misyon-vizyon-ve-temel-degerler\/","title":{"rendered":"Misyon, Vizyon ve Temel De\u011ferler"},"content":{"rendered":"\t\t<div data-elementor-type=\"wp-page\" data-elementor-id=\"5743\" class=\"elementor elementor-5743\" data-elementor-post-type=\"page\">\n\t\t\t\t\t\t<section class=\"elementor-section elementor-top-section elementor-element elementor-element-46c2cb5d elementor-section-boxed elementor-section-height-default elementor-section-height-default\" data-id=\"46c2cb5d\" data-element_type=\"section\">\n\t\t\t\t\t\t<div class=\"elementor-container elementor-column-gap-default\">\n\t\t\t\t\t<div class=\"elementor-column elementor-col-100 elementor-top-column elementor-element elementor-element-299813e7\" data-id=\"299813e7\" data-element_type=\"column\">\n\t\t\t<div class=\"elementor-widget-wrap elementor-element-populated\">\n\t\t\t\t\t\t<div class=\"elementor-element elementor-element-3ec495a9 elementor-widget elementor-widget-heading\" data-id=\"3ec495a9\" data-element_type=\"widget\" data-widget_type=\"heading.default\">\n\t\t\t\t<div class=\"elementor-widget-container\">\n\t\t\t\t\t<h2 class=\"elementor-heading-title elementor-size-default\">Misyon, Vizyon ve Temel De\u011ferler<\/h2>\t\t\t\t<\/div>\n\t\t\t\t<\/div>\n\t\t\t\t<div class=\"elementor-element elementor-element-2092e3b3 elementor-widget-divider--view-line elementor-widget elementor-widget-divider\" data-id=\"2092e3b3\" data-element_type=\"widget\" data-widget_type=\"divider.default\">\n\t\t\t\t<div class=\"elementor-widget-container\">\n\t\t\t\t\t\t\t<div class=\"elementor-divider\">\n\t\t\t<span class=\"elementor-divider-separator\">\n\t\t\t\t\t\t<\/span>\n\t\t<\/div>\n\t\t\t\t\t\t<\/div>\n\t\t\t\t<\/div>\n\t\t\t\t\t<\/div>\n\t\t<\/div>\n\t\t\t\t\t<\/div>\n\t\t<\/section>\n\t\t\t\t<section class=\"elementor-section elementor-top-section elementor-element elementor-element-d76d987 elementor-section-boxed elementor-section-height-default elementor-section-height-default\" data-id=\"d76d987\" data-element_type=\"section\">\n\t\t\t\t\t\t<div class=\"elementor-container elementor-column-gap-default\">\n\t\t\t\t\t<div class=\"elementor-column elementor-col-100 elementor-top-column elementor-element elementor-element-acd741f\" data-id=\"acd741f\" data-element_type=\"column\">\n\t\t\t<div class=\"elementor-widget-wrap elementor-element-populated\">\n\t\t\t\t\t\t<div class=\"elementor-element elementor-element-dd538b4 elementor-widget elementor-widget-text-editor\" data-id=\"dd538b4\" data-element_type=\"widget\" data-widget_type=\"text-editor.default\">\n\t\t\t\t<div class=\"elementor-widget-container\">\n\t\t\t\t\t\t\t\t\t<p><strong>\u00d6Z G\u00d6REV (M\u0130SYON)<\/strong><br \/>Mimarl\u0131k ve tasar\u0131m dallar\u0131nda nitelikli insan kayna\u011f\u0131 yeti\u015ftirmek, bilime, mek\u00e2nsal planlama, tasar\u0131ma ve sanata evrensel d\u00fczeyde de\u011fer katan ara\u015ft\u0131rmalar yapmak, yak\u0131n ve uzak co\u011frafyas\u0131n\u0131n s\u00fcrd\u00fcr\u00fclebilir kalk\u0131nmas\u0131na katk\u0131 sa\u011flamak<br \/><strong>\u00d6Z \u00dcLK\u00dc (V\u0130ZYON)<\/strong><br \/>Kurumsal ve s\u00fcrd\u00fcr\u00fclebilir bir idari ve akademik k\u00fclt\u00fcr olu\u015fturmu\u015f, uluslararas\u0131 tan\u0131n\u0131rl\u0131\u011f\u0131 olan, yeni nesil \u00fcniversite misyonlar\u0131n\u0131 g\u00fcncel ve yenilik\u00e7i bilimsel geli\u015fmeleri takip ederek yerine getiren bir mimarl\u0131k ve tasar\u0131m fak\u00fcltesi olmak<br \/><strong>TEMEL DE\u011eERLER<\/strong><br \/>De\u011ferler Anahtar kelimeler<br \/>1-Ya\u015fam boyu \u00f6\u011frenme G\u00fcncellik<br \/>2-Bilimsellik Bilimsel etik<br \/>3-Duyarl\u0131l\u0131k Bilimsel (etik), toplumsal, yerel de\u011ferlere, \u00e7evresel (iklim, s\u00fcrd\u00fcr\u00fclebilirlik), sanatsal<br \/>4-Ulusal ve evrensel de\u011ferlere ba\u011fl\u0131l\u0131k Kalite, uluslararas\u0131la\u015fma<br \/>5-Yenilik\u00e7ilik ve giri\u015fimcilik Rekabet\u00e7ilik<br \/>6-Kurumsal s\u00fcrd\u00fcr\u00fclebilirlik Akademik k\u00fclt\u00fcr, \u0130maj<br \/>7-Kat\u0131l\u0131mc\u0131l\u0131k ve payla\u015f\u0131mc\u0131l\u0131k Bilgiye ve eme\u011fe sayg\u0131, uzla\u015f\u0131, ba\u015far\u0131y\u0131 takdir<\/p>\t\t\t\t\t\t\t\t<\/div>\n\t\t\t\t<\/div>\n\t\t\t\t\t<\/div>\n\t\t<\/div>\n\t\t\t\t\t<\/div>\n\t\t<\/section>\n\t\t\t\t<\/div>\n\t\t","protected":false},"excerpt":{"rendered":"<p>Misyon, Vizyon ve Temel De\u011ferler \u00d6Z G\u00d6REV (M\u0130SYON)Mimarl\u0131k ve tasar\u0131m dallar\u0131nda nitelikli insan kayna\u011f\u0131 yeti\u015ftirmek, bilime, mek\u00e2nsal planlama, tasar\u0131ma ve sanata evrensel d\u00fczeyde de\u011fer katan ara\u015ft\u0131rmalar yapmak, yak\u0131n ve uzak co\u011frafyas\u0131n\u0131n s\u00fcrd\u00fcr\u00fclebilir kalk\u0131nmas\u0131na katk\u0131 sa\u011flamak\u00d6Z \u00dcLK\u00dc (V\u0130ZYON)Kurumsal ve s\u00fcrd\u00fcr\u00fclebilir bir idari ve akademik k\u00fclt\u00fcr olu\u015fturmu\u015f, uluslararas\u0131 tan\u0131n\u0131rl\u0131\u011f\u0131 olan, yeni nesil \u00fcniversite misyonlar\u0131n\u0131 g\u00fcncel ve yenilik\u00e7i [&hellip;]<\/p>\n","protected":false},"author":1,"featured_media":0,"parent":0,"menu_order":0,"comment_status":"closed","ping_status":"closed","template":"elementor_header_footer","meta":{"footnotes":""},"class_list":["post-5743","page","type-page","status-publish","hentry"],"_links":{"self":[{"href":"https:\/\/atauni.edu.tr\/mimarlik-ve-tasarim-fakultesi\/wp-json\/wp\/v2\/pages\/5743","targetHints":{"allow":["GET"]}}],"collection":[{"href":"https:\/\/atauni.edu.tr\/mimarlik-ve-tasarim-fakultesi\/wp-json\/wp\/v2\/pages"}],"about":[{"href":"https:\/\/atauni.edu.tr\/mimarlik-ve-tasarim-fakultesi\/wp-json\/wp\/v2\/types\/page"}],"author":[{"embeddable":true,"href":"https:\/\/atauni.edu.tr\/mimarlik-ve-tasarim-fakultesi\/wp-json\/wp\/v2\/users\/1"}],"replies":[{"embeddable":true,"href":"https:\/\/atauni.edu.tr\/mimarlik-ve-tasarim-fakultesi\/wp-json\/wp\/v2\/comments?post=5743"}],"version-history":[{"count":14,"href":"https:\/\/atauni.edu.tr\/mimarlik-ve-tasarim-fakultesi\/wp-json\/wp\/v2\/pages\/5743\/revisions"}],"predecessor-version":[{"id":7109,"href":"https:\/\/atauni.edu.tr\/mimarlik-ve-tasarim-fakultesi\/wp-json\/wp\/v2\/pages\/5743\/revisions\/7109"}],"wp:attachment":[{"href":"https:\/\/atauni.edu.tr\/mimarlik-ve-tasarim-fakultesi\/wp-json\/wp\/v2\/media?parent=5743"}],"curies":[{"name":"wp","href":"https:\/\/api.w.org\/{rel}","templated":true}]}}