{"id":5789,"date":"2021-07-13T14:10:52","date_gmt":"2021-07-13T11:10:52","guid":{"rendered":"https:\/\/portaltest.atauni.edu.tr\/muhendislik-fakultesi\/?page_id=5789"},"modified":"2021-08-27T15:20:21","modified_gmt":"2021-08-27T12:20:21","slug":"staj","status":"publish","type":"page","link":"https:\/\/atauni.edu.tr\/mimarlik-ve-tasarim-fakultesi\/staj\/","title":{"rendered":"Staj"},"content":{"rendered":"\t\t<div data-elementor-type=\"wp-page\" data-elementor-id=\"5789\" class=\"elementor elementor-5789\" data-elementor-post-type=\"page\">\n\t\t\t\t\t\t<section class=\"elementor-section elementor-top-section elementor-element elementor-element-46c2cb5d elementor-section-boxed elementor-section-height-default elementor-section-height-default\" data-id=\"46c2cb5d\" data-element_type=\"section\">\n\t\t\t\t\t\t<div class=\"elementor-container elementor-column-gap-default\">\n\t\t\t\t\t<div class=\"elementor-column elementor-col-100 elementor-top-column elementor-element elementor-element-299813e7\" data-id=\"299813e7\" data-element_type=\"column\">\n\t\t\t<div class=\"elementor-widget-wrap elementor-element-populated\">\n\t\t\t\t\t\t<div class=\"elementor-element elementor-element-3ec495a9 elementor-widget elementor-widget-heading\" data-id=\"3ec495a9\" data-element_type=\"widget\" data-widget_type=\"heading.default\">\n\t\t\t\t<div class=\"elementor-widget-container\">\n\t\t\t\t\t<h2 class=\"elementor-heading-title elementor-size-default\">Staj<\/h2>\t\t\t\t<\/div>\n\t\t\t\t<\/div>\n\t\t\t\t<div class=\"elementor-element elementor-element-2092e3b3 elementor-widget-divider--view-line elementor-widget elementor-widget-divider\" data-id=\"2092e3b3\" data-element_type=\"widget\" data-widget_type=\"divider.default\">\n\t\t\t\t<div class=\"elementor-widget-container\">\n\t\t\t\t\t\t\t<div class=\"elementor-divider\">\n\t\t\t<span class=\"elementor-divider-separator\">\n\t\t\t\t\t\t<\/span>\n\t\t<\/div>\n\t\t\t\t\t\t<\/div>\n\t\t\t\t<\/div>\n\t\t\t\t\t<\/div>\n\t\t<\/div>\n\t\t\t\t\t<\/div>\n\t\t<\/section>\n\t\t\t\t<section class=\"elementor-section elementor-top-section elementor-element elementor-element-55dbe3f elementor-section-boxed elementor-section-height-default elementor-section-height-default\" data-id=\"55dbe3f\" data-element_type=\"section\">\n\t\t\t\t\t\t<div class=\"elementor-container elementor-column-gap-default\">\n\t\t\t\t\t<div class=\"elementor-column elementor-col-100 elementor-top-column elementor-element elementor-element-c38135b\" data-id=\"c38135b\" data-element_type=\"column\">\n\t\t\t<div class=\"elementor-widget-wrap elementor-element-populated\">\n\t\t\t\t\t\t<div class=\"elementor-element elementor-element-70f771c elementor-widget elementor-widget-text-editor\" data-id=\"70f771c\" data-element_type=\"widget\" data-widget_type=\"text-editor.default\">\n\t\t\t\t<div class=\"elementor-widget-container\">\n\t\t\t\t\t\t\t\t\t<p>Mimarl\u0131k ve Tasar\u0131m Fak\u00fcltemizde staj, \u00f6\u011frencilerimizin mesleki deneyim kazanmalar\u0131n\u0131 ve teorik bilgilerini pratikte uygulamalar\u0131n\u0131 ama\u00e7layan \u00f6nemli bir etkinliktir. Staj program\u0131m\u0131z, \u00f6\u011frencilere sekt\u00f6rdeki deneyimli profesyonellerle \u00e7al\u0131\u015fma f\u0131rsat\u0131 sunar ve onlar\u0131 gelecekteki kariyerlerine haz\u0131rlar.<\/p>\n<p>Staj s\u00fcresince \u00f6\u011frenciler, ger\u00e7ek proje ve tasar\u0131m \u00e7al\u0131\u015fmalar\u0131na kat\u0131l\u0131rlar ve bu s\u00fcre\u00e7te edindikleri deneyimlerle kendi becerilerini geli\u015ftirirler. Ayr\u0131ca, sekt\u00f6r\u00fcn \u00f6nde gelen firmalar\u0131yla i\u015f birli\u011fi i\u00e7inde olmam\u0131z, \u00f6\u011frencilerin gelecekteki istihdam olanaklar\u0131n\u0131 da geni\u015fletir.<\/p>\n<p>Fak\u00fcltemizdeki staj program\u0131n\u0131n i\u00e7eri\u011fi ve ba\u015fvuru ko\u015fullar\u0131 hakk\u0131nda detayl\u0131 bilgi almak i\u00e7in Fak\u00fclte sekreterli\u011fimizle ileti\u015fime ge\u00e7ebilirsiniz. \u00d6\u011frencilerimizin bu \u00f6nemli f\u0131rsattan yararlanmas\u0131n\u0131 ve gelece\u011fin ba\u015far\u0131l\u0131 mimarlar\u0131 ve tasar\u0131mc\u0131lar\u0131 olmalar\u0131n\u0131 temenni ediyoruz.<\/p>\t\t\t\t\t\t\t\t<\/div>\n\t\t\t\t<\/div>\n\t\t\t\t\t<\/div>\n\t\t<\/div>\n\t\t\t\t\t<\/div>\n\t\t<\/section>\n\t\t\t\t<\/div>\n\t\t","protected":false},"excerpt":{"rendered":"<p>Mimarl\u0131k ve Tasar\u0131m Fak\u00fcltemizde, \u00f6\u011frencilerimizin teorik bilgileri pratik deneyimlerle desteklemelerini sa\u011flamak amac\u0131yla staj programlar\u0131 d\u00fczenlenmektedir. Bu programlar sayesinde \u00f6\u011frencilerimiz, sekt\u00f6r\u00fcn \u00f6nde gelen firmalar\u0131yla i\u015f birli\u011fi yaparak, ger\u00e7ek ya\u015fam ko\u015fullar\u0131nda deneyim kazan\u0131rlar. Staj programlar\u0131m\u0131z, \u00f6\u011frencilerin mesleki geli\u015fimlerini h\u0131zland\u0131r\u0131rken, ayn\u0131 zamanda kendilerini farkl\u0131 alanlarda denemelerine olanak tan\u0131r. Mimarl\u0131k ve tasar\u0131m alan\u0131ndaki \u00e7e\u015fitli dallarda staj yapma imkan\u0131 sunan [&hellip;]<\/p>\n","protected":false},"author":1,"featured_media":0,"parent":0,"menu_order":0,"comment_status":"closed","ping_status":"closed","template":"elementor_header_footer","meta":{"footnotes":""},"class_list":["post-5789","page","type-page","status-publish","hentry"],"_links":{"self":[{"href":"https:\/\/atauni.edu.tr\/mimarlik-ve-tasarim-fakultesi\/wp-json\/wp\/v2\/pages\/5789","targetHints":{"allow":["GET"]}}],"collection":[{"href":"https:\/\/atauni.edu.tr\/mimarlik-ve-tasarim-fakultesi\/wp-json\/wp\/v2\/pages"}],"about":[{"href":"https:\/\/atauni.edu.tr\/mimarlik-ve-tasarim-fakultesi\/wp-json\/wp\/v2\/types\/page"}],"author":[{"embeddable":true,"href":"https:\/\/atauni.edu.tr\/mimarlik-ve-tasarim-fakultesi\/wp-json\/wp\/v2\/users\/1"}],"replies":[{"embeddable":true,"href":"https:\/\/atauni.edu.tr\/mimarlik-ve-tasarim-fakultesi\/wp-json\/wp\/v2\/comments?post=5789"}],"version-history":[{"count":20,"href":"https:\/\/atauni.edu.tr\/mimarlik-ve-tasarim-fakultesi\/wp-json\/wp\/v2\/pages\/5789\/revisions"}],"predecessor-version":[{"id":6398,"href":"https:\/\/atauni.edu.tr\/mimarlik-ve-tasarim-fakultesi\/wp-json\/wp\/v2\/pages\/5789\/revisions\/6398"}],"wp:attachment":[{"href":"https:\/\/atauni.edu.tr\/mimarlik-ve-tasarim-fakultesi\/wp-json\/wp\/v2\/media?parent=5789"}],"curies":[{"name":"wp","href":"https:\/\/api.w.org\/{rel}","templated":true}]}}