{"id":5898,"date":"2021-07-13T15:20:50","date_gmt":"2021-07-13T12:20:50","guid":{"rendered":"https:\/\/portaltest.atauni.edu.tr\/muhendislik-fakultesi\/?page_id=5898"},"modified":"2021-09-13T10:18:58","modified_gmt":"2021-09-13T07:18:58","slug":"ogrenciler","status":"publish","type":"page","link":"https:\/\/atauni.edu.tr\/mimarlik-ve-tasarim-fakultesi\/ogrenciler\/","title":{"rendered":"\u00d6\u011frenciler"},"content":{"rendered":"\t\t<div data-elementor-type=\"wp-page\" data-elementor-id=\"5898\" class=\"elementor elementor-5898\" data-elementor-post-type=\"page\">\n\t\t\t\t\t\t<section class=\"elementor-section elementor-top-section elementor-element elementor-element-46c2cb5d elementor-section-boxed elementor-section-height-default elementor-section-height-default\" data-id=\"46c2cb5d\" data-element_type=\"section\">\n\t\t\t\t\t\t<div class=\"elementor-container elementor-column-gap-default\">\n\t\t\t\t\t<div class=\"elementor-column elementor-col-100 elementor-top-column elementor-element elementor-element-299813e7\" data-id=\"299813e7\" data-element_type=\"column\">\n\t\t\t<div class=\"elementor-widget-wrap elementor-element-populated\">\n\t\t\t\t\t\t<div class=\"elementor-element elementor-element-3ec495a9 elementor-widget elementor-widget-heading\" data-id=\"3ec495a9\" data-element_type=\"widget\" data-widget_type=\"heading.default\">\n\t\t\t\t<div class=\"elementor-widget-container\">\n\t\t\t\t\t<h2 class=\"elementor-heading-title elementor-size-default\">\u00d6\u011frenciler<\/h2>\t\t\t\t<\/div>\n\t\t\t\t<\/div>\n\t\t\t\t<div class=\"elementor-element elementor-element-2092e3b3 elementor-widget-divider--view-line elementor-widget elementor-widget-divider\" data-id=\"2092e3b3\" data-element_type=\"widget\" data-widget_type=\"divider.default\">\n\t\t\t\t<div class=\"elementor-widget-container\">\n\t\t\t\t\t\t\t<div class=\"elementor-divider\">\n\t\t\t<span class=\"elementor-divider-separator\">\n\t\t\t\t\t\t<\/span>\n\t\t<\/div>\n\t\t\t\t\t\t<\/div>\n\t\t\t\t<\/div>\n\t\t\t\t\t<\/div>\n\t\t<\/div>\n\t\t\t\t\t<\/div>\n\t\t<\/section>\n\t\t\t\t<section class=\"elementor-section elementor-top-section elementor-element elementor-element-e1e5404 elementor-section-boxed elementor-section-height-default elementor-section-height-default\" data-id=\"e1e5404\" data-element_type=\"section\">\n\t\t\t\t\t\t<div class=\"elementor-container elementor-column-gap-default\">\n\t\t\t\t\t<div class=\"elementor-column elementor-col-100 elementor-top-column elementor-element elementor-element-afbb91a\" data-id=\"afbb91a\" data-element_type=\"column\">\n\t\t\t<div class=\"elementor-widget-wrap elementor-element-populated\">\n\t\t\t\t\t\t<div class=\"elementor-element elementor-element-b66209f elementor-widget elementor-widget-text-editor\" data-id=\"b66209f\" data-element_type=\"widget\" data-widget_type=\"text-editor.default\">\n\t\t\t\t<div class=\"elementor-widget-container\">\n\t\t\t\t\t\t\t\t\t<h1>\u00d6\u011frenciler<\/h1>\n<p>Mimarl\u0131k ve Tasar\u0131m Fak\u00fcltemizde \u00f6\u011frencilerin akademik ve ki\u015fisel geli\u015fimlerini desteklemek amac\u0131yla \u00e7e\u015fitli faaliyetler d\u00fczenlenmektedir. \u00d6\u011frencilere mezuniyet sonras\u0131 kariyerlerinde ba\u015far\u0131ya ula\u015fmalar\u0131 i\u00e7in gerekli bilgi, beceri ve yetkinlikleri kazand\u0131rmak ana hedefimizdir.<\/p>\n<p>\u00d6\u011frencilerimizle yak\u0131n ileti\u015fim kurarak onlar\u0131n fikir ve \u00f6nerilerini almak, onlara rehberlik etmek ve destek olmak \u00f6nemlidir. Fak\u00fcltemizde \u00f6\u011frencilere sundu\u011fumuz hizmetler aras\u0131nda akademik dan\u0131\u015fmanl\u0131k, kariyer planlama, staj ve proje \u00e7al\u0131\u015fmalar\u0131 gibi faaliyetler yer almaktad\u0131r.<\/p>\n<p>\u00d6\u011frencilerin kendilerini geli\u015ftirmeleri i\u00e7in \u00e7e\u015fitli kul\u00fcpler ve topluluklar kurulmu\u015ftur. Bu kul\u00fcpler, \u00f6\u011frencilere birbirleriyle etkile\u015fimde bulunma, yeni beceriler kazanma ve sosyal sorumluluk projelerine kat\u0131lma f\u0131rsat\u0131 sunmaktad\u0131r.<\/p>\n<p>Fak\u00fcltemizde ayr\u0131ca \u00f6\u011frencilerin yarat\u0131c\u0131l\u0131klar\u0131n\u0131 ve yeteneklerini sergileyebilecekleri \u00e7e\u015fitli etkinlikler d\u00fczenlenmektedir. Bu etkinlikler aras\u0131nda sergi, yar\u0131\u015fma, konferans gibi faaliyetler yer almaktad\u0131r.<\/p>\n<p>\u00d6\u011frencilere sundu\u011fumuz hizmetlerin kalitesini s\u00fcrekli olarak geli\u015ftirmek i\u00e7in \u00e7al\u0131\u015fmalar\u0131m\u0131z\u0131 s\u00fcrd\u00fcrmekteyiz. \u00d6\u011frenci memnuniyetini \u00f6n planda tutarak, onlar\u0131n ba\u015far\u0131l\u0131 ve mutlu olmalar\u0131n\u0131 sa\u011flamak ana hedefimizdir.<\/p>\t\t\t\t\t\t\t\t<\/div>\n\t\t\t\t<\/div>\n\t\t\t\t\t<\/div>\n\t\t<\/div>\n\t\t\t\t\t<\/div>\n\t\t<\/section>\n\t\t\t\t<\/div>\n\t\t","protected":false},"excerpt":{"rendered":"<p>**\u00d6\u011frenciler** Mimarl\u0131k ve Tasar\u0131m Fak\u00fcltesi, \u00f6\u011frencilerine yarat\u0131c\u0131 ve teknolojik olanaklar\u0131 sunarak gelece\u011fin \u00f6nc\u00fc tasar\u0131mc\u0131lar\u0131n\u0131 yeti\u015ftirmeyi ama\u00e7lar. Fak\u00fcltemizde verilen e\u011fitim, teorik bilgi ile pratik becerilerin birle\u015fti\u011fi bir ortamda ger\u00e7ekle\u015fir. \u00d6\u011frencilerimiz, tasar\u0131m s\u00fcre\u00e7lerini \u00f6\u011frenirken ayn\u0131 zamanda toplumsal sorumluluk bilinciyle hareket eden, yenilik\u00e7i ve \u00e7evreye duyarl\u0131 tasar\u0131mlar geli\u015ftirmeye te\u015fvik edilir. \u00d6\u011frencilerimizin akademik ve ki\u015fisel geli\u015fimini desteklemek i\u00e7in \u00e7e\u015fitli [&hellip;]<\/p>\n","protected":false},"author":1,"featured_media":0,"parent":0,"menu_order":0,"comment_status":"closed","ping_status":"closed","template":"elementor_header_footer","meta":{"footnotes":""},"class_list":["post-5898","page","type-page","status-publish","hentry"],"_links":{"self":[{"href":"https:\/\/atauni.edu.tr\/mimarlik-ve-tasarim-fakultesi\/wp-json\/wp\/v2\/pages\/5898","targetHints":{"allow":["GET"]}}],"collection":[{"href":"https:\/\/atauni.edu.tr\/mimarlik-ve-tasarim-fakultesi\/wp-json\/wp\/v2\/pages"}],"about":[{"href":"https:\/\/atauni.edu.tr\/mimarlik-ve-tasarim-fakultesi\/wp-json\/wp\/v2\/types\/page"}],"author":[{"embeddable":true,"href":"https:\/\/atauni.edu.tr\/mimarlik-ve-tasarim-fakultesi\/wp-json\/wp\/v2\/users\/1"}],"replies":[{"embeddable":true,"href":"https:\/\/atauni.edu.tr\/mimarlik-ve-tasarim-fakultesi\/wp-json\/wp\/v2\/comments?post=5898"}],"version-history":[{"count":21,"href":"https:\/\/atauni.edu.tr\/mimarlik-ve-tasarim-fakultesi\/wp-json\/wp\/v2\/pages\/5898\/revisions"}],"predecessor-version":[{"id":7128,"href":"https:\/\/atauni.edu.tr\/mimarlik-ve-tasarim-fakultesi\/wp-json\/wp\/v2\/pages\/5898\/revisions\/7128"}],"wp:attachment":[{"href":"https:\/\/atauni.edu.tr\/mimarlik-ve-tasarim-fakultesi\/wp-json\/wp\/v2\/media?parent=5898"}],"curies":[{"name":"wp","href":"https:\/\/api.w.org\/{rel}","templated":true}]}}