{"id":8729,"date":"2025-07-29T14:22:00","date_gmt":"2025-07-29T11:22:00","guid":{"rendered":"https:\/\/birimler.atauni.edu.tr\/mimarlik-ve-tasarim-fakultesi\/?page_id=8729"},"modified":"2025-07-29T14:22:06","modified_gmt":"2025-07-29T11:22:06","slug":"haberler","status":"publish","type":"page","link":"https:\/\/atauni.edu.tr\/mimarlik-ve-tasarim-fakultesi\/haberler\/","title":{"rendered":"Haberler"},"content":{"rendered":"<form method=\"get\" class=\"row g-3\" style=\"margin-bottom: 20px;\"><div class=\"col-md-3\"><input type=\"text\" name=\"haber_ara\" class=\"form-control\" placeholder=\"Haber ara...\" value=\"\"><\/div><div class=\"col-md-3\"><input type=\"date\" name=\"baslangic_tarihi\" class=\"form-control\" value=\"\"><\/div><div class=\"col-md-3\"><input type=\"date\" name=\"bitis_tarihi\" class=\"form-control\" value=\"\"><\/div><div class=\"col-md-3\"><button type=\"submit\" class=\"btn btn-secondary w-50\">Filtrele<\/button><\/div><\/form><ul class=\"kategori-yazilari-liste\"><li style=\"display: flex; margin-bottom: 10px; align-items: center;\"><div class=\"post-thumbnail\" style=\"margin-right: 15px;\"><a href=\"https:\/\/atauni.edu.tr\/mimarlik-ve-tasarim-fakultesi\/2026\/03\/12\/minik-mimarlar-cocuk-senligi-isimli-unides-projesi-desteklendi\/\"><img decoding=\"async\" width=\"150\" height=\"150\" src=\"https:\/\/atauni.edu.tr\/mimarlik-ve-tasarim-fakultesi\/wp-content\/uploads\/sites\/68\/2026\/03\/basliksiz-1-calisma-yuzeyi-1-e1773321058888-150x150.jpg\" class=\"attachment-thumbnail size-thumbnail wp-post-image\" alt=\"\" \/><\/a><\/div><div class=\"post-content\" style=\"flex-grow: 1;\"><span class=\"post-date habertarih\" style=\"display: block; font-weight: bold; margin-bottom: 5px;\">12 Mart 2026<\/span><a class=\"haberbaslik\" href=\"https:\/\/atauni.edu.tr\/mimarlik-ve-tasarim-fakultesi\/2026\/03\/12\/minik-mimarlar-cocuk-senligi-isimli-unides-projesi-desteklendi\/\">\u201cMinik Mimarlar, \u00c7ocuk \u015eenli\u011fi\u201d isimli UN\u0130DES Projesi Desteklendi<\/a><\/div><\/li><li style=\"display: flex; margin-bottom: 10px; align-items: center;\"><div class=\"post-content\" style=\"flex-grow: 1;\"><span class=\"post-date habertarih\" style=\"display: block; font-weight: bold; margin-bottom: 5px;\">15 Ocak 2026<\/span><a class=\"haberbaslik\" href=\"https:\/\/atauni.edu.tr\/mimarlik-ve-tasarim-fakultesi\/2026\/01\/15\/patent-ve-faydali-model-tesekkur-belgesi-takdim-torenin\/\">Patent ve Faydal\u0131 Model Te\u015fekk\u00fcr Belgesi Takdim T\u00f6reni<\/a><\/div><\/li><li style=\"display: flex; margin-bottom: 10px; align-items: center;\"><div class=\"post-thumbnail\" style=\"margin-right: 15px;\"><a href=\"https:\/\/atauni.edu.tr\/mimarlik-ve-tasarim-fakultesi\/2025\/12\/01\/irasme-projesi-tebrik\/\"><img decoding=\"async\" width=\"150\" height=\"150\" src=\"https:\/\/atauni.edu.tr\/mimarlik-ve-tasarim-fakultesi\/wp-content\/uploads\/sites\/68\/2025\/12\/WhatsApp-Image-2025-12-01-at-14.54.02-150x150.jpeg\" class=\"attachment-thumbnail size-thumbnail wp-post-image\" alt=\"\" \/><\/a><\/div><div class=\"post-content\" style=\"flex-grow: 1;\"><span class=\"post-date habertarih\" style=\"display: block; font-weight: bold; margin-bottom: 5px;\">1 Aral\u0131k 2025<\/span><a class=\"haberbaslik\" href=\"https:\/\/atauni.edu.tr\/mimarlik-ve-tasarim-fakultesi\/2025\/12\/01\/irasme-projesi-tebrik\/\">IRASME Projesi Tebrik<\/a><\/div><\/li><li style=\"display: flex; margin-bottom: 10px; align-items: center;\"><div class=\"post-thumbnail\" style=\"margin-right: 15px;\"><a href=\"https:\/\/atauni.edu.tr\/mimarlik-ve-tasarim-fakultesi\/2025\/11\/10\/fen-bilimleri-alaninda-en-iyi-tez-odulunu-peyzaj-mimarligi-anabilim-dalinda\/\"><img decoding=\"async\" width=\"150\" height=\"150\" src=\"https:\/\/atauni.edu.tr\/mimarlik-ve-tasarim-fakultesi\/wp-content\/uploads\/sites\/68\/2025\/11\/WhatsApp-Gorsel-2025-11-10-saat-09.42.48_427f3a01-150x150.jpg\" class=\"attachment-thumbnail size-thumbnail wp-post-image\" alt=\"\" \/><\/a><\/div><div class=\"post-content\" style=\"flex-grow: 1;\"><span class=\"post-date habertarih\" style=\"display: block; font-weight: bold; margin-bottom: 5px;\">10 Kas\u0131m 2025<\/span><a class=\"haberbaslik\" href=\"https:\/\/atauni.edu.tr\/mimarlik-ve-tasarim-fakultesi\/2025\/11\/10\/fen-bilimleri-alaninda-en-iyi-tez-odulunu-peyzaj-mimarligi-anabilim-dalinda\/\">Fen Bilimleri Alan\u0131nda En \u0130yi Tez \u00d6d\u00fcl\u00fc<\/a><\/div><\/li><li style=\"display: flex; margin-bottom: 10px; align-items: center;\"><div class=\"post-thumbnail\" style=\"margin-right: 15px;\"><a href=\"https:\/\/atauni.edu.tr\/mimarlik-ve-tasarim-fakultesi\/2025\/11\/05\/acik-alan-okuma-istasyonlari\/\"><img loading=\"lazy\" decoding=\"async\" width=\"150\" height=\"150\" src=\"https:\/\/atauni.edu.tr\/mimarlik-ve-tasarim-fakultesi\/wp-content\/uploads\/sites\/68\/2025\/11\/WhatsApp-Image-2025-11-05-at-15.51.49-150x150.jpeg\" class=\"attachment-thumbnail size-thumbnail wp-post-image\" alt=\"Fak\u00fcltemizde A\u00e7\u0131k Okuma \u0130stasyonlar\u0131 ilgi g\u00f6r\u00fcyor.\" \/><\/a><\/div><div class=\"post-content\" style=\"flex-grow: 1;\"><span class=\"post-date habertarih\" style=\"display: block; font-weight: bold; margin-bottom: 5px;\">5 Kas\u0131m 2025<\/span><a class=\"haberbaslik\" href=\"https:\/\/atauni.edu.tr\/mimarlik-ve-tasarim-fakultesi\/2025\/11\/05\/acik-alan-okuma-istasyonlari\/\">A\u00e7\u0131k Alan Okuma \u0130stasyonlar\u0131<\/a><\/div><\/li><\/ul>\n\n\n\n<p><\/p>\n","protected":false},"excerpt":{"rendered":"","protected":false},"author":1,"featured_media":0,"parent":0,"menu_order":0,"comment_status":"closed","ping_status":"closed","template":"","meta":{"footnotes":""},"class_list":["post-8729","page","type-page","status-publish","hentry"],"_links":{"self":[{"href":"https:\/\/atauni.edu.tr\/mimarlik-ve-tasarim-fakultesi\/wp-json\/wp\/v2\/pages\/8729","targetHints":{"allow":["GET"]}}],"collection":[{"href":"https:\/\/atauni.edu.tr\/mimarlik-ve-tasarim-fakultesi\/wp-json\/wp\/v2\/pages"}],"about":[{"href":"https:\/\/atauni.edu.tr\/mimarlik-ve-tasarim-fakultesi\/wp-json\/wp\/v2\/types\/page"}],"author":[{"embeddable":true,"href":"https:\/\/atauni.edu.tr\/mimarlik-ve-tasarim-fakultesi\/wp-json\/wp\/v2\/users\/1"}],"replies":[{"embeddable":true,"href":"https:\/\/atauni.edu.tr\/mimarlik-ve-tasarim-fakultesi\/wp-json\/wp\/v2\/comments?post=8729"}],"version-history":[{"count":1,"href":"https:\/\/atauni.edu.tr\/mimarlik-ve-tasarim-fakultesi\/wp-json\/wp\/v2\/pages\/8729\/revisions"}],"predecessor-version":[{"id":8730,"href":"https:\/\/atauni.edu.tr\/mimarlik-ve-tasarim-fakultesi\/wp-json\/wp\/v2\/pages\/8729\/revisions\/8730"}],"wp:attachment":[{"href":"https:\/\/atauni.edu.tr\/mimarlik-ve-tasarim-fakultesi\/wp-json\/wp\/v2\/media?parent=8729"}],"curies":[{"name":"wp","href":"https:\/\/api.w.org\/{rel}","templated":true}]}}