{"id":5682,"date":"2021-07-13T10:10:01","date_gmt":"2021-07-13T07:10:01","guid":{"rendered":"https:\/\/portaltest.atauni.edu.tr\/bilgisayar-muhendisligi\/?page_id=5682"},"modified":"2022-06-06T09:36:07","modified_gmt":"2022-06-06T06:36:07","slug":"misyon-vizyon-ve-temel-degerler","status":"publish","type":"page","link":"https:\/\/atauni.edu.tr\/molekuler-biyoloji-ve-genetik\/misyon-vizyon-ve-temel-degerler\/","title":{"rendered":"Misyon, Vizyon ve Temel De\u011ferler"},"content":{"rendered":"\t\t<div data-elementor-type=\"wp-page\" data-elementor-id=\"5682\" class=\"elementor elementor-5682\" data-elementor-post-type=\"page\">\n\t\t\t\t\t\t<section class=\"elementor-section elementor-top-section elementor-element elementor-element-730d320 elementor-section-boxed elementor-section-height-default elementor-section-height-default\" data-id=\"730d320\" data-element_type=\"section\">\n\t\t\t\t\t\t<div class=\"elementor-container elementor-column-gap-default\">\n\t\t\t\t\t<div class=\"elementor-column elementor-col-100 elementor-top-column elementor-element elementor-element-753d0860\" data-id=\"753d0860\" data-element_type=\"column\">\n\t\t\t<div class=\"elementor-widget-wrap\">\n\t\t\t\t\t\t\t<\/div>\n\t\t<\/div>\n\t\t\t\t\t<\/div>\n\t\t<\/section>\n\t\t\t\t<section class=\"elementor-section elementor-top-section elementor-element elementor-element-9be811a elementor-section-boxed elementor-section-height-default elementor-section-height-default\" data-id=\"9be811a\" data-element_type=\"section\">\n\t\t\t\t\t\t<div class=\"elementor-container elementor-column-gap-default\">\n\t\t\t\t\t<div class=\"elementor-column elementor-col-100 elementor-top-column elementor-element elementor-element-1ed847b7\" data-id=\"1ed847b7\" data-element_type=\"column\">\n\t\t\t<div class=\"elementor-widget-wrap elementor-element-populated\">\n\t\t\t\t\t\t<div class=\"elementor-element elementor-element-4ce0d07f elementor-widget elementor-widget-heading\" data-id=\"4ce0d07f\" data-element_type=\"widget\" data-widget_type=\"heading.default\">\n\t\t\t\t<div class=\"elementor-widget-container\">\n\t\t\t\t\t<h2 class=\"elementor-heading-title elementor-size-default\">Misyon, Vizyon ve Temel De\u011ferler<\/h2>\t\t\t\t<\/div>\n\t\t\t\t<\/div>\n\t\t\t\t<div class=\"elementor-element elementor-element-63260862 elementor-widget-divider--view-line elementor-widget elementor-widget-divider\" data-id=\"63260862\" data-element_type=\"widget\" data-widget_type=\"divider.default\">\n\t\t\t\t<div class=\"elementor-widget-container\">\n\t\t\t\t\t\t\t<div class=\"elementor-divider\">\n\t\t\t<span class=\"elementor-divider-separator\">\n\t\t\t\t\t\t<\/span>\n\t\t<\/div>\n\t\t\t\t\t\t<\/div>\n\t\t\t\t<\/div>\n\t\t\t\t\t<\/div>\n\t\t<\/div>\n\t\t\t\t\t<\/div>\n\t\t<\/section>\n\t\t\t\t<section class=\"elementor-section elementor-top-section elementor-element elementor-element-4c5f11f elementor-section-boxed elementor-section-height-default elementor-section-height-default\" data-id=\"4c5f11f\" data-element_type=\"section\">\n\t\t\t\t\t\t<div class=\"elementor-container elementor-column-gap-default\">\n\t\t\t\t\t<div class=\"elementor-column elementor-col-100 elementor-top-column elementor-element elementor-element-84439c5\" data-id=\"84439c5\" data-element_type=\"column\">\n\t\t\t<div class=\"elementor-widget-wrap elementor-element-populated\">\n\t\t\t\t\t\t<div class=\"elementor-element elementor-element-f68fb87 elementor-widget elementor-widget-text-editor\" data-id=\"f68fb87\" data-element_type=\"widget\" data-widget_type=\"text-editor.default\">\n\t\t\t\t<div class=\"elementor-widget-container\">\n\t\t\t\t\t\t\t\t\t<p><b>1.&nbsp;<\/b>Molek\u00fcler Biyoloji ve Genetik alan\u0131nda&nbsp; ara\u015ft\u0131rmaya ihtiya\u00e7 duyulan&nbsp;<span style=\"letter-spacing: 0px\">de\u011fi\u015fik fak\u00fcltelerdeki (T\u0131p, Fen-Edebiyat, Ziraat, M\u00fchendislik vb.) ilgili&nbsp;<\/span><span style=\"letter-spacing: 0px\">elemanlarla ortak proje imkan\u0131 olu\u015fturmak.&nbsp;<\/span><\/p>\n<p><b>2. <\/b>Genetik hastal\u0131klar\u0131n molek\u00fcler te\u015fhisi i\u00e7in hastal\u0131k ta\u015f\u0131y\u0131c\u0131lar\u0131n erken tespiti ile klinik \u00e7al\u0131\u015fmalara katk\u0131da bulunarak genetik hastal\u0131klar ve sonu\u00e7lar\u0131 konusunda \u00e7al\u0131\u015fmalar yapmak.<\/p>\n<p><b>3. <\/b>Alan\u0131 ile ilgili seminer, konferans, a\u00e7\u0131k oturum, sempozyum ve kurslar d\u00fczenlemek.&nbsp;<\/p>\n<p><b>4.<\/b> Yurt i\u00e7i ve yurt d\u0131\u015f\u0131nda bu konu ile ilgili yap\u0131lan bilimsel faaliyetlere imkan \u00f6l\u00e7\u00fcs\u00fcnde elemanlar g\u00f6ndererek bilgi ve teknoloji transferi sa\u011flamak. 5. Molek\u00fcler Biyoloji ve Genetikle ilgili nitelikli,&nbsp; \u00fcretken ve sorumlulu\u011funun bilincinde &#8220;Biyolog&#8221; yeti\u015ftirmek.<\/p>\n<p><b>MOLEK\u00dcLER B\u0130YOLOJ\u0130 VE GENET\u0130K B\u00d6L\u00dcM\u00dc STRATEJ\u0130K PLANI (2021-2026)<\/b><\/p>\t\t\t\t\t\t\t\t<\/div>\n\t\t\t\t<\/div>\n\t\t\t\t<div class=\"elementor-element elementor-element-854fab1 elementor-widget elementor-widget-text-editor\" data-id=\"854fab1\" data-element_type=\"widget\" data-widget_type=\"text-editor.default\">\n\t\t\t\t<div class=\"elementor-widget-container\">\n\t\t\t\t\t\t\t\t\t<p>*PDF dosyas\u0131n\u0131n a\u00e7\u0131lmas\u0131 i\u00e7in l\u00fctfen bekleyiniz veya sayfay\u0131 yenileyiniz<\/p>\t\t\t\t\t\t\t\t<\/div>\n\t\t\t\t<\/div>\n\t\t\t\t\t<\/div>\n\t\t<\/div>\n\t\t\t\t\t<\/div>\n\t\t<\/section>\n\t\t\t\t<section class=\"elementor-section elementor-top-section elementor-element elementor-element-6bc7205 elementor-section-boxed elementor-section-height-default elementor-section-height-default\" data-id=\"6bc7205\" data-element_type=\"section\">\n\t\t\t\t\t\t<div class=\"elementor-container elementor-column-gap-default\">\n\t\t\t\t\t<div class=\"elementor-column elementor-col-100 elementor-top-column elementor-element elementor-element-5603baa\" data-id=\"5603baa\" data-element_type=\"column\">\n\t\t\t<div class=\"elementor-widget-wrap elementor-element-populated\">\n\t\t\t\t\t\t<div class=\"elementor-element elementor-element-2966822 elementor-widget elementor-widget-pdf_viewer\" data-id=\"2966822\" data-element_type=\"widget\" data-widget_type=\"pdf_viewer.default\">\n\t\t\t\t<div class=\"elementor-widget-container\">\n\t\t\t\t\t<iframe src=\"https:\/\/docs.google.com\/viewer?url=http:\/\/birimler.atauni.edu.tr\/molekuler-biyoloji-ve-genetik\/wp-content\/uploads\/sites\/141\/2022\/06\/Molekuler-Biyoloji-ve-Genetik-Bolumu-Stratejik-Plani-2021-1.pdf&amp;embedded=true\" style=\"display: block; margin-left: auto; margin-right: auto; width: 700px; height: 895px;\" frameborder=\"1\" marginheight=\"0px\" marginwidth=\"0px\" allowfullscreen><\/iframe>\t\t\t\t<\/div>\n\t\t\t\t<\/div>\n\t\t\t\t\t<\/div>\n\t\t<\/div>\n\t\t\t\t\t<\/div>\n\t\t<\/section>\n\t\t\t\t<\/div>\n\t\t","protected":false},"excerpt":{"rendered":"<p>Misyon, Vizyon ve Temel De\u011ferler 1.&nbsp;Molek\u00fcler Biyoloji ve Genetik alan\u0131nda&nbsp; ara\u015ft\u0131rmaya ihtiya\u00e7 duyulan&nbsp;de\u011fi\u015fik fak\u00fcltelerdeki (T\u0131p, Fen-Edebiyat, Ziraat, M\u00fchendislik vb.) ilgili&nbsp;elemanlarla ortak proje imkan\u0131 olu\u015fturmak.&nbsp; 2. Genetik hastal\u0131klar\u0131n molek\u00fcler te\u015fhisi i\u00e7in hastal\u0131k ta\u015f\u0131y\u0131c\u0131lar\u0131n erken tespiti ile klinik \u00e7al\u0131\u015fmalara katk\u0131da bulunarak genetik hastal\u0131klar ve sonu\u00e7lar\u0131 konusunda \u00e7al\u0131\u015fmalar yapmak. 3. Alan\u0131 ile ilgili seminer, konferans, a\u00e7\u0131k oturum, sempozyum [&hellip;]<\/p>\n","protected":false},"author":1,"featured_media":0,"parent":0,"menu_order":0,"comment_status":"closed","ping_status":"closed","template":"elementor_header_footer","meta":{"footnotes":""},"class_list":["post-5682","page","type-page","status-publish","hentry"],"_links":{"self":[{"href":"https:\/\/atauni.edu.tr\/molekuler-biyoloji-ve-genetik\/wp-json\/wp\/v2\/pages\/5682","targetHints":{"allow":["GET"]}}],"collection":[{"href":"https:\/\/atauni.edu.tr\/molekuler-biyoloji-ve-genetik\/wp-json\/wp\/v2\/pages"}],"about":[{"href":"https:\/\/atauni.edu.tr\/molekuler-biyoloji-ve-genetik\/wp-json\/wp\/v2\/types\/page"}],"author":[{"embeddable":true,"href":"https:\/\/atauni.edu.tr\/molekuler-biyoloji-ve-genetik\/wp-json\/wp\/v2\/users\/1"}],"replies":[{"embeddable":true,"href":"https:\/\/atauni.edu.tr\/molekuler-biyoloji-ve-genetik\/wp-json\/wp\/v2\/comments?post=5682"}],"version-history":[{"count":29,"href":"https:\/\/atauni.edu.tr\/molekuler-biyoloji-ve-genetik\/wp-json\/wp\/v2\/pages\/5682\/revisions"}],"predecessor-version":[{"id":7740,"href":"https:\/\/atauni.edu.tr\/molekuler-biyoloji-ve-genetik\/wp-json\/wp\/v2\/pages\/5682\/revisions\/7740"}],"wp:attachment":[{"href":"https:\/\/atauni.edu.tr\/molekuler-biyoloji-ve-genetik\/wp-json\/wp\/v2\/media?parent=5682"}],"curies":[{"name":"wp","href":"https:\/\/api.w.org\/{rel}","templated":true}]}}