{"id":5638,"date":"2021-07-13T09:49:25","date_gmt":"2021-07-13T06:49:25","guid":{"rendered":"https:\/\/portaltest.atauni.edu.tr\/bilgisayar-muhendisligi\/?page_id=5638"},"modified":"2024-03-14T13:37:22","modified_gmt":"2024-03-14T10:37:22","slug":"tarihce","status":"publish","type":"page","link":"https:\/\/atauni.edu.tr\/mutercim-ve-tercumanlik\/tarihce\/","title":{"rendered":"Tarih\u00e7e"},"content":{"rendered":"\t\t<div data-elementor-type=\"wp-page\" data-elementor-id=\"5638\" class=\"elementor elementor-5638\" data-elementor-post-type=\"page\">\n\t\t\t\t\t\t<section class=\"elementor-section elementor-top-section elementor-element elementor-element-730d320 elementor-section-boxed elementor-section-height-default elementor-section-height-default\" data-id=\"730d320\" data-element_type=\"section\">\n\t\t\t\t\t\t<div class=\"elementor-container elementor-column-gap-default\">\n\t\t\t\t\t<div class=\"elementor-column elementor-col-100 elementor-top-column elementor-element elementor-element-753d0860\" data-id=\"753d0860\" data-element_type=\"column\">\n\t\t\t<div class=\"elementor-widget-wrap\">\n\t\t\t\t\t\t\t<\/div>\n\t\t<\/div>\n\t\t\t\t\t<\/div>\n\t\t<\/section>\n\t\t\t\t<section class=\"elementor-section elementor-top-section elementor-element elementor-element-9be811a elementor-section-boxed elementor-section-height-default elementor-section-height-default\" data-id=\"9be811a\" data-element_type=\"section\">\n\t\t\t\t\t\t<div class=\"elementor-container elementor-column-gap-default\">\n\t\t\t\t\t<div class=\"elementor-column elementor-col-100 elementor-top-column elementor-element elementor-element-1ed847b7\" data-id=\"1ed847b7\" data-element_type=\"column\">\n\t\t\t<div class=\"elementor-widget-wrap elementor-element-populated\">\n\t\t\t\t\t\t<div class=\"elementor-element elementor-element-4ce0d07f elementor-widget elementor-widget-heading\" data-id=\"4ce0d07f\" data-element_type=\"widget\" data-widget_type=\"heading.default\">\n\t\t\t\t<div class=\"elementor-widget-container\">\n\t\t\t\t\t<h2 class=\"elementor-heading-title elementor-size-default\">Tarih\u00e7e<\/h2>\t\t\t\t<\/div>\n\t\t\t\t<\/div>\n\t\t\t\t<div class=\"elementor-element elementor-element-63260862 elementor-widget-divider--view-line elementor-widget elementor-widget-divider\" data-id=\"63260862\" data-element_type=\"widget\" data-widget_type=\"divider.default\">\n\t\t\t\t<div class=\"elementor-widget-container\">\n\t\t\t\t\t\t\t<div class=\"elementor-divider\">\n\t\t\t<span class=\"elementor-divider-separator\">\n\t\t\t\t\t\t<\/span>\n\t\t<\/div>\n\t\t\t\t\t\t<\/div>\n\t\t\t\t<\/div>\n\t\t\t\t\t<\/div>\n\t\t<\/div>\n\t\t\t\t\t<\/div>\n\t\t<\/section>\n\t\t\t\t<section class=\"elementor-section elementor-top-section elementor-element elementor-element-681db8b elementor-section-boxed elementor-section-height-default elementor-section-height-default\" data-id=\"681db8b\" data-element_type=\"section\">\n\t\t\t\t\t\t<div class=\"elementor-container elementor-column-gap-default\">\n\t\t\t\t\t<div class=\"elementor-column elementor-col-100 elementor-top-column elementor-element elementor-element-ad4dac5\" data-id=\"ad4dac5\" data-element_type=\"column\">\n\t\t\t<div class=\"elementor-widget-wrap elementor-element-populated\">\n\t\t\t\t\t\t<div class=\"elementor-element elementor-element-52e556a elementor-widget elementor-widget-text-editor\" data-id=\"52e556a\" data-element_type=\"widget\" data-widget_type=\"text-editor.default\">\n\t\t\t\t<div class=\"elementor-widget-container\">\n\t\t\t\t\t\t\t\t\t<p><b><span style=\"font-family: 'Times New Roman', serif;font-size: 14.6667px\">M\u00fctercim-Terc\u00fcmanl\u0131k B\u00f6l\u00fcm\u00fc \u00e7e\u015fitli d\u00fcnya \u00fclkelerinde ve \u00fclkemizdeki \u00fcniversitelerde lisans ve lisans\u00fcst\u00fc d\u00fczeylerde, akademik ve toplumsal ya\u015fam\u0131n b\u00fct\u00fcn a\u015famalar\u0131nda kendisine yer bulmu\u015f, dil, edebiyat, k\u00fclt\u00fcr ve \u00e7eviri bilimi ba\u011flam\u0131nda \u00f6nemli bir disiplindir. Uluslararas\u0131 bilimsel i\u015f birli\u011fini \u00f6ne \u00e7\u0131karan yap\u0131s\u0131 ve g\u00fc\u00e7l\u00fc kurumsal kimli\u011fiyle&nbsp;<\/span><\/b><span style=\"font-weight: 700\"><span style=\", serif;font-size: 14.6667px\">M\u00fctercim-Terc\u00fcmanl\u0131k B\u00f6l\u00fcm\u00fc<\/span><\/span><b><span style=\"font-family: 'Times New Roman', serif;font-size: 14.6667px\">&nbsp;2015 y\u0131l\u0131nda \u00fcniversitemizin m\u00fcracaat\u0131 sonucu Y\u00d6K taraf\u0131ndan kabul edilerek Atat\u00fcrk \u00dcniversitesi, Yabanc\u0131 Diller Y\u00fcksekokulu b\u00fcnyesinde kurulmu\u015ftur ve 2024 y\u0131l\u0131 itibariyle Edebiyat Fak\u00fcltesine ta\u015f\u0131nm\u0131\u015ft\u0131r. B\u00f6l\u00fcm\u00fcn ilk \u00f6\u011fretim \u00fcyeleri Dr. \u00d6\u011fr. \u00dcyesi Sel\u00e7uk YAZICI, Dr. \u00d6\u011fr. \u00dcyesi Canan AKSAKALLI ve Dr. \u00d6\u011fr. \u00dcyesi \u015eennur BAKIRTA\u015e g\u00f6revlerine 2019 y\u0131l\u0131nda atanm\u0131\u015ft\u0131r.&nbsp;<\/span><span style=\"font-family: 'Times New Roman', serif;font-size: 14.6667px\">\u0130ngilizce M\u00fctercim ve Terc\u00fcmanl\u0131k B\u00f6l\u00fcm\u00fc<\/span><span style=\"font-family: 'Times New Roman', serif;font-size: 14.6667px\">, 2019 y\u0131l\u0131 itibariyle 3 Doktor \u00d6\u011fretim \u00dcyesi ile 2019-2020 e\u011fitim-\u00f6\u011fretim y\u0131l\u0131nda \u00f6\u011frenci al\u0131m\u0131n\u0131 ger\u00e7ekle\u015ftirerek e\u011fitim-\u00f6\u011fretime ba\u015flam\u0131\u015ft\u0131r.<\/span><\/b><\/p>\t\t\t\t\t\t\t\t<\/div>\n\t\t\t\t<\/div>\n\t\t\t\t\t<\/div>\n\t\t<\/div>\n\t\t\t\t\t<\/div>\n\t\t<\/section>\n\t\t\t\t<\/div>\n\t\t","protected":false},"excerpt":{"rendered":"<p>Tarih\u00e7e M\u00fctercim-Terc\u00fcmanl\u0131k B\u00f6l\u00fcm\u00fc \u00e7e\u015fitli d\u00fcnya \u00fclkelerinde ve \u00fclkemizdeki \u00fcniversitelerde lisans ve lisans\u00fcst\u00fc d\u00fczeylerde, akademik ve toplumsal ya\u015fam\u0131n b\u00fct\u00fcn a\u015famalar\u0131nda kendisine yer bulmu\u015f, dil, edebiyat, k\u00fclt\u00fcr ve \u00e7eviri bilimi ba\u011flam\u0131nda \u00f6nemli bir disiplindir. Uluslararas\u0131 bilimsel i\u015f birli\u011fini \u00f6ne \u00e7\u0131karan yap\u0131s\u0131 ve g\u00fc\u00e7l\u00fc kurumsal kimli\u011fiyle&nbsp;M\u00fctercim-Terc\u00fcmanl\u0131k B\u00f6l\u00fcm\u00fc&nbsp;2015 y\u0131l\u0131nda \u00fcniversitemizin m\u00fcracaat\u0131 sonucu Y\u00d6K taraf\u0131ndan kabul edilerek Atat\u00fcrk \u00dcniversitesi, Yabanc\u0131 [&hellip;]<\/p>\n","protected":false},"author":1,"featured_media":0,"parent":0,"menu_order":0,"comment_status":"closed","ping_status":"closed","template":"","meta":{"footnotes":""},"class_list":["post-5638","page","type-page","status-publish","hentry"],"_links":{"self":[{"href":"https:\/\/atauni.edu.tr\/mutercim-ve-tercumanlik\/wp-json\/wp\/v2\/pages\/5638","targetHints":{"allow":["GET"]}}],"collection":[{"href":"https:\/\/atauni.edu.tr\/mutercim-ve-tercumanlik\/wp-json\/wp\/v2\/pages"}],"about":[{"href":"https:\/\/atauni.edu.tr\/mutercim-ve-tercumanlik\/wp-json\/wp\/v2\/types\/page"}],"author":[{"embeddable":true,"href":"https:\/\/atauni.edu.tr\/mutercim-ve-tercumanlik\/wp-json\/wp\/v2\/users\/1"}],"replies":[{"embeddable":true,"href":"https:\/\/atauni.edu.tr\/mutercim-ve-tercumanlik\/wp-json\/wp\/v2\/comments?post=5638"}],"version-history":[{"count":28,"href":"https:\/\/atauni.edu.tr\/mutercim-ve-tercumanlik\/wp-json\/wp\/v2\/pages\/5638\/revisions"}],"predecessor-version":[{"id":6537,"href":"https:\/\/atauni.edu.tr\/mutercim-ve-tercumanlik\/wp-json\/wp\/v2\/pages\/5638\/revisions\/6537"}],"wp:attachment":[{"href":"https:\/\/atauni.edu.tr\/mutercim-ve-tercumanlik\/wp-json\/wp\/v2\/media?parent=5638"}],"curies":[{"name":"wp","href":"https:\/\/api.w.org\/{rel}","templated":true}]}}