{"id":5682,"date":"2021-07-13T10:10:01","date_gmt":"2021-07-13T07:10:01","guid":{"rendered":"https:\/\/portaltest.atauni.edu.tr\/bilgisayar-muhendisligi\/?page_id=5682"},"modified":"2024-03-14T13:34:39","modified_gmt":"2024-03-14T10:34:39","slug":"misyon-vizyon-ve-temel-degerler","status":"publish","type":"page","link":"https:\/\/atauni.edu.tr\/mutercim-ve-tercumanlik\/misyon-vizyon-ve-temel-degerler\/","title":{"rendered":"Misyon ve Vizyon"},"content":{"rendered":"\t\t<div data-elementor-type=\"wp-page\" data-elementor-id=\"5682\" class=\"elementor elementor-5682\" data-elementor-post-type=\"page\">\n\t\t\t\t\t\t<section class=\"elementor-section elementor-top-section elementor-element elementor-element-730d320 elementor-section-boxed elementor-section-height-default elementor-section-height-default\" data-id=\"730d320\" data-element_type=\"section\">\n\t\t\t\t\t\t<div class=\"elementor-container elementor-column-gap-default\">\n\t\t\t\t\t<div class=\"elementor-column elementor-col-100 elementor-top-column elementor-element elementor-element-753d0860\" data-id=\"753d0860\" data-element_type=\"column\">\n\t\t\t<div class=\"elementor-widget-wrap\">\n\t\t\t\t\t\t\t<\/div>\n\t\t<\/div>\n\t\t\t\t\t<\/div>\n\t\t<\/section>\n\t\t\t\t<section class=\"elementor-section elementor-top-section elementor-element elementor-element-9be811a elementor-section-boxed elementor-section-height-default elementor-section-height-default\" data-id=\"9be811a\" data-element_type=\"section\">\n\t\t\t\t\t\t<div class=\"elementor-container elementor-column-gap-default\">\n\t\t\t\t\t<div class=\"elementor-column elementor-col-100 elementor-top-column elementor-element elementor-element-1ed847b7\" data-id=\"1ed847b7\" data-element_type=\"column\">\n\t\t\t<div class=\"elementor-widget-wrap elementor-element-populated\">\n\t\t\t\t\t\t<div class=\"elementor-element elementor-element-4ce0d07f elementor-widget elementor-widget-heading\" data-id=\"4ce0d07f\" data-element_type=\"widget\" data-widget_type=\"heading.default\">\n\t\t\t\t<div class=\"elementor-widget-container\">\n\t\t\t\t\t<h2 class=\"elementor-heading-title elementor-size-default\">Misyon ve Vizyon<\/h2>\t\t\t\t<\/div>\n\t\t\t\t<\/div>\n\t\t\t\t<div class=\"elementor-element elementor-element-63260862 elementor-widget-divider--view-line elementor-widget elementor-widget-divider\" data-id=\"63260862\" data-element_type=\"widget\" data-widget_type=\"divider.default\">\n\t\t\t\t<div class=\"elementor-widget-container\">\n\t\t\t\t\t\t\t<div class=\"elementor-divider\">\n\t\t\t<span class=\"elementor-divider-separator\">\n\t\t\t\t\t\t<\/span>\n\t\t<\/div>\n\t\t\t\t\t\t<\/div>\n\t\t\t\t<\/div>\n\t\t\t\t\t<\/div>\n\t\t<\/div>\n\t\t\t\t\t<\/div>\n\t\t<\/section>\n\t\t\t\t<section class=\"elementor-section elementor-top-section elementor-element elementor-element-681db8b elementor-section-boxed elementor-section-height-default elementor-section-height-default\" data-id=\"681db8b\" data-element_type=\"section\">\n\t\t\t\t\t\t<div class=\"elementor-container elementor-column-gap-default\">\n\t\t\t\t\t<div class=\"elementor-column elementor-col-100 elementor-top-column elementor-element elementor-element-ad4dac5\" data-id=\"ad4dac5\" data-element_type=\"column\">\n\t\t\t<div class=\"elementor-widget-wrap elementor-element-populated\">\n\t\t\t\t\t\t<div class=\"elementor-element elementor-element-2f96b3d elementor-widget elementor-widget-text-editor\" data-id=\"2f96b3d\" data-element_type=\"widget\" data-widget_type=\"text-editor.default\">\n\t\t\t\t<div class=\"elementor-widget-container\">\n\t\t\t\t\t\t\t\t\t<p style=\"line-height: 150%\"><span style=\"font-family: 'Times New Roman',serif\">M\u00fctercim-Terc\u00fcmanl\u0131k B\u00f6l\u00fcm\u00fc\u2019n\u00fcn&nbsp;vizyonu, \u00e7eviribilim alan\u0131nda e\u011fitim ve ara\u015ft\u0131rma kalitesi y\u00fcksek, yay\u0131n ve proje \u00fcretiminde hem ulusal hem uluslararas\u0131 sekt\u00f6rde ismi an\u0131lan; entelekt\u00fcel ve k\u00fclt\u00fcrel anlamda tercih edilen, bilim ve e\u011fitim d\u00fcnyas\u0131na katk\u0131da bulunan, sekt\u00f6r\u00fcn gelece\u011finde s\u00f6z sahibi olacak m\u00fctercim ve terc\u00fcmanlar yeti\u015ftiren bir b\u00f6l\u00fcm olmakt\u0131r.&nbsp;Program\u0131n misyonu \u00e7a\u011fda\u015f bir d\u00fcnya g\u00f6r\u00fc\u015f\u00fcne ve evrensel de\u011ferlere sahip olan, \u00f6ncelikle T\u00fcrk\u00e7eyi sonra en az bir yabanc\u0131 dili en \u00fcst d\u00fczeyde bilmenin ve \u00e7eviride kullanman\u0131n yan\u0131 s\u0131ra, t\u0131p, hukuk, sosyal bilimler, teknik ve edebiyat alanlar\u0131nda, terminoloji ve alan bilgisiyle donanm\u0131\u015f ve bu alanlarda ulusal ve uluslararas\u0131 d\u00fczeyde \u00e7eviri yapan, \u00e7evirmenlik mesle\u011finin etik de\u011ferlerine sahip yaz\u0131l\u0131 ve s\u00f6zl\u00fc \u00e7evirmenler yeti\u015ftirmektir.<\/span><\/p>\t\t\t\t\t\t\t\t<\/div>\n\t\t\t\t<\/div>\n\t\t\t\t\t<\/div>\n\t\t<\/div>\n\t\t\t\t\t<\/div>\n\t\t<\/section>\n\t\t\t\t<\/div>\n\t\t","protected":false},"excerpt":{"rendered":"<p>Misyon ve Vizyon M\u00fctercim-Terc\u00fcmanl\u0131k B\u00f6l\u00fcm\u00fc\u2019n\u00fcn&nbsp;vizyonu, \u00e7eviribilim alan\u0131nda e\u011fitim ve ara\u015ft\u0131rma kalitesi y\u00fcksek, yay\u0131n ve proje \u00fcretiminde hem ulusal hem uluslararas\u0131 sekt\u00f6rde ismi an\u0131lan; entelekt\u00fcel ve k\u00fclt\u00fcrel anlamda tercih edilen, bilim ve e\u011fitim d\u00fcnyas\u0131na katk\u0131da bulunan, sekt\u00f6r\u00fcn gelece\u011finde s\u00f6z sahibi olacak m\u00fctercim ve terc\u00fcmanlar yeti\u015ftiren bir b\u00f6l\u00fcm olmakt\u0131r.&nbsp;Program\u0131n misyonu \u00e7a\u011fda\u015f bir d\u00fcnya g\u00f6r\u00fc\u015f\u00fcne ve evrensel de\u011ferlere [&hellip;]<\/p>\n","protected":false},"author":1,"featured_media":0,"parent":0,"menu_order":0,"comment_status":"closed","ping_status":"closed","template":"elementor_header_footer","meta":{"footnotes":""},"class_list":["post-5682","page","type-page","status-publish","hentry"],"_links":{"self":[{"href":"https:\/\/atauni.edu.tr\/mutercim-ve-tercumanlik\/wp-json\/wp\/v2\/pages\/5682","targetHints":{"allow":["GET"]}}],"collection":[{"href":"https:\/\/atauni.edu.tr\/mutercim-ve-tercumanlik\/wp-json\/wp\/v2\/pages"}],"about":[{"href":"https:\/\/atauni.edu.tr\/mutercim-ve-tercumanlik\/wp-json\/wp\/v2\/types\/page"}],"author":[{"embeddable":true,"href":"https:\/\/atauni.edu.tr\/mutercim-ve-tercumanlik\/wp-json\/wp\/v2\/users\/1"}],"replies":[{"embeddable":true,"href":"https:\/\/atauni.edu.tr\/mutercim-ve-tercumanlik\/wp-json\/wp\/v2\/comments?post=5682"}],"version-history":[{"count":18,"href":"https:\/\/atauni.edu.tr\/mutercim-ve-tercumanlik\/wp-json\/wp\/v2\/pages\/5682\/revisions"}],"predecessor-version":[{"id":6534,"href":"https:\/\/atauni.edu.tr\/mutercim-ve-tercumanlik\/wp-json\/wp\/v2\/pages\/5682\/revisions\/6534"}],"wp:attachment":[{"href":"https:\/\/atauni.edu.tr\/mutercim-ve-tercumanlik\/wp-json\/wp\/v2\/media?parent=5682"}],"curies":[{"name":"wp","href":"https:\/\/api.w.org\/{rel}","templated":true}]}}