{"id":7335,"date":"2025-05-30T12:43:06","date_gmt":"2025-05-30T09:43:06","guid":{"rendered":"http:\/\/birimler.atauni.edu.tr\/muzik-bilimleri-bolumu\/?page_id=7335"},"modified":"2025-05-30T13:46:21","modified_gmt":"2025-05-30T10:46:21","slug":"muzik-bilimleri-bolumu-2023-2028-stratejik-plani","status":"publish","type":"page","link":"https:\/\/atauni.edu.tr\/muzik-bilimleri-bolumu\/muzik-bilimleri-bolumu-2023-2028-stratejik-plani\/","title":{"rendered":"2023-2028 Stratejik Plan\u0131"},"content":{"rendered":"\t\t<div data-elementor-type=\"wp-page\" data-elementor-id=\"7335\" class=\"elementor elementor-7335\" data-elementor-post-type=\"page\">\n\t\t\t\t\t\t<section class=\"elementor-section elementor-top-section elementor-element elementor-element-730d320 elementor-section-boxed elementor-section-height-default elementor-section-height-default\" data-id=\"730d320\" data-element_type=\"section\">\n\t\t\t\t\t\t<div class=\"elementor-container elementor-column-gap-default\">\n\t\t\t\t\t<div class=\"elementor-column elementor-col-100 elementor-top-column elementor-element elementor-element-753d0860\" data-id=\"753d0860\" data-element_type=\"column\">\n\t\t\t<div class=\"elementor-widget-wrap\">\n\t\t\t\t\t\t\t<\/div>\n\t\t<\/div>\n\t\t\t\t\t<\/div>\n\t\t<\/section>\n\t\t\t\t<section class=\"elementor-section elementor-top-section elementor-element elementor-element-370e786 elementor-section-boxed elementor-section-height-default elementor-section-height-default\" data-id=\"370e786\" data-element_type=\"section\">\n\t\t\t\t\t\t<div class=\"elementor-container elementor-column-gap-default\">\n\t\t\t\t\t<div class=\"elementor-column elementor-col-100 elementor-top-column elementor-element elementor-element-d9d07d1\" data-id=\"d9d07d1\" data-element_type=\"column\">\n\t\t\t<div class=\"elementor-widget-wrap elementor-element-populated\">\n\t\t\t\t\t\t<div class=\"elementor-element elementor-element-7ecba2a elementor-widget elementor-widget-text-editor\" data-id=\"7ecba2a\" data-element_type=\"widget\" data-widget_type=\"text-editor.default\">\n\t\t\t\t<div class=\"elementor-widget-container\">\n\t\t\t\t\t\t\t\t\t<h2><b>2023-2028 Stratejik Plan\u0131<\/b><\/h2><div><div class=\"page\" title=\"Page 1\"><div class=\"layoutArea\"><div class=\"column\"><p class=\"wp-block-heading\">Bo\u0308lu\u0308mu\u0308mu\u0308z Strateji Komisyonu, 6 Aral\u0131k 2022 tarihinde toplanm\u0131s\u0327 ve gu\u0308ndemde yer alan konulara yo\u0308nelik deg\u0306erlendirmelerde bulunmus\u0327tur. Bu dog\u0306rultuda; Mu\u0308zik Bilimleri Bo\u0308lu\u0308mu\u0308 5 Y\u0131ll\u0131k Strateji Plan\u0131 da olus\u0327turulmus\u0327tur. <a href=\"http:\/\/birimler.atauni.edu.tr\/muzik-bilimleri-bolumu\/wp-content\/uploads\/sites\/143\/2020\/07\/Muzik-Bilimleri-5-Yillik-Stratejik-Plan_2023-2028.pdf\">Buraya t\u0131klayarak<\/a>, 5 y\u0131ll\u0131k stratejik plana eri\u015febilirsiniz.\u00a0<\/p><\/div><\/div><\/div><\/div>\t\t\t\t\t\t\t\t<\/div>\n\t\t\t\t<\/div>\n\t\t\t\t\t<\/div>\n\t\t<\/div>\n\t\t\t\t\t<\/div>\n\t\t<\/section>\n\t\t\t\t<\/div>\n\t\t","protected":false},"excerpt":{"rendered":"<p>2023-2028 Stratejik Plan\u0131 Bo\u0308lu\u0308mu\u0308mu\u0308z Strateji Komisyonu, 6 Aral\u0131k 2022 tarihinde toplanm\u0131s\u0327 ve gu\u0308ndemde yer alan konulara yo\u0308nelik deg\u0306erlendirmelerde bulunmus\u0327tur. Bu dog\u0306rultuda; Mu\u0308zik Bilimleri Bo\u0308lu\u0308mu\u0308 5 Y\u0131ll\u0131k Strateji Plan\u0131 da olus\u0327turulmus\u0327tur. Buraya t\u0131klayarak, 5 y\u0131ll\u0131k stratejik plana eri\u015febilirsiniz.\u00a0<\/p>\n","protected":false},"author":128,"featured_media":0,"parent":0,"menu_order":0,"comment_status":"closed","ping_status":"closed","template":"elementor_header_footer","meta":{"footnotes":""},"class_list":["post-7335","page","type-page","status-publish","hentry"],"_links":{"self":[{"href":"https:\/\/atauni.edu.tr\/muzik-bilimleri-bolumu\/wp-json\/wp\/v2\/pages\/7335","targetHints":{"allow":["GET"]}}],"collection":[{"href":"https:\/\/atauni.edu.tr\/muzik-bilimleri-bolumu\/wp-json\/wp\/v2\/pages"}],"about":[{"href":"https:\/\/atauni.edu.tr\/muzik-bilimleri-bolumu\/wp-json\/wp\/v2\/types\/page"}],"author":[{"embeddable":true,"href":"https:\/\/atauni.edu.tr\/muzik-bilimleri-bolumu\/wp-json\/wp\/v2\/users\/128"}],"replies":[{"embeddable":true,"href":"https:\/\/atauni.edu.tr\/muzik-bilimleri-bolumu\/wp-json\/wp\/v2\/comments?post=7335"}],"version-history":[{"count":8,"href":"https:\/\/atauni.edu.tr\/muzik-bilimleri-bolumu\/wp-json\/wp\/v2\/pages\/7335\/revisions"}],"predecessor-version":[{"id":7377,"href":"https:\/\/atauni.edu.tr\/muzik-bilimleri-bolumu\/wp-json\/wp\/v2\/pages\/7335\/revisions\/7377"}],"wp:attachment":[{"href":"https:\/\/atauni.edu.tr\/muzik-bilimleri-bolumu\/wp-json\/wp\/v2\/media?parent=7335"}],"curies":[{"name":"wp","href":"https:\/\/api.w.org\/{rel}","templated":true}]}}