{"id":5728,"date":"2021-07-13T11:33:38","date_gmt":"2021-07-13T08:33:38","guid":{"rendered":"https:\/\/portaltest.atauni.edu.tr\/bilgisayar-muhendisligi\/?page_id=5728"},"modified":"2025-06-28T22:00:58","modified_gmt":"2025-06-28T19:00:58","slug":"anabilim-dali-tanitimi","status":"publish","type":"page","link":"https:\/\/atauni.edu.tr\/muzik-egitimi-abd\/anabilim-dali-tanitimi\/","title":{"rendered":"Anabilim Dal\u0131 Tan\u0131t\u0131m\u0131"},"content":{"rendered":"\t\t<div data-elementor-type=\"wp-page\" data-elementor-id=\"5728\" class=\"elementor elementor-5728\" data-elementor-post-type=\"page\">\n\t\t\t\t\t\t<section class=\"elementor-section elementor-top-section elementor-element elementor-element-730d320 elementor-section-boxed elementor-section-height-default elementor-section-height-default\" data-id=\"730d320\" data-element_type=\"section\">\n\t\t\t\t\t\t<div class=\"elementor-container elementor-column-gap-default\">\n\t\t\t\t\t<div class=\"elementor-column elementor-col-100 elementor-top-column elementor-element elementor-element-753d0860\" data-id=\"753d0860\" data-element_type=\"column\">\n\t\t\t<div class=\"elementor-widget-wrap\">\n\t\t\t\t\t\t\t<\/div>\n\t\t<\/div>\n\t\t\t\t\t<\/div>\n\t\t<\/section>\n\t\t\t\t<section class=\"elementor-section elementor-top-section elementor-element elementor-element-9be811a elementor-section-boxed elementor-section-height-default elementor-section-height-default\" data-id=\"9be811a\" data-element_type=\"section\">\n\t\t\t\t\t\t<div class=\"elementor-container elementor-column-gap-default\">\n\t\t\t\t\t<div class=\"elementor-column elementor-col-100 elementor-top-column elementor-element elementor-element-1ed847b7\" data-id=\"1ed847b7\" data-element_type=\"column\">\n\t\t\t<div class=\"elementor-widget-wrap elementor-element-populated\">\n\t\t\t\t\t\t<div class=\"elementor-element elementor-element-4ce0d07f elementor-widget elementor-widget-heading\" data-id=\"4ce0d07f\" data-element_type=\"widget\" data-widget_type=\"heading.default\">\n\t\t\t\t<div class=\"elementor-widget-container\">\n\t\t\t\t\t<h2 class=\"elementor-heading-title elementor-size-default\">B\u00f6l\u00fcm Tan\u0131t\u0131m\u0131<\/h2>\t\t\t\t<\/div>\n\t\t\t\t<\/div>\n\t\t\t\t<div class=\"elementor-element elementor-element-63260862 elementor-widget-divider--view-line elementor-widget elementor-widget-divider\" data-id=\"63260862\" data-element_type=\"widget\" data-widget_type=\"divider.default\">\n\t\t\t\t<div class=\"elementor-widget-container\">\n\t\t\t\t\t\t\t<div class=\"elementor-divider\">\n\t\t\t<span class=\"elementor-divider-separator\">\n\t\t\t\t\t\t<\/span>\n\t\t<\/div>\n\t\t\t\t\t\t<\/div>\n\t\t\t\t<\/div>\n\t\t\t\t\t<\/div>\n\t\t<\/div>\n\t\t\t\t\t<\/div>\n\t\t<\/section>\n\t\t\t\t<section class=\"elementor-section elementor-top-section elementor-element elementor-element-681db8b elementor-section-boxed elementor-section-height-default elementor-section-height-default\" data-id=\"681db8b\" data-element_type=\"section\">\n\t\t\t\t\t\t<div class=\"elementor-container elementor-column-gap-default\">\n\t\t\t\t\t<div class=\"elementor-column elementor-col-100 elementor-top-column elementor-element elementor-element-ad4dac5\" data-id=\"ad4dac5\" data-element_type=\"column\">\n\t\t\t<div class=\"elementor-widget-wrap elementor-element-populated\">\n\t\t\t\t\t\t<div class=\"elementor-element elementor-element-2f96b3d elementor-widget__width-initial elementor-widget elementor-widget-text-editor\" data-id=\"2f96b3d\" data-element_type=\"widget\" data-widget_type=\"text-editor.default\">\n\t\t\t\t<div class=\"elementor-widget-container\">\n\t\t\t\t\t\t\t\t\t<h5 style=\"text-align: left\">M\u00fczik \u00d6\u011fretmenli\u011fi Program\u0131 \u00d6zel Yetenek S\u0131nav\u0131na Ait Bilgiler<\/h5><div><span style=\"text-align: left\">* Aday\u0131n ba\u015fvuru yapabilmesi i\u00e7in TYT puan\u0131n\u0131n en d\u00fc\u015f\u00fck 800.000 inci (sekizy\u00fczbin) s\u0131rada olmas\u0131 gerekmektedir.<\/span><br style=\"text-align: left\" \/><span style=\"text-align: left\">* Yabanc\u0131 uyruklu adaylar i\u00e7in, Atat\u00fcrk \u00dcniversitesi taraf\u0131ndan kabul edilen minimum ba\u015fvuru \u015fart\u0131n\u0131 sa\u011flamak gerekmektedir.<\/span><br style=\"text-align: left\" \/><span style=\"text-align: left\">Bu ko\u015fular\u0131 sa\u011flayan aday \u00d6zel Yetenek S\u0131nav\u0131\u2019na girmeye hak kazan\u0131r. \u00d6zel Yetenek S\u0131nav\u0131\u2019ndan ald\u0131\u011f\u0131 puan, TYT ve YTYT puan\u0131 hesaplanarak en y\u00fcksek puana sahip toplam 20 ki\u015fi (kontenjan de\u011fi\u015fiklik g\u00f6sterebilir) al\u0131n\u0131r.<\/span><br \/><span style=\"text-align: left\"><br \/><\/span><\/div><p><span style=\"font-size: 1rem;letter-spacing: 0px\">S\u0131navda adaylardan; \u201cM\u00fcziksel \u0130\u015fitme-Yineleme\u201d, \u201cM\u00fcziksel S\u00f6yleme\u201d ve \u201cM\u00fcziksel \u00c7alma\u201d\u00a0becerilerini sergilemeleri istenir.\u00a0<\/span><\/p><p><span style=\"font-size: 1rem;letter-spacing: 0px\"><strong>M\u00fcziksel \u0130\u015fitme-Yineleme S\u0131nav\u0131<\/strong><br \/>M\u00fczik \u00d6\u011fretmenli\u011fi Program\u0131 s\u0131nav\u0131nda a\u015fa\u011f\u0131daki boyutlar \u00f6l\u00e7\u00fcl\u00fcp de\u011ferlendirilecektir.<br \/>1) \u0130ki Ses \u0130\u015fitme : 4 adet iki ses.<br \/>2) \u00dc\u00e7 Ses \u0130\u015fitme : 2 adet \u00fc\u00e7 ses<br \/>3) D\u00f6rt Ses \u0130\u015fitme : 2 adet d\u00f6rt ses<br \/>4) Ezgi \u0130\u015fitme : \u0130ki\u015fer motiften (4 g\u00f6ze) olu\u015fan tonal ve makamsal iki (2) ezgi.<br \/>5) Ritim \u0130\u015fitme : \u0130ki\u015fer motiften (4 g\u00f6ze) olu\u015fan bir (1) ritim c\u00fcmlesi.<br \/>Bu kriterler 40 puan \u00fczerinden de\u011ferlendirilecektir.<br \/><strong>M\u00fcziksel S\u00f6yleme S\u0131nav\u0131<\/strong><br \/>Bu s\u0131navda aday\u0131n, sesini kullanmaya ili\u015fkin \u00f6zellikleri ve becerileri \u00f6l\u00e7\u00fcl\u00fcr. M\u00fcziksel s\u00f6yleme\u00a0s\u0131nav\u0131nda t\u00fcm adaylar \u0130stikl\u00e2l Mar\u015f\u0131\u2019n\u0131 do\u011fru ve temiz bir sesle ve anla\u015f\u0131l\u0131r bir T\u00fcrk\u00e7e ile\u00a0s\u00f6yleyeceklerdir. S\u0131nav i\u00e7in haz\u0131rlanacak ikinci eser (par\u00e7a) s\u00f6zleri T\u00fcrk\u00e7e olmak kayd\u0131 ile adaylar\u00a0taraf\u0131ndan se\u00e7ilecektir. Bu s\u0131navda adaylar\u0131n, ses \u00f6zellikleri ile belirlenen par\u00e7alar \u00e7er\u00e7evesinde, seslerini\u00a0kullanabilme yetenekleri \u00f6l\u00e7\u00fclecektir.<br \/>Adaylar\u0131n bu s\u0131navda M\u00fcziksel S\u00f6yleme becerileri puanlan\u0131rken \u201cSa\u011fl\u0131kl\u0131 sese sahip olma\u201d,\u00a0\u201cSesin t\u0131n\u0131s\u0131, g\u00fcrl\u00fc\u011f\u00fc ve geni\u015fli\u011fi\u201d, \u201cDo\u011fru ve temiz s\u00f6yleme\u201d, \u201cKonu\u015fmada anla\u015f\u0131l\u0131rl\u0131k\u201d, \u201cM\u00fcziksel\u00a0duyarl\u0131l\u0131k\u201d kriterleri dikkate al\u0131n\u0131p, bu kriterler 30 puan \u00fczerinden de\u011ferlendirilecektir.<br \/><strong>M\u00fcziksel \u00c7alma S\u0131nav\u0131<\/strong><br \/>M\u00fcziksel \u00e7alma s\u0131nav\u0131nda adaylar, kendilerinin haz\u0131rlam\u0131\u015f olduklar\u0131 bir par\u00e7ay\u0131 \u00e7alacaklard\u0131r.\u00a0S\u0131nava girmeden \u00f6nce s\u0131navda \u00e7alacaklar\u0131 piyano, d\u0131\u015f\u0131ndaki \u00e7alg\u0131lar\u0131 beraberlerinde getireceklerdir. Bir\u00a0aday s\u0131navda yaln\u0131z bir \u00e7alg\u0131y\u0131 \u00e7alabilecektir. Vurmal\u0131 ve programlanabilir sazlarla s\u0131nava<br \/>girilemeyecektir.\u00a0Adaylar\u0131n bu s\u0131navda M\u00fcziksel \u00c7almaya y\u00f6nelik \u00f6zellikleri ve \u00e7alma becerileri puanlan\u0131rken \u015fu\u00a0kriterler dikkate al\u0131nacakt\u0131r. \u201cDo\u011fru ve temiz \u00e7alma\u201d, \u201cTeknik d\u00fczey\u201d, \u201cM\u00fcziksel yorum\u201d, \u201cEserin\u00a0d\u00fczeyi\u201d kriterleri dikkate al\u0131n\u0131p, bu kriterler 30 puan \u00fczerinden de\u011ferlendirilecektir.<br \/><\/span><\/p><p><span style=\"font-size: 1rem;letter-spacing: 0px\"><strong>\u00d6ZEL YETENEK SINAV PUANI (\u00d6YSP) DA\u011eILIMI<\/strong><br \/>(M\u00fcziksel \u0130\u015fitme-Yineleme, M\u00fcziksel S\u00f6yleme, M\u00fcziksel \u00c7alma S\u0131nav\u0131nda\u00a0\u00d6l\u00e7\u00fclecek Boyutlar ve Puanlar)<br \/>\u0130ki\u00a0Ses\u00a0<\/span><span style=\"font-size: 1rem;letter-spacing: 0px\">\u0130\u015fitme<\/span><span style=\"font-size: 1rem;letter-spacing: 0px\">\u00a0<\/span><span style=\"font-size: 1rem;letter-spacing: 0px\">(<\/span><span style=\"font-size: 1rem;letter-spacing: 0px\">4&#215;2=8<\/span><span style=\"font-size: 1rem;letter-spacing: 0px\">), \u00dc\u00e7\u00a0Ses\u00a0<\/span><span style=\"font-size: 1rem;letter-spacing: 0px\">\u0130\u015fitme<\/span><span style=\"font-size: 1rem;letter-spacing: 0px\">\u00a0<\/span><span style=\"font-size: 1rem;letter-spacing: 0px\">(<\/span><span style=\"font-size: 1rem;letter-spacing: 0px\">2&#215;2=4<\/span><span style=\"font-size: 1rem;letter-spacing: 0px\">), D\u00f6rt Ses\u00a0\u0130\u015fitme (<\/span><span style=\"font-size: 1rem;letter-spacing: 0px\">2&#215;2=4<\/span><span style=\"font-size: 1rem;letter-spacing: 0px\">), Ezgi\u00a0\u0130\u015fitme (<\/span><span style=\"font-size: 1rem;letter-spacing: 0px\">8&#215;2=16<\/span><span style=\"font-size: 1rem;letter-spacing: 0px\">), Ritim\u00a0\u0130\u015fitme (<\/span><span style=\"font-size: 1rem;letter-spacing: 0px\">4&#215;2=8<\/span><span style=\"font-size: 1rem;letter-spacing: 0px\">), M\u00fcziksel\u00a0S\u00f6yleme (30), M\u00fcziksel \u00c7alma (30) Toplam Puan = 100<\/span><\/p><p><span style=\"font-size: 1rem;letter-spacing: 0px\">\u00d6zel Yetenek S\u0131nav\u0131 Puan\u0131 (\u00d6YSP) 50 puan\u0131n a\u015fa\u011f\u0131s\u0131nda olan adaylar (engelli adaylar dahil)<br \/>de\u011ferlendirmeye al\u0131nmayacakt\u0131r.<\/span><\/p><p style=\"margin-bottom: 1rem;line-height: 1.5em;text-align: left\"><span style=\"font-weight: bolder\">Yeterliliklerin sertifikaland\u0131r\u0131lmas\u0131 ve diploma<br \/><\/span><\/p><p style=\"margin-bottom: 1rem;line-height: 1.5em;text-align: left\">Kurum, diploma ve di\u011fer belgelerin d\u00fczenlenmesini Atat\u00fcrk \u00dcniversitesi\u2019nin ilgili y\u00f6nergesine g\u00f6re uygulamaktad\u0131r. 240 AKTS + En az 4,00 \u00fczerinden 2,00 ortalama bir \u00f6\u011frencinin mezun olabilmesi i\u00e7in gereklidir. \u00d6\u011frencilerin mezuniyetleri \u00d6\u011frenci Bilgi Sisteminde yer alan tabloya g\u00f6re denetlenir, transkriptleri tek tek incelenerek eksik derslerinin olup olmad\u0131\u011f\u0131na bak\u0131l\u0131r. Kurumda, mezuniyet i\u00e7in b\u00fct\u00fcn ko\u015fullar\u0131n\u0131 yerine getirerek mezuniyet hakk\u0131 kazanan \u00f6\u011frencilere \u201cLisans Diplomas\u0131\u201d d\u00fczenlenir. Diploman\u0131n \u00f6n y\u00fcz\u00fcnde \u00f6\u011frencinin do\u011fum tarihi, do\u011fum yeri, ad\u0131 ve soyad\u0131\\ kurum ad\u0131, mezuniyet tarihi, diploma numaras\u0131\\ diplomay\u0131 onaylayanlar\u0131n ad\u0131, soyad\u0131, unvan\u0131, imzas\u0131 bulunur. Diploman\u0131n arka y\u00fcz\u00fcnde ise T.C. kimlik numaras\u0131 ya da yabanc\u0131 uyruklular i\u00e7in pasaport numaras\u0131, okul numaras\u0131, anne ve baba ad\u0131, \u00f6\u011frenci i\u015fleri dairesi ba\u015fkan\u0131 imzas\u0131 vard\u0131r. Diploma ve ge\u00e7ici mezuniyet belgesindeki bilgiler, mezuniyet tarihi esas al\u0131narak yaz\u0131l\u0131r. Diplomalara foto\u011fraf yap\u0131\u015ft\u0131r\u0131lmaz, mezuniyet ortalamas\u0131 belirtilmez. Diploma eki, kay\u0131tl\u0131 olduklar\u0131 programlar\u0131 ba\u015far\u0131yla tamamlayan \u00f6\u011frencilere diploma ile birlikte verilen bir belgedir. Diploma Ekinde mezuniyet tarihi, diploma numaras\u0131, al\u0131nan derecenin d\u00fczeyi, not durum (transkript) bilgileri ve ulusal e\u011fitim sistemi hakk\u0131nda bilgiler yer al\u0131r. Diploma ekinin \u00f6\u011frenci ve kurumlara sundu\u011fu kazan\u0131mlar aras\u0131nda Y\u00fcksek\u00f6\u011fretimde saydaml\u0131\u011f\u0131 sa\u011flamas\u0131, diploma gibi e\u011fitim belgelerinin s\u00fcratle dikkate al\u0131nmas\u0131, hareketlili\u011fi kolayla\u015ft\u0131rmas\u0131; ya\u015fam boyu e\u011fitimi ula\u015f\u0131labilir k\u0131lmas\u0131 gibi hususlar vard\u0131r. Ayn\u0131 zamanda sahip olunan diploma ve beceriler hakk\u0131nda \u00e2dil, g\u00fcvenilir ve yetkin bilgi verir. Diploma eki, diploman\u0131n akademik ve profesyonel anlamda tan\u0131nmas\u0131n\u0131 kolayla\u015ft\u0131r\u0131r, ancak diploman\u0131n yerini alamaz ve uluslararas\u0131 akademik tan\u0131n\u0131rl\u0131\u011f\u0131 garanti etmez. Diploma eki, \u00d6\u011frenci \u0130\u015fleri Dairesi Ba\u015fkan\u0131 taraf\u0131ndan imzalan\u0131r.\u00a0<\/p><p><b style=\"font-size: 1rem;letter-spacing: 0px\">K\u0131sa Vadeli Hedefler<\/b><\/p><p>*M\u00fczik e\u011fitimi ve ilgili alanlara y\u00f6nelik sorunlar i\u00e7in farkl\u0131 disiplinlerin kat\u0131l\u0131m\u0131n\u0131n sa\u011fland\u0131\u011f\u0131, alternatif \u00e7\u00f6z\u00fcm \u00f6neri paketleri haz\u0131rlamak ve bilimsel \u00e7\u00f6z\u00fcmler \u00fcretmek.<\/p><p>*\u00d6\u011frencileri ulusal ve uluslararas\u0131 estetik kriterlere sahip \u00e7al\u0131\u015fmalara y\u00f6nlendirmek.<\/p><p>*M\u00fczik e\u011fitimi ile ilgili alanlarda ortaya \u00e7\u0131kan \u00fcr\u00fcnlerini \u00f6l\u00e7me ve de\u011ferlendirme kriterlerini belirlemek.<\/p><p><b>Orta Vadeli Hedefler<\/b><\/p><p>*M\u00fczik e\u011fitimi alan\u0131nda ulusal ve uluslararas\u0131 d\u00fczeyde ilgili resmi ve sivil toplum kurulu\u015flar\u0131yla diyalog i\u00e7in de ortak \u00e7al\u0131\u015fmalar yapmak.<\/p><p>*Sanat, k\u00fclt\u00fcr ve e\u011fitim konular\u0131n da resmi ve sivil toplum kurulu\u015flar\u0131yla i\u015fbirli\u011fi yaparak ve projeler geli\u015ftirmek.<\/p><p><b>Uzun Vadeli Hedefler<\/b><\/p><p>*M\u00fczik e\u011fitimine y\u00f6nelik ilke, strateji, model ve \u00e7\u00f6z\u00fcm \u00f6nerileri geli\u015ftirmek.<\/p><p>*M\u00fczik e\u011fitimine y\u00f6nelik ulusal ve uluslararas\u0131 d\u00fczeyde kongre, sempozyum, \u00e7al\u0131\u015ftay, konferans, panel, seminer, s\u00f6yle\u015fi, kurs, ,anma g\u00fcnleri gibi bilimsel toplant\u0131 ve faaliyetler d\u00fczenlemek.<\/p>\t\t\t\t\t\t\t\t<\/div>\n\t\t\t\t<\/div>\n\t\t\t\t\t<\/div>\n\t\t<\/div>\n\t\t\t\t\t<\/div>\n\t\t<\/section>\n\t\t\t\t<\/div>\n\t\t","protected":false},"excerpt":{"rendered":"<p>B\u00f6l\u00fcm Tan\u0131t\u0131m\u0131 M\u00fczik \u00d6\u011fretmenli\u011fi Program\u0131 \u00d6zel Yetenek S\u0131nav\u0131na Ait Bilgiler * Aday\u0131n ba\u015fvuru yapabilmesi i\u00e7in TYT puan\u0131n\u0131n en d\u00fc\u015f\u00fck 800.000 inci (sekizy\u00fczbin) s\u0131rada olmas\u0131 gerekmektedir.* Yabanc\u0131 uyruklu adaylar i\u00e7in, Atat\u00fcrk \u00dcniversitesi taraf\u0131ndan kabul edilen minimum ba\u015fvuru \u015fart\u0131n\u0131 sa\u011flamak gerekmektedir.Bu ko\u015fular\u0131 sa\u011flayan aday \u00d6zel Yetenek S\u0131nav\u0131\u2019na girmeye hak kazan\u0131r. \u00d6zel Yetenek S\u0131nav\u0131\u2019ndan ald\u0131\u011f\u0131 puan, TYT ve [&hellip;]<\/p>\n","protected":false},"author":1,"featured_media":0,"parent":0,"menu_order":0,"comment_status":"closed","ping_status":"closed","template":"elementor_header_footer","meta":{"footnotes":""},"class_list":["post-5728","page","type-page","status-publish","hentry"],"_links":{"self":[{"href":"https:\/\/atauni.edu.tr\/muzik-egitimi-abd\/wp-json\/wp\/v2\/pages\/5728","targetHints":{"allow":["GET"]}}],"collection":[{"href":"https:\/\/atauni.edu.tr\/muzik-egitimi-abd\/wp-json\/wp\/v2\/pages"}],"about":[{"href":"https:\/\/atauni.edu.tr\/muzik-egitimi-abd\/wp-json\/wp\/v2\/types\/page"}],"author":[{"embeddable":true,"href":"https:\/\/atauni.edu.tr\/muzik-egitimi-abd\/wp-json\/wp\/v2\/users\/1"}],"replies":[{"embeddable":true,"href":"https:\/\/atauni.edu.tr\/muzik-egitimi-abd\/wp-json\/wp\/v2\/comments?post=5728"}],"version-history":[{"count":25,"href":"https:\/\/atauni.edu.tr\/muzik-egitimi-abd\/wp-json\/wp\/v2\/pages\/5728\/revisions"}],"predecessor-version":[{"id":6405,"href":"https:\/\/atauni.edu.tr\/muzik-egitimi-abd\/wp-json\/wp\/v2\/pages\/5728\/revisions\/6405"}],"wp:attachment":[{"href":"https:\/\/atauni.edu.tr\/muzik-egitimi-abd\/wp-json\/wp\/v2\/media?parent=5728"}],"curies":[{"name":"wp","href":"https:\/\/api.w.org\/{rel}","templated":true}]}}