{"id":6409,"date":"2025-06-28T22:10:21","date_gmt":"2025-06-28T19:10:21","guid":{"rendered":"https:\/\/birimler.atauni.edu.tr\/muzik-egitimi-abd\/?page_id=6409"},"modified":"2025-06-28T22:11:19","modified_gmt":"2025-06-28T19:11:19","slug":"ogretmenlik-uygulamasi","status":"publish","type":"page","link":"https:\/\/atauni.edu.tr\/muzik-egitimi-abd\/ogretmenlik-uygulamasi\/","title":{"rendered":"\u00d6\u011fretmenlik Uygulamas\u0131"},"content":{"rendered":"","protected":false},"excerpt":{"rendered":"","protected":false},"author":662,"featured_media":0,"parent":0,"menu_order":0,"comment_status":"closed","ping_status":"closed","template":"","meta":{"footnotes":""},"class_list":["post-6409","page","type-page","status-publish","hentry"],"_links":{"self":[{"href":"https:\/\/atauni.edu.tr\/muzik-egitimi-abd\/wp-json\/wp\/v2\/pages\/6409","targetHints":{"allow":["GET"]}}],"collection":[{"href":"https:\/\/atauni.edu.tr\/muzik-egitimi-abd\/wp-json\/wp\/v2\/pages"}],"about":[{"href":"https:\/\/atauni.edu.tr\/muzik-egitimi-abd\/wp-json\/wp\/v2\/types\/page"}],"author":[{"embeddable":true,"href":"https:\/\/atauni.edu.tr\/muzik-egitimi-abd\/wp-json\/wp\/v2\/users\/662"}],"replies":[{"embeddable":true,"href":"https:\/\/atauni.edu.tr\/muzik-egitimi-abd\/wp-json\/wp\/v2\/comments?post=6409"}],"version-history":[{"count":1,"href":"https:\/\/atauni.edu.tr\/muzik-egitimi-abd\/wp-json\/wp\/v2\/pages\/6409\/revisions"}],"predecessor-version":[{"id":6410,"href":"https:\/\/atauni.edu.tr\/muzik-egitimi-abd\/wp-json\/wp\/v2\/pages\/6409\/revisions\/6410"}],"wp:attachment":[{"href":"https:\/\/atauni.edu.tr\/muzik-egitimi-abd\/wp-json\/wp\/v2\/media?parent=6409"}],"curies":[{"name":"wp","href":"https:\/\/api.w.org\/{rel}","templated":true}]}}