{"id":15051,"date":"2025-05-07T10:24:58","date_gmt":"2025-05-07T07:24:58","guid":{"rendered":"https:\/\/birimler.atauni.edu.tr\/ogrenci-isleri-daire-baskanligi\/?page_id=15051"},"modified":"2025-05-09T09:20:33","modified_gmt":"2025-05-09T06:20:33","slug":"komisyon","status":"publish","type":"page","link":"https:\/\/atauni.edu.tr\/ogrenci-isleri-daire-baskanligi\/komisyon\/","title":{"rendered":"Komisyon"},"content":{"rendered":"\t\t<div data-elementor-type=\"wp-page\" data-elementor-id=\"15051\" class=\"elementor elementor-15051\" data-elementor-post-type=\"page\">\n\t\t\t\t\t\t<section class=\"elementor-section elementor-top-section elementor-element elementor-element-a5ac9cb elementor-section-boxed elementor-section-height-default elementor-section-height-default\" data-id=\"a5ac9cb\" data-element_type=\"section\">\n\t\t\t\t\t\t<div class=\"elementor-container elementor-column-gap-default\">\n\t\t\t\t\t<div class=\"elementor-column elementor-col-50 elementor-top-column elementor-element elementor-element-a1e74ae\" data-id=\"a1e74ae\" data-element_type=\"column\">\n\t\t\t<div class=\"elementor-widget-wrap elementor-element-populated\">\n\t\t\t\t\t\t<div class=\"elementor-element elementor-element-463815a0 elementor-widget__width-initial elementor-widget elementor-widget-text-editor\" data-id=\"463815a0\" data-element_type=\"widget\" data-widget_type=\"text-editor.default\">\n\t\t\t\t<div class=\"elementor-widget-container\">\n\t\t\t\t\t\t\t\t\t<table style=\"height: 361px;\" width=\"200\">\n<tbody>\n<tr>\n<td colspan=\"2\" width=\"50\">\n<p style=\"text-align: center;\"><b>B\u0130R\u0130M KAL\u0130TE KOM\u0130SYONU<\/b><\/p>\n<\/td>\n<\/tr>\n<tr>\n<td width=\"70\">Metin SAYGILI<\/td>\n<td width=\"40\">\n<p style=\"text-align: center;\">Ba\u015fkan<\/p>\n<\/td>\n<\/tr>\n<tr>\n<td width=\"70\">Taner \u00d6ZER<\/td>\n<td width=\"40\">\n<p style=\"text-align: center;\">\u00dcye<\/p>\n<\/td>\n<\/tr>\n<tr>\n<td width=\"70\">M. Hakan PABU\u00c7CU<\/td>\n<td width=\"40\">\n<p style=\"text-align: center;\">\u00dcye<\/p>\n<\/td>\n<\/tr>\n<tr>\n<td width=\"70\">Yunus \u00d6ZMERT<\/td>\n<td width=\"40\">\n<p style=\"text-align: center;\">\u00dcye<\/p>\n<\/td>\n<\/tr>\n<tr>\n<td width=\"70\">Fatih DA\u015e<\/td>\n<td width=\"40\">\n<p style=\"text-align: center;\">\u00dcye<\/p>\n<\/td>\n<\/tr>\n<\/tbody>\n<\/table>\t\t\t\t\t\t\t\t<\/div>\n\t\t\t\t<\/div>\n\t\t\t\t\t<\/div>\n\t\t<\/div>\n\t\t\t\t<div class=\"elementor-column elementor-col-25 elementor-top-column elementor-element elementor-element-99010dc\" data-id=\"99010dc\" data-element_type=\"column\">\n\t\t\t<div class=\"elementor-widget-wrap\">\n\t\t\t\t\t\t\t<\/div>\n\t\t<\/div>\n\t\t\t\t<div class=\"elementor-column elementor-col-25 elementor-top-column elementor-element elementor-element-00351c2\" data-id=\"00351c2\" data-element_type=\"column\">\n\t\t\t<div class=\"elementor-widget-wrap\">\n\t\t\t\t\t\t\t<\/div>\n\t\t<\/div>\n\t\t\t\t\t<\/div>\n\t\t<\/section>\n\t\t\t\t<\/div>\n\t\t","protected":false},"excerpt":{"rendered":"<p>B\u0130R\u0130M KAL\u0130TE KOM\u0130SYONU Metin SAYGILI Ba\u015fkan Taner \u00d6ZER \u00dcye M. Hakan PABU\u00c7CU \u00dcye Yunus \u00d6ZMERT \u00dcye Fatih DA\u015e \u00dcye<\/p>\n","protected":false},"author":5,"featured_media":0,"parent":0,"menu_order":0,"comment_status":"closed","ping_status":"closed","template":"","meta":{"footnotes":""},"class_list":["post-15051","page","type-page","status-publish","hentry"],"_links":{"self":[{"href":"https:\/\/atauni.edu.tr\/ogrenci-isleri-daire-baskanligi\/wp-json\/wp\/v2\/pages\/15051","targetHints":{"allow":["GET"]}}],"collection":[{"href":"https:\/\/atauni.edu.tr\/ogrenci-isleri-daire-baskanligi\/wp-json\/wp\/v2\/pages"}],"about":[{"href":"https:\/\/atauni.edu.tr\/ogrenci-isleri-daire-baskanligi\/wp-json\/wp\/v2\/types\/page"}],"author":[{"embeddable":true,"href":"https:\/\/atauni.edu.tr\/ogrenci-isleri-daire-baskanligi\/wp-json\/wp\/v2\/users\/5"}],"replies":[{"embeddable":true,"href":"https:\/\/atauni.edu.tr\/ogrenci-isleri-daire-baskanligi\/wp-json\/wp\/v2\/comments?post=15051"}],"version-history":[{"count":32,"href":"https:\/\/atauni.edu.tr\/ogrenci-isleri-daire-baskanligi\/wp-json\/wp\/v2\/pages\/15051\/revisions"}],"predecessor-version":[{"id":15106,"href":"https:\/\/atauni.edu.tr\/ogrenci-isleri-daire-baskanligi\/wp-json\/wp\/v2\/pages\/15051\/revisions\/15106"}],"wp:attachment":[{"href":"https:\/\/atauni.edu.tr\/ogrenci-isleri-daire-baskanligi\/wp-json\/wp\/v2\/media?parent=15051"}],"curies":[{"name":"wp","href":"https:\/\/api.w.org\/{rel}","templated":true}]}}