{"id":5743,"date":"2021-07-13T11:47:21","date_gmt":"2021-07-13T08:47:21","guid":{"rendered":"https:\/\/portaltest.atauni.edu.tr\/ogrenci-isleri-daire-baskanligi\/?page_id=5743"},"modified":"2022-11-24T08:40:48","modified_gmt":"2022-11-24T05:40:48","slug":"misyon-vizyon-ve-temel-degerler","status":"publish","type":"page","link":"https:\/\/atauni.edu.tr\/ogrenci-isleri-daire-baskanligi\/misyon-vizyon-ve-temel-degerler\/","title":{"rendered":"Misyon &amp; Vizyon"},"content":{"rendered":"\t\t<div data-elementor-type=\"wp-page\" data-elementor-id=\"5743\" class=\"elementor elementor-5743\" data-elementor-post-type=\"page\">\n\t\t\t\t\t\t<section class=\"elementor-section elementor-top-section elementor-element elementor-element-46c2cb5d elementor-section-boxed elementor-section-height-default elementor-section-height-default\" data-id=\"46c2cb5d\" data-element_type=\"section\">\n\t\t\t\t\t\t<div class=\"elementor-container elementor-column-gap-default\">\n\t\t\t\t\t<div class=\"elementor-column elementor-col-100 elementor-top-column elementor-element elementor-element-299813e7\" data-id=\"299813e7\" data-element_type=\"column\">\n\t\t\t<div class=\"elementor-widget-wrap elementor-element-populated\">\n\t\t\t\t\t\t<div class=\"elementor-element elementor-element-3ec495a9 elementor-widget elementor-widget-heading\" data-id=\"3ec495a9\" data-element_type=\"widget\" data-widget_type=\"heading.default\">\n\t\t\t\t<div class=\"elementor-widget-container\">\n\t\t\t\t\t<h2 class=\"elementor-heading-title elementor-size-default\">Vizyon &amp; Misyon<\/h2>\t\t\t\t<\/div>\n\t\t\t\t<\/div>\n\t\t\t\t<div class=\"elementor-element elementor-element-2092e3b3 elementor-widget-divider--view-line elementor-widget elementor-widget-divider\" data-id=\"2092e3b3\" data-element_type=\"widget\" data-widget_type=\"divider.default\">\n\t\t\t\t<div class=\"elementor-widget-container\">\n\t\t\t\t\t\t\t<div class=\"elementor-divider\">\n\t\t\t<span class=\"elementor-divider-separator\">\n\t\t\t\t\t\t<\/span>\n\t\t<\/div>\n\t\t\t\t\t\t<\/div>\n\t\t\t\t<\/div>\n\t\t\t\t\t<\/div>\n\t\t<\/div>\n\t\t\t\t\t<\/div>\n\t\t<\/section>\n\t\t\t\t<section class=\"elementor-section elementor-top-section elementor-element elementor-element-6aa7704 elementor-section-boxed elementor-section-height-default elementor-section-height-default\" data-id=\"6aa7704\" data-element_type=\"section\">\n\t\t\t\t\t\t<div class=\"elementor-container elementor-column-gap-default\">\n\t\t\t\t\t<div class=\"elementor-column elementor-col-100 elementor-top-column elementor-element elementor-element-f6b1e05\" data-id=\"f6b1e05\" data-element_type=\"column\">\n\t\t\t<div class=\"elementor-widget-wrap elementor-element-populated\">\n\t\t\t\t\t\t<div class=\"elementor-element elementor-element-0493021 elementor-widget elementor-widget-text-editor\" data-id=\"0493021\" data-element_type=\"widget\" data-widget_type=\"text-editor.default\">\n\t\t\t\t<div class=\"elementor-widget-container\">\n\t\t\t\t\t\t\t\t\t<p><strong>\u00d6Z\u00dcLK\u00dc (V\u0130ZYON)<\/strong><br \/>G\u00fcler y\u00fczle, g\u00fcvenli ve h\u0131zl\u0131 bir \u015fekilde bilgi ve belge hizmeti sunan, kat\u0131l\u0131mc\u0131, payla\u015f\u0131mc\u0131 ve ekip \u00e7al\u0131\u015fmas\u0131n\u0131 te\u015fvik eden, S\u00fcrekli geli\u015fen, bilgi ve teknolojileri kullanan, \u00fcst d\u00fczeyde payda\u015f memnuniyeti sa\u011flayan birim olmakt\u0131r.<\/p><p><strong>\u00d6ZG\u00d6REV (M\u0130SYON)<\/strong><br \/>\u00dcniversitemiz \u00f6\u011frencilerinin \u00f6\u011frenim s\u00fcreleri boyunca yap\u0131lmas\u0131 gereken i\u015f ve i\u015flemlerini, ilgili mevzuat \u00e7er\u00e7evesinde ve di\u011fer birimler ile i\u015f birli\u011fi i\u00e7erisinde eksiksiz ve k\u0131sa s\u00fcrede ger\u00e7ekle\u015ftirerek \u00f6\u011frenci ve payda\u015f memnuniyetini sa\u011flamakt\u0131r.<\/p>\t\t\t\t\t\t\t\t<\/div>\n\t\t\t\t<\/div>\n\t\t\t\t\t<\/div>\n\t\t<\/div>\n\t\t\t\t\t<\/div>\n\t\t<\/section>\n\t\t\t\t<\/div>\n\t\t","protected":false},"excerpt":{"rendered":"<p>Vizyon &amp; Misyon \u00d6Z\u00dcLK\u00dc (V\u0130ZYON)G\u00fcler y\u00fczle, g\u00fcvenli ve h\u0131zl\u0131 bir \u015fekilde bilgi ve belge hizmeti sunan, kat\u0131l\u0131mc\u0131, payla\u015f\u0131mc\u0131 ve ekip \u00e7al\u0131\u015fmas\u0131n\u0131 te\u015fvik eden, S\u00fcrekli geli\u015fen, bilgi ve teknolojileri kullanan, \u00fcst d\u00fczeyde payda\u015f memnuniyeti sa\u011flayan birim olmakt\u0131r. \u00d6ZG\u00d6REV (M\u0130SYON)\u00dcniversitemiz \u00f6\u011frencilerinin \u00f6\u011frenim s\u00fcreleri boyunca yap\u0131lmas\u0131 gereken i\u015f ve i\u015flemlerini, ilgili mevzuat \u00e7er\u00e7evesinde ve di\u011fer birimler ile i\u015f [&hellip;]<\/p>\n","protected":false},"author":1,"featured_media":0,"parent":0,"menu_order":0,"comment_status":"closed","ping_status":"closed","template":"elementor_header_footer","meta":{"footnotes":""},"class_list":["post-5743","page","type-page","status-publish","hentry"],"_links":{"self":[{"href":"https:\/\/atauni.edu.tr\/ogrenci-isleri-daire-baskanligi\/wp-json\/wp\/v2\/pages\/5743","targetHints":{"allow":["GET"]}}],"collection":[{"href":"https:\/\/atauni.edu.tr\/ogrenci-isleri-daire-baskanligi\/wp-json\/wp\/v2\/pages"}],"about":[{"href":"https:\/\/atauni.edu.tr\/ogrenci-isleri-daire-baskanligi\/wp-json\/wp\/v2\/types\/page"}],"author":[{"embeddable":true,"href":"https:\/\/atauni.edu.tr\/ogrenci-isleri-daire-baskanligi\/wp-json\/wp\/v2\/users\/1"}],"replies":[{"embeddable":true,"href":"https:\/\/atauni.edu.tr\/ogrenci-isleri-daire-baskanligi\/wp-json\/wp\/v2\/comments?post=5743"}],"version-history":[{"count":34,"href":"https:\/\/atauni.edu.tr\/ogrenci-isleri-daire-baskanligi\/wp-json\/wp\/v2\/pages\/5743\/revisions"}],"predecessor-version":[{"id":10733,"href":"https:\/\/atauni.edu.tr\/ogrenci-isleri-daire-baskanligi\/wp-json\/wp\/v2\/pages\/5743\/revisions\/10733"}],"wp:attachment":[{"href":"https:\/\/atauni.edu.tr\/ogrenci-isleri-daire-baskanligi\/wp-json\/wp\/v2\/media?parent=5743"}],"curies":[{"name":"wp","href":"https:\/\/api.w.org\/{rel}","templated":true}]}}