{"id":5774,"date":"2021-07-13T13:54:52","date_gmt":"2021-07-13T10:54:52","guid":{"rendered":"https:\/\/portaltest.atauni.edu.tr\/ogrenci-isleri-daire-baskanligi\/?page_id=5774"},"modified":"2026-03-23T16:25:47","modified_gmt":"2026-03-23T13:25:47","slug":"tarihce","status":"publish","type":"page","link":"https:\/\/atauni.edu.tr\/ogrenci-isleri-daire-baskanligi\/tarihce\/","title":{"rendered":"Hakk\u0131m\u0131zda"},"content":{"rendered":"\t\t<div data-elementor-type=\"wp-page\" data-elementor-id=\"5774\" class=\"elementor elementor-5774\" data-elementor-post-type=\"page\">\n\t\t\t\t\t\t<section class=\"elementor-section elementor-top-section elementor-element elementor-element-46c2cb5d elementor-section-boxed elementor-section-height-default elementor-section-height-default\" data-id=\"46c2cb5d\" data-element_type=\"section\">\n\t\t\t\t\t\t<div class=\"elementor-container elementor-column-gap-default\">\n\t\t\t\t\t<div class=\"elementor-column elementor-col-100 elementor-top-column elementor-element elementor-element-299813e7\" data-id=\"299813e7\" data-element_type=\"column\">\n\t\t\t<div class=\"elementor-widget-wrap elementor-element-populated\">\n\t\t\t\t\t\t<div class=\"elementor-element elementor-element-3ec495a9 elementor-widget elementor-widget-heading\" data-id=\"3ec495a9\" data-element_type=\"widget\" data-widget_type=\"heading.default\">\n\t\t\t\t<div class=\"elementor-widget-container\">\n\t\t\t\t\t<h2 class=\"elementor-heading-title elementor-size-default\">Hakk\u0131m\u0131zda<\/h2>\t\t\t\t<\/div>\n\t\t\t\t<\/div>\n\t\t\t\t<div class=\"elementor-element elementor-element-2092e3b3 elementor-widget-divider--view-line elementor-widget elementor-widget-divider\" data-id=\"2092e3b3\" data-element_type=\"widget\" data-widget_type=\"divider.default\">\n\t\t\t\t<div class=\"elementor-widget-container\">\n\t\t\t\t\t\t\t<div class=\"elementor-divider\">\n\t\t\t<span class=\"elementor-divider-separator\">\n\t\t\t\t\t\t<\/span>\n\t\t<\/div>\n\t\t\t\t\t\t<\/div>\n\t\t\t\t<\/div>\n\t\t\t\t\t<\/div>\n\t\t<\/div>\n\t\t\t\t\t<\/div>\n\t\t<\/section>\n\t\t\t\t<section class=\"elementor-section elementor-top-section elementor-element elementor-element-46c4fdb elementor-section-boxed elementor-section-height-default elementor-section-height-default\" data-id=\"46c4fdb\" data-element_type=\"section\">\n\t\t\t\t\t\t<div class=\"elementor-container elementor-column-gap-default\">\n\t\t\t\t\t<div class=\"elementor-column elementor-col-100 elementor-top-column elementor-element elementor-element-e2d5a85\" data-id=\"e2d5a85\" data-element_type=\"column\">\n\t\t\t<div class=\"elementor-widget-wrap elementor-element-populated\">\n\t\t\t\t\t\t<div class=\"elementor-element elementor-element-464015c elementor-widget elementor-widget-text-editor\" data-id=\"464015c\" data-element_type=\"widget\" data-widget_type=\"text-editor.default\">\n\t\t\t\t<div class=\"elementor-widget-container\">\n\t\t\t\t\t\t\t\t\t<p>\u00d6\u011frenci \u0130\u015fleri Daire Ba\u015fkanl\u0131\u011f\u0131, 2547 say\u0131l\u0131 Y\u00fcksek\u00f6\u011fretim Kanunu ve 124 say\u0131l\u0131 Y\u00fcksek\u00f6\u011fretim \u00dcst Kurulu\u015flar\u0131 ile Y\u00fcksek\u00f6\u011fretim Kurumlar\u0131n\u0131n \u0130dari Te\u015fkilat\u0131 Hakk\u0131nda Kanun H\u00fckm\u00fcnde Kararname ile belirlenmi\u015f g\u00f6revleri ger\u00e7ekle\u015ftirmek \u00fczere kurulmu\u015ftur.<\/p><p>Zaman i\u00e7erisinde \u00e7e\u015fitli yakla\u015f\u0131mlarla hizmetlerini s\u00fcrd\u00fcren Ba\u015fkanl\u0131\u011f\u0131m\u0131z, 2015 y\u0131l\u0131nda merkezi yap\u0131da hizmet verme anlay\u0131\u015f\u0131yla hizmetlerini kendisine ait binas\u0131nda vermeye ba\u015flam\u0131\u015ft\u0131r.<\/p><p>Ba\u015fkanl\u0131k taraf\u0131ndan y\u00fcr\u00fct\u00fclen i\u015f ve i\u015flemler dijital \u00e7a\u011f\u0131n gerektirdi\u011fi teknik altyap\u0131y\u0131 kullan\u0131larak elektronik ortamda ger\u00e7ekle\u015ftirilmektedir. Bu kapsamda olmak \u00fczere e\u011fitim-\u00f6\u011fretim ile ilgili s\u00fcre\u00e7ler yaz\u0131l\u0131m\u0131 \u00dcniversitemize ait olan \u00d6\u011frenci Bilgi Sistemi \u00fczerinden y\u00fcr\u00fct\u00fclmektedir.<\/p><p>Ba\u015fkanl\u0131k b\u00fcnyesinde y\u00fcr\u00fct\u00fclen s\u00fcre\u00e7ler ile ilgili i\u015flemler;<\/p><ul><li>E\u011fitim-\u00d6\u011fretim \u015eube M\u00fcd\u00fcrl\u00fc\u011f\u00fc<\/li><li>Kay\u0131t Kabul \u015eube M\u00fcd\u00fcrl\u00fc\u011f\u00fc<\/li><li>Y\u00d6K Burslar\u0131 \u015eube M\u00fcd\u00fcrl\u00fc\u011f\u00fc<\/li><\/ul><p>taraf\u0131ndan tesis edilmektedir.<\/p><p><span style=\"color: #333399\"><strong>Ba\u015fkanlar\u0131m\u0131z<\/strong><\/span><\/p><table style=\"height: 100px\" width=\"200\"><tbody><tr><td width=\"100\">Metin SAYGILI<\/td><td width=\"170\">14.08.2014 \u2013 Devam ediyor<\/td><\/tr><tr><td width=\"100\">Hamit HATUNO\u011eLU<\/td><td width=\"170\">01.06.2006 \u2013 14.08.2014<\/td><\/tr><tr><td width=\"100\">Erdal G\u00dcLL\u00dcDA\u011e<\/td><td width=\"170\">\u00a0\u00a0\u00a0\u00a0\u00a0\u00a0 \u00a0\u00a0\u00a0\u00a0\u00a0\u00a0\u00a0\u00a0\u00a0\u00a0\u00a0\u00a0\u00a0\u00a0\u2013 01.06.2006<\/td><\/tr><\/tbody><\/table>\t\t\t\t\t\t\t\t<\/div>\n\t\t\t\t<\/div>\n\t\t\t\t\t<\/div>\n\t\t<\/div>\n\t\t\t\t\t<\/div>\n\t\t<\/section>\n\t\t\t\t<\/div>\n\t\t","protected":false},"excerpt":{"rendered":"<p>Hakk\u0131m\u0131zda \u00d6\u011frenci \u0130\u015fleri Daire Ba\u015fkanl\u0131\u011f\u0131, 2547 say\u0131l\u0131 Y\u00fcksek\u00f6\u011fretim Kanunu ve 124 say\u0131l\u0131 Y\u00fcksek\u00f6\u011fretim \u00dcst Kurulu\u015flar\u0131 ile Y\u00fcksek\u00f6\u011fretim Kurumlar\u0131n\u0131n \u0130dari Te\u015fkilat\u0131 Hakk\u0131nda Kanun H\u00fckm\u00fcnde Kararname ile belirlenmi\u015f g\u00f6revleri ger\u00e7ekle\u015ftirmek \u00fczere kurulmu\u015ftur. Zaman i\u00e7erisinde \u00e7e\u015fitli yakla\u015f\u0131mlarla hizmetlerini s\u00fcrd\u00fcren Ba\u015fkanl\u0131\u011f\u0131m\u0131z, 2015 y\u0131l\u0131nda merkezi yap\u0131da hizmet verme anlay\u0131\u015f\u0131yla hizmetlerini kendisine ait binas\u0131nda vermeye ba\u015flam\u0131\u015ft\u0131r. Ba\u015fkanl\u0131k taraf\u0131ndan y\u00fcr\u00fct\u00fclen i\u015f ve [&hellip;]<\/p>\n","protected":false},"author":1,"featured_media":0,"parent":0,"menu_order":0,"comment_status":"closed","ping_status":"closed","template":"","meta":{"footnotes":""},"class_list":["post-5774","page","type-page","status-publish","hentry"],"_links":{"self":[{"href":"https:\/\/atauni.edu.tr\/ogrenci-isleri-daire-baskanligi\/wp-json\/wp\/v2\/pages\/5774","targetHints":{"allow":["GET"]}}],"collection":[{"href":"https:\/\/atauni.edu.tr\/ogrenci-isleri-daire-baskanligi\/wp-json\/wp\/v2\/pages"}],"about":[{"href":"https:\/\/atauni.edu.tr\/ogrenci-isleri-daire-baskanligi\/wp-json\/wp\/v2\/types\/page"}],"author":[{"embeddable":true,"href":"https:\/\/atauni.edu.tr\/ogrenci-isleri-daire-baskanligi\/wp-json\/wp\/v2\/users\/1"}],"replies":[{"embeddable":true,"href":"https:\/\/atauni.edu.tr\/ogrenci-isleri-daire-baskanligi\/wp-json\/wp\/v2\/comments?post=5774"}],"version-history":[{"count":139,"href":"https:\/\/atauni.edu.tr\/ogrenci-isleri-daire-baskanligi\/wp-json\/wp\/v2\/pages\/5774\/revisions"}],"predecessor-version":[{"id":16348,"href":"https:\/\/atauni.edu.tr\/ogrenci-isleri-daire-baskanligi\/wp-json\/wp\/v2\/pages\/5774\/revisions\/16348"}],"wp:attachment":[{"href":"https:\/\/atauni.edu.tr\/ogrenci-isleri-daire-baskanligi\/wp-json\/wp\/v2\/media?parent=5774"}],"curies":[{"name":"wp","href":"https:\/\/api.w.org\/{rel}","templated":true}]}}