{"id":6882,"date":"2021-12-06T17:44:18","date_gmt":"2021-12-06T14:44:18","guid":{"rendered":"https:\/\/birimler.atauni.edu.tr\/ogrenci-isleri-daire-baskanligi\/?page_id=6882"},"modified":"2021-12-06T20:49:32","modified_gmt":"2021-12-06T17:49:32","slug":"is-surecleri","status":"publish","type":"page","link":"https:\/\/atauni.edu.tr\/ogrenci-isleri-daire-baskanligi\/is-surecleri\/","title":{"rendered":"\u0130\u015f S\u00fcre\u00e7leri"},"content":{"rendered":"\t\t<div data-elementor-type=\"wp-page\" data-elementor-id=\"6882\" class=\"elementor elementor-6882\" data-elementor-post-type=\"page\">\n\t\t\t\t\t\t<section class=\"elementor-section elementor-top-section elementor-element elementor-element-17000ba elementor-section-boxed elementor-section-height-default elementor-section-height-default\" data-id=\"17000ba\" data-element_type=\"section\">\n\t\t\t\t\t\t<div class=\"elementor-container elementor-column-gap-default\">\n\t\t\t\t\t<div class=\"elementor-column elementor-col-100 elementor-top-column elementor-element elementor-element-7092363\" data-id=\"7092363\" data-element_type=\"column\">\n\t\t\t<div class=\"elementor-widget-wrap elementor-element-populated\">\n\t\t\t\t\t\t<div class=\"elementor-element elementor-element-0f2b2c2 elementor-widget elementor-widget-heading\" data-id=\"0f2b2c2\" data-element_type=\"widget\" data-widget_type=\"heading.default\">\n\t\t\t\t<div class=\"elementor-widget-container\">\n\t\t\t\t\t<h2 class=\"elementor-heading-title elementor-size-default\">\u0130\u015f S\u00fcre\u00e7leri<\/h2>\t\t\t\t<\/div>\n\t\t\t\t<\/div>\n\t\t\t\t<div class=\"elementor-element elementor-element-28e97fe elementor-widget-divider--view-line elementor-widget elementor-widget-divider\" data-id=\"28e97fe\" data-element_type=\"widget\" data-widget_type=\"divider.default\">\n\t\t\t\t<div class=\"elementor-widget-container\">\n\t\t\t\t\t\t\t<div class=\"elementor-divider\">\n\t\t\t<span class=\"elementor-divider-separator\">\n\t\t\t\t\t\t<\/span>\n\t\t<\/div>\n\t\t\t\t\t\t<\/div>\n\t\t\t\t<\/div>\n\t\t\t\t<div class=\"elementor-element elementor-element-68aefc1 elementor-widget elementor-widget-text-editor\" data-id=\"68aefc1\" data-element_type=\"widget\" data-widget_type=\"text-editor.default\">\n\t\t\t\t<div class=\"elementor-widget-container\">\n\t\t\t\t\t\t\t\t\t<div style=\"color: #63646b;font-size: 12px;background-color: #fafafa;text-align: center\"><span style=\"font-weight: bolder\">\u0130\u015e S\u00dcRE\u00c7LER\u0130<\/span><\/div><table style=\"color: #63646b;font-size: 12px;background-color: #fafafa\" border=\"1\" width=\"754\" cellspacing=\"0\" cellpadding=\"1\"><tbody><tr><td style=\"padding-left: 5px\" width=\"140\"><p style=\"margin-bottom: 1rem\" align=\"center\"><span style=\"font-weight: bolder\">\u0130\u015e TANIMI<\/span><\/p><\/td><td style=\"padding-left: 5px\" valign=\"top\" width=\"472\"><p style=\"margin-bottom: 1rem\" align=\"center\"><span style=\"font-weight: bolder\">YAPILMASI GEREKENLER<\/span><\/p><\/td><td style=\"padding-left: 5px\" valign=\"top\" width=\"76\"><p style=\"margin-bottom: 1rem\" align=\"center\"><span style=\"font-weight: bolder\">D\u00d6NEM<\/span><\/p><\/td><td style=\"padding-left: 5px\" valign=\"top\" width=\"66\"><p style=\"margin-bottom: 1rem\" align=\"center\"><span style=\"font-weight: bolder\">TAR\u0130H\u00a0<\/span><\/p><\/td><\/tr><tr><td style=\"padding-left: 5px\" width=\"140\"><p style=\"margin-bottom: 1rem\" align=\"center\"><span style=\"font-weight: bolder\">Veri G\u00f6nderim \u00a0 \u00a0\u0130\u015flemleri<\/span><\/p><\/td><td style=\"padding-left: 5px\" width=\"472\"><ul><li>Y\u00d6KS\u0130S veri g\u00f6nderim i\u015flemleri (stat\u00fc, askerlik, trankript \u2026vb)<\/li><\/ul><\/td><td style=\"padding-left: 5px\" width=\"76\"><div style=\"text-align: center\">Y\u0131l boyunca<\/div><\/td><td style=\"padding-left: 5px\" width=\"66\"><div style=\"text-align: center\">Ocak Aral\u0131k<\/div><\/td><\/tr><tr><td style=\"padding-left: 5px\" width=\"140\"><p style=\"margin-bottom: 1rem\" align=\"center\"><span style=\"font-weight: bolder\">Bilgilendirme \u00a0 \u00a0Toplant\u0131s\u0131<\/span><\/p><\/td><td style=\"padding-left: 5px\" width=\"472\"><ul><li>Daire Ba\u015fkanl\u0131\u011f\u0131 personeli<\/li><li>\u00d6nlisans &amp; Lisans ile Lisans\u00fcst\u00fc birim personelleri<\/li><\/ul><\/td><td style=\"padding-left: 5px\" width=\"76\"><div style=\"text-align: center\">D\u00f6nem Ba\u015flar\u0131nda<\/div><\/td><td style=\"padding-left: 5px\" width=\"66\"><div style=\"text-align: center\">Ekim<\/div><div style=\"text-align: center\">Ocak<\/div><\/td><\/tr><tr><td style=\"padding-left: 5px\" width=\"140\"><p style=\"margin-bottom: 1rem\" align=\"center\"><span style=\"font-weight: bolder\">Birim &amp; \u00a0 \u00a0B\u00f6l\u00fcm &amp; Program A\u00e7ma \u00d6\u011frenci Alma \u0130\u015flemleri<\/span><\/p><\/td><td style=\"padding-left: 5px\" width=\"472\"><ul><li>Birimlerden taleplerin al\u0131nmas\u0131, incelenmesi. Senato\u2019da g\u00f6r\u00fc\u015f\u00fclmesi<\/li><li>Senato Karar\u0131n\u0131n Y\u00d6K\u2019e g\u00f6nderilmesi<\/li><li>ABAYS s\u00fcrecinin takip edilmesi<\/li><\/ul><\/td><td style=\"padding-left: 5px\" width=\"76\"><p style=\"margin-bottom: 1rem\" align=\"center\">G\u00fcz<\/p><\/td><td style=\"padding-left: 5px\" width=\"66\"><p style=\"margin-bottom: 1rem\" align=\"center\">Kas\u0131m<\/p><p style=\"margin-bottom: 1rem\" align=\"center\">Aral\u0131k<\/p><\/td><\/tr><tr><td style=\"padding-left: 5px\" width=\"140\"><p style=\"margin-bottom: 1rem\" align=\"center\"><span style=\"font-weight: bolder\">Akademik Takvim \u00a0 \u00a0\u0130\u015flemleri<\/span><\/p><\/td><td style=\"padding-left: 5px\" width=\"472\"><ul><li>Akademik Takvim Tasla\u011f\u0131n\u0131n haz\u0131rlanmas\u0131, birim g\u00f6r\u00fc\u015flerinin al\u0131nmas\u0131<\/li><li>\u00a0Senatoda g\u00f6r\u00fc\u015f\u00fclmesi<\/li><\/ul><\/td><td style=\"padding-left: 5px\" width=\"76\"><div style=\"text-align: center\">G\u00fcz<\/div><\/td><td style=\"padding-left: 5px\" width=\"66\"><div style=\"text-align: center\">\u015eubat<\/div><\/td><\/tr><tr><td style=\"padding-left: 5px\" width=\"140\"><p style=\"margin-bottom: 1rem\" align=\"center\"><span style=\"font-weight: bolder\">Ders Kay\u0131t\u00a0<\/span><\/p><p style=\"margin-bottom: 1rem\" align=\"center\"><span style=\"font-weight: bolder\">\u0130\u015flemleri<\/span><\/p><\/td><td style=\"padding-left: 5px\" width=\"472\"><ul><li>Birimlere ders kay\u0131tlar\u0131 ile ilgili bilgilendirme yaz\u0131s\u0131n\u0131n g\u00f6nderilmesi,<\/li><li>Web sayfas\u0131nda ders kayd\u0131 bilgi rehberinin g\u00fcncellenmesi,<\/li><li>Bor\u00e7land\u0131rma i\u015flemlerinin yap\u0131lmas\u0131 ( II.\u00d6, uzatan, %10\u2019 giren \u00f6\u011frenciler)<\/li><li>OBS Akademik takvimin g\u00fcncellenmesi (\u00d6\u011frenci ders kay\u0131t &amp; dan\u0131\u015fman ders onay &amp; ders ekle b\u0131rak &amp; mazaretli ders kay\u0131t tarihlerinin OBS\u2019ye girilmesi)<\/li><li>SMS G\u00f6nderimi (\u00d6\u011frencilere ve dan\u0131\u015fmanlara ders kay\u0131tlar\u0131n\u0131n\/onaylar\u0131n\u0131n ba\u015flama biti\u015f tarihleri, ders ekle \u00e7\u0131kar tarihleri,<\/li><\/ul><\/td><td style=\"padding-left: 5px\" width=\"76\"><div style=\"text-align: center\">G\u00fcz<\/div><div style=\"text-align: center\">Bahar<\/div><\/td><td style=\"padding-left: 5px\" width=\"66\"><div style=\"text-align: center\">Aral\u0131k Eyl\u00fcl<\/div><\/td><\/tr><tr><td style=\"padding-left: 5px\" width=\"140\"><p style=\"margin-bottom: 1rem\" align=\"center\"><span style=\"font-weight: bolder\">Mezuniyet\u00a0<\/span><\/p><p style=\"margin-bottom: 1rem\" align=\"center\"><span style=\"font-weight: bolder\">\u0130\u015flemleri<\/span><\/p><\/td><td style=\"padding-left: 5px\" width=\"472\"><ul><li>Malzeme ihtiyac\u0131n\u0131n belirlenerek tedarik s\u00fcre\u00e7lerinin tamamlanmas\u0131<\/li><li>Mezuniyet s\u00fcreciyle ilgili personel planlamas\u0131n\u0131n yap\u0131lmas\u0131<\/li><li>\u00d6\u011frenci Bilgi Sisteminde gerekmesi halinde g\u00fcncelleme yap\u0131lmas\u0131<\/li><li>OBS\u2019de mezuniyet ve diploma teslim s\u00fcre\u00e7leri ile ilgili \u00e7al\u0131\u015fmalar\u0131n yap\u0131lmas\u0131<\/li><\/ul><\/td><td style=\"padding-left: 5px\" width=\"76\"><div style=\"text-align: center\">Bahar<\/div><\/td><td style=\"padding-left: 5px\" width=\"66\"><div style=\"text-align: center\">Nisan<\/div><\/td><\/tr><tr><td style=\"padding-left: 5px\" width=\"140\"><p style=\"margin-bottom: 1rem\" align=\"center\"><span style=\"font-weight: bolder\">YKS\u00a0<\/span><\/p><p style=\"margin-bottom: 1rem\" align=\"center\"><span style=\"font-weight: bolder\">\u0130\u015flemleri<\/span><\/p><\/td><td style=\"padding-left: 5px\" width=\"472\"><ul><li>Kontenjan belirlenmesi ve Senato onay\u0131ndan ge\u00e7irilmesi<\/li><li>Verilerin Y\u00d6KS\u0130S\u2019e kaydedilmesi<\/li><li>OBS\u2019de kay\u0131t s\u00fcre\u00e7leri ile ilgili \u00e7al\u0131\u015fmalar\u0131n yap\u0131lmas\u0131<\/li><li>Kay\u0131t bilgi rehberinin g\u00fcncellenmesi<\/li><li>Kay\u0131t s\u00fcreci i\u00e7in organizasyon planlamas\u0131 yap\u0131lmas\u0131 (personel g\u00f6revlendirilmesi, tan\u0131t\u0131m bro\u015f\u00fcrleri, y\u00f6nlendirme afi\u015fleri, stant kurulumlar\u0131, ikraml\u0131k malzeme temini, ilgili kurum kuru\u015flarla yaz\u0131\u015fmalar .gibi)<\/li><\/ul><\/td><td style=\"padding-left: 5px\" width=\"76\"><div style=\"text-align: center\">G\u00fcz<\/div><\/td><td style=\"padding-left: 5px\" width=\"66\"><div style=\"text-align: center\">Aral\u0131k<\/div><\/td><\/tr><tr><td style=\"padding-left: 5px\" width=\"140\"><p style=\"margin-bottom: 1rem\" align=\"center\"><span style=\"font-weight: bolder\">\u00d6zel Yetenek \u00a0 \u00a0S\u0131nav\u0131 \u0130\u015flemleri<\/span><\/p><\/td><td style=\"padding-left: 5px\" width=\"472\"><ul><li>Birimlerden kay\u0131t k\u0131lavuzunun istenilmesi<\/li><li>Klavuzlar\u0131n birle\u015ftirilerek Senato onay\u0131na sunulmas\u0131,<\/li><li>K\u0131lavuzun web sayfas\u0131nda ilan edilmesi<\/li><li>Bilgi rehberinin g\u00fcncellenmesi<\/li><li>OBS\u2019de ba\u015fvuru ve kay\u0131t s\u00fcre\u00e7leri ile ilgili \u00e7al\u0131\u015fmalar\u0131n yap\u0131lmas\u0131<\/li><li>Yerle\u015fme hakk\u0131 kazanan adaylar\u0131n kay\u0131t i\u015flemlerinin tamamlanmas\u0131<\/li><\/ul><\/td><td style=\"padding-left: 5px\" width=\"76\"><div style=\"text-align: center\">Bahar<\/div><\/td><td style=\"padding-left: 5px\" width=\"66\"><div style=\"text-align: center\">Nisan<\/div><\/td><\/tr><tr><td style=\"padding-left: 5px\" width=\"140\"><p style=\"margin-bottom: 1rem\" align=\"center\"><span style=\"font-weight: bolder\">Y\u00d6S \u0130\u015flemleri<\/span><\/p><\/td><td style=\"padding-left: 5px\" width=\"472\"><ul><li>Kontenjanlar\u0131n belirlenmesi ve Senato onay\u0131ndan ge\u00e7irilmesi<\/li><li>Y\u00d6KS\u0130S\u2019e kaydedilmesi<\/li><li>OBS\u2019de ba\u015fvuru ve kay\u0131t s\u00fcre\u00e7leri ile ilgili \u00e7al\u0131\u015fmalar\u0131n yap\u0131lmas\u0131<\/li><\/ul><\/td><td style=\"padding-left: 5px\" width=\"76\"><div style=\"text-align: center\">G\u00fcz<\/div><\/td><td style=\"padding-left: 5px\" width=\"66\"><div style=\"text-align: center\">Aral\u0131k<\/div><\/td><\/tr><tr><td style=\"padding-left: 5px\" width=\"140\"><p style=\"margin-bottom: 1rem\" align=\"center\"><span style=\"font-weight: bolder\">Yatay Ge\u00e7i\u015f \u00a0 \u00a0\u0130\u015flemleri<\/span><\/p><\/td><td style=\"padding-left: 5px\" width=\"472\"><ul><li>Kontenjanlar\u0131n belirlenmesi ve Senato onay\u0131ndan ge\u00e7irilmesi<\/li><li>Y\u00d6KS\u0130S\u2019e kaydedilmesi<\/li><li>Web sayfas\u0131nda yatay ge\u00e7i\u015f bilgi rehberinin g\u00fcncellenmesi<\/li><li>OBS\u2019de ba\u015fvuru ve kay\u0131t s\u00fcre\u00e7leri ile ilgili \u00e7al\u0131\u015fmalar\u0131n yap\u0131lmas\u0131<\/li><li>Yatay ge\u00e7i\u015f gelen\/giden \u00f6\u011frencilerin dosyalar\u0131n\u0131n g\u00f6nderilmesi\/istenilmesi yaz\u0131\u015fmalar\u0131n\u0131n yap\u0131lmas\u0131<\/li><li>Kurum i\u00e7i yatay ge\u00e7i\u015fler i\u00e7in bilgilendirme yaz\u0131s\u0131n\u0131n g\u00f6nderilmesi<\/li><\/ul><\/td><td style=\"padding-left: 5px\" width=\"76\"><div style=\"text-align: center\">G\u00fcz<\/div><div style=\"text-align: center\">Bahar<\/div><\/td><td style=\"padding-left: 5px\" width=\"66\"><div style=\"text-align: center\">Aral\u0131k Haziran<\/div><\/td><\/tr><tr><td style=\"padding-left: 5px\" width=\"140\"><p style=\"margin-bottom: 1rem\" align=\"center\"><span style=\"font-weight: bolder\">\u00d6zel \u00d6\u011frenci \u00a0 \u00a0\u0130\u015flemleri<\/span><\/p><\/td><td style=\"padding-left: 5px\" width=\"472\"><ul><li>Web sayfas\u0131nda \u00d6zel \u00d6\u011frenci bilgi rehberinin g\u00fcncellenmesi<\/li><li>OBS\u2019de ba\u015fvuru ve kay\u0131t s\u00fcre\u00e7leri ile ilgili \u00e7al\u0131\u015fmalar\u0131n yap\u0131lmas\u0131<\/li><li>\u00d6zel \u00f6\u011frenci gelen\/giden \u00f6\u011frencilerin yaz\u0131\u015fmalar\u0131n\u0131n yap\u0131lmas\u0131<\/li><\/ul><\/td><td style=\"padding-left: 5px\" width=\"76\"><div style=\"text-align: center\">G\u00fcz<\/div><div style=\"text-align: center\">Bahar<\/div><\/td><td style=\"padding-left: 5px\" width=\"66\"><div style=\"text-align: center\">Aral\u0131k Eyl\u00fcl<\/div><\/td><\/tr><tr><td style=\"padding-left: 5px\" width=\"140\"><p style=\"margin-bottom: 1rem\" align=\"center\"><span style=\"font-weight: bolder\">Lisans\u00fcst\u00fc \u00a0 \u00a0\u00d6\u011frenci Al\u0131m \u0130\u015flemleri<\/span><\/p><\/td><td style=\"padding-left: 5px\" width=\"472\"><ul><li>Kontenjanlar\u0131n ve \u00f6n \u015fartlar\u0131n belirlenmesi,<\/li><li>Rekt\u00f6rl\u00fck Makam\u0131ndan onay al\u0131nmas\u0131,<\/li><li>Web sayfas\u0131nda yatay ge\u00e7i\u015f bilgi rehberinin g\u00fcncellenmesi<\/li><li>OBS\u2019de ba\u015fvuru ve kay\u0131t s\u00fcre\u00e7leri ile ilgili \u00e7al\u0131\u015fmalar\u0131n yap\u0131lmas\u0131<\/li><\/ul><\/td><td style=\"padding-left: 5px\" width=\"76\"><div style=\"text-align: center\">G\u00fcz<\/div><ul><li style=\"text-align: center\">Bahar<\/li><\/ul><\/td><td style=\"padding-left: 5px\" width=\"66\"><div style=\"text-align: center\">Nisan<\/div><div style=\"text-align: center\">Kas\u0131m<\/div><\/td><\/tr><tr><td style=\"padding-left: 5px\" width=\"140\"><p style=\"margin-bottom: 1rem\" align=\"center\"><span style=\"font-weight: bolder\">Yaz Okulu \u00a0 \u00a0\u0130\u015flemleri<\/span><\/p><\/td><td style=\"padding-left: 5px\" width=\"472\"><ul><li>Yaz okulu bilgi rehberinin g\u00fcncellenmesi<\/li><li>OBS\u2019de ba\u015fvuru ve kay\u0131t s\u00fcre\u00e7leri ile ilgili \u00e7al\u0131\u015fmalar\u0131n yap\u0131lmas\u0131<\/li><li>Yaz okuluna y\u00f6nelik bor\u00e7land\u0131rma yap\u0131lmas\u0131<\/li><li>D\u00f6nem sonunda misafir \u00f6\u011frenci notlar\u0131n\u0131 ilgili kurumlarla payla\u015f\u0131lmas\u0131<\/li><\/ul><\/td><td style=\"padding-left: 5px\" width=\"76\"><div style=\"text-align: center\">Bahar<\/div><\/td><td style=\"padding-left: 5px\" width=\"66\"><div style=\"text-align: center\">Nisan<\/div><\/td><\/tr><tr><td style=\"padding-left: 5px\" width=\"140\"><p style=\"margin-bottom: 1rem\" align=\"center\"><span style=\"font-weight: bolder\">Mali \u0130\u015flemler<\/span><\/p><\/td><td style=\"padding-left: 5px\" width=\"472\"><ul><li>Malzeme ihtiya\u00e7lar\u0131n\u0131n planlanmas\u0131<\/li><li>Gerekli sat\u0131n alma i\u015flemlerinin ger\u00e7ekle\u015ftirilmesi<\/li><li>Hesaplar\u0131n kapat\u0131lmas\u0131<\/li><\/ul><\/td><td style=\"padding-left: 5px\" width=\"76\"><p style=\"margin-bottom: 1rem\" align=\"center\">G\u00fcz<\/p><\/td><td style=\"padding-left: 5px\" width=\"66\"><p style=\"margin-bottom: 1rem\" align=\"center\">Kas\u0131m<\/p><p style=\"margin-bottom: 1rem\" align=\"center\">Aral\u0131k<\/p><\/td><\/tr><tr><td style=\"padding-left: 5px\" width=\"140\"><p style=\"margin-bottom: 1rem\" align=\"center\"><span style=\"font-weight: bolder\">Rutin \u0130\u015flemler\u00a0<\/span><\/p><\/td><td style=\"padding-left: 5px\" width=\"472\"><ul><li>Har\u00e7 iade i\u015flemleri<\/li><li>\u00d6\u011frenci disiplin i\u015flemlerine y\u00f6nelik \u00e7al\u0131\u015fmalar<\/li><li>Mevzuat (Y\u00f6netmelik, Y\u00f6nerge, Uygulama Esaslar\u0131) de\u011fi\u015fiklikleri<\/li><li>M\u00fcfredat de\u011fi\u015fiklikleri<\/li><li>Askerlik tecil \/ tehir i\u015flemleri<\/li><li>Katk\u0131 pay\u0131 raporlama \u00e7al\u0131\u015fmalar\u0131 (Y\u00d6KS\u0130S, Strateji Gel.D.B\u015fk.)<\/li><\/ul><\/td><td style=\"padding-left: 5px\" width=\"76\"><div style=\"text-align: center\">Y\u0131l\u00a0<\/div><div style=\"text-align: center\">Boyunca<\/div><\/td><td style=\"padding-left: 5px\" width=\"66\"><div style=\"text-align: center\">Ocak Aral\u0131k<\/div><div>\u00a0<\/div><\/td><\/tr><\/tbody><\/table>\t\t\t\t\t\t\t\t<\/div>\n\t\t\t\t<\/div>\n\t\t\t\t<div class=\"elementor-element elementor-element-940185a elementor-widget-divider--view-line elementor-widget elementor-widget-divider\" data-id=\"940185a\" data-element_type=\"widget\" data-widget_type=\"divider.default\">\n\t\t\t\t<div class=\"elementor-widget-container\">\n\t\t\t\t\t\t\t<div class=\"elementor-divider\">\n\t\t\t<span class=\"elementor-divider-separator\">\n\t\t\t\t\t\t<\/span>\n\t\t<\/div>\n\t\t\t\t\t\t<\/div>\n\t\t\t\t<\/div>\n\t\t\t\t<div class=\"elementor-element elementor-element-3131741 elementor-widget-divider--view-line elementor-widget elementor-widget-divider\" data-id=\"3131741\" data-element_type=\"widget\" data-widget_type=\"divider.default\">\n\t\t\t\t<div class=\"elementor-widget-container\">\n\t\t\t\t\t\t\t<div class=\"elementor-divider\">\n\t\t\t<span class=\"elementor-divider-separator\">\n\t\t\t\t\t\t<\/span>\n\t\t<\/div>\n\t\t\t\t\t\t<\/div>\n\t\t\t\t<\/div>\n\t\t\t\t\t<\/div>\n\t\t<\/div>\n\t\t\t\t\t<\/div>\n\t\t<\/section>\n\t\t\t\t<\/div>\n\t\t","protected":false},"excerpt":{"rendered":"<p>\u0130\u015f S\u00fcre\u00e7leri \u0130\u015e S\u00dcRE\u00c7LER\u0130 \u0130\u015e TANIMI YAPILMASI GEREKENLER D\u00d6NEM TAR\u0130H\u00a0 Veri G\u00f6nderim \u00a0 \u00a0\u0130\u015flemleri Y\u00d6KS\u0130S veri g\u00f6nderim i\u015flemleri (stat\u00fc, askerlik, trankript \u2026vb) Y\u0131l boyunca Ocak Aral\u0131k Bilgilendirme \u00a0 \u00a0Toplant\u0131s\u0131 Daire Ba\u015fkanl\u0131\u011f\u0131 personeli \u00d6nlisans &amp; Lisans ile Lisans\u00fcst\u00fc birim personelleri D\u00f6nem Ba\u015flar\u0131nda EkimOcak Birim &amp; \u00a0 \u00a0B\u00f6l\u00fcm &amp; Program A\u00e7ma \u00d6\u011frenci Alma \u0130\u015flemleri Birimlerden taleplerin al\u0131nmas\u0131, [&hellip;]<\/p>\n","protected":false},"author":5,"featured_media":0,"parent":0,"menu_order":0,"comment_status":"closed","ping_status":"closed","template":"","meta":{"footnotes":""},"class_list":["post-6882","page","type-page","status-publish","hentry"],"_links":{"self":[{"href":"https:\/\/atauni.edu.tr\/ogrenci-isleri-daire-baskanligi\/wp-json\/wp\/v2\/pages\/6882","targetHints":{"allow":["GET"]}}],"collection":[{"href":"https:\/\/atauni.edu.tr\/ogrenci-isleri-daire-baskanligi\/wp-json\/wp\/v2\/pages"}],"about":[{"href":"https:\/\/atauni.edu.tr\/ogrenci-isleri-daire-baskanligi\/wp-json\/wp\/v2\/types\/page"}],"author":[{"embeddable":true,"href":"https:\/\/atauni.edu.tr\/ogrenci-isleri-daire-baskanligi\/wp-json\/wp\/v2\/users\/5"}],"replies":[{"embeddable":true,"href":"https:\/\/atauni.edu.tr\/ogrenci-isleri-daire-baskanligi\/wp-json\/wp\/v2\/comments?post=6882"}],"version-history":[{"count":7,"href":"https:\/\/atauni.edu.tr\/ogrenci-isleri-daire-baskanligi\/wp-json\/wp\/v2\/pages\/6882\/revisions"}],"predecessor-version":[{"id":6964,"href":"https:\/\/atauni.edu.tr\/ogrenci-isleri-daire-baskanligi\/wp-json\/wp\/v2\/pages\/6882\/revisions\/6964"}],"wp:attachment":[{"href":"https:\/\/atauni.edu.tr\/ogrenci-isleri-daire-baskanligi\/wp-json\/wp\/v2\/media?parent=6882"}],"curies":[{"name":"wp","href":"https:\/\/api.w.org\/{rel}","templated":true}]}}