{"id":10159,"date":"2026-04-17T20:24:08","date_gmt":"2026-04-17T17:24:08","guid":{"rendered":"https:\/\/atauni.edu.tr\/ogretme-ve-ogrenmeyi-gelistirme-uygulama-ve-arastirma-merkezi\/?page_id=10159"},"modified":"2026-04-17T20:26:05","modified_gmt":"2026-04-17T17:26:05","slug":"mindgrasp-ai","status":"publish","type":"page","link":"https:\/\/atauni.edu.tr\/ogretme-ve-ogrenmeyi-gelistirme-uygulama-ve-arastirma-merkezi\/mindgrasp-ai\/","title":{"rendered":"Mindgrasp AI"},"content":{"rendered":"\t\t<div data-elementor-type=\"wp-page\" data-elementor-id=\"10159\" class=\"elementor elementor-10159\" data-elementor-post-type=\"page\">\n\t\t\t\t\t\t<section class=\"elementor-section elementor-top-section elementor-element elementor-element-7e51e90 elementor-section-boxed elementor-section-height-default elementor-section-height-default\" data-id=\"7e51e90\" data-element_type=\"section\">\n\t\t\t\t\t\t<div class=\"elementor-container elementor-column-gap-default\">\n\t\t\t\t\t<div class=\"elementor-column elementor-col-100 elementor-top-column elementor-element elementor-element-6f830fe\" data-id=\"6f830fe\" data-element_type=\"column\">\n\t\t\t<div class=\"elementor-widget-wrap elementor-element-populated\">\n\t\t\t\t\t\t<div class=\"elementor-element elementor-element-0d0fa4a elementor-widget elementor-widget-image\" data-id=\"0d0fa4a\" data-element_type=\"widget\" data-widget_type=\"image.default\">\n\t\t\t\t<div class=\"elementor-widget-container\">\n\t\t\t\t\t\t\t\t\t\t\t\t\t\t\t<img fetchpriority=\"high\" decoding=\"async\" width=\"300\" height=\"300\" src=\"https:\/\/atauni.edu.tr\/ogretme-ve-ogrenmeyi-gelistirme-uygulama-ve-arastirma-merkezi\/wp-content\/uploads\/sites\/817\/2026\/04\/SMindsgrasp-300x300.png\" class=\"attachment-medium size-medium wp-image-10162\" alt=\"\" srcset=\"https:\/\/atauni.edu.tr\/ogretme-ve-ogrenmeyi-gelistirme-uygulama-ve-arastirma-merkezi\/wp-content\/uploads\/sites\/817\/2026\/04\/SMindsgrasp-300x300.png 300w, https:\/\/atauni.edu.tr\/ogretme-ve-ogrenmeyi-gelistirme-uygulama-ve-arastirma-merkezi\/wp-content\/uploads\/sites\/817\/2026\/04\/SMindsgrasp-150x150.png 150w, https:\/\/atauni.edu.tr\/ogretme-ve-ogrenmeyi-gelistirme-uygulama-ve-arastirma-merkezi\/wp-content\/uploads\/sites\/817\/2026\/04\/SMindsgrasp-560x560.png 560w, https:\/\/atauni.edu.tr\/ogretme-ve-ogrenmeyi-gelistirme-uygulama-ve-arastirma-merkezi\/wp-content\/uploads\/sites\/817\/2026\/04\/SMindsgrasp.png 600w\" sizes=\"(max-width: 300px) 100vw, 300px\" \/>\t\t\t\t\t\t\t\t\t\t\t\t\t\t\t<\/div>\n\t\t\t\t<\/div>\n\t\t\t\t\t<\/div>\n\t\t<\/div>\n\t\t\t\t\t<\/div>\n\t\t<\/section>\n\t\t\t\t<section class=\"elementor-section elementor-top-section elementor-element elementor-element-6bf5cd7 elementor-section-boxed elementor-section-height-default elementor-section-height-default\" data-id=\"6bf5cd7\" data-element_type=\"section\">\n\t\t\t\t\t\t<div class=\"elementor-container elementor-column-gap-default\">\n\t\t\t\t\t<div class=\"elementor-column elementor-col-100 elementor-top-column elementor-element elementor-element-9ba9f6e\" data-id=\"9ba9f6e\" data-element_type=\"column\">\n\t\t\t<div class=\"elementor-widget-wrap elementor-element-populated\">\n\t\t\t\t\t\t<div class=\"elementor-element elementor-element-859a1ef elementor-widget elementor-widget-text-editor\" data-id=\"859a1ef\" data-element_type=\"widget\" data-widget_type=\"text-editor.default\">\n\t\t\t\t<div class=\"elementor-widget-container\">\n\t\t\t\t\t\t\t\t\t<h2>Mindgrasp AI Nedir ve Neden \u00d6nemlidir?<\/h2><p><span style=\"font-size: 1rem;letter-spacing: 0px\">Mindgrasp AI, YouTube videolar\u0131n\u0131, Zoom kay\u0131tlar\u0131n\u0131, podcast ses dosyalar\u0131n\u0131 ve uzun PDF belgelerini saniyeler i\u00e7inde analiz ederek detayl\u0131 notlar, \u00f6zetler, bilgi kartlar\u0131 (flashcards) ve testler \u00fcreten \u00e7oklu modlu (multimodal) bir yapay zek\u00e2 \u00f6\u011frenme asistan\u0131d\u0131r. En b\u00fcy\u00fck fark\u0131, farkl\u0131 formatlardaki t\u00fcm bu karma\u015f\u0131k verileri tek bir \u00e7al\u0131\u015fma alan\u0131nda birle\u015ftirebilmesi ve &#8220;Biyonik Okuma&#8221; (Bionic Reading) gibi n\u00f6ro-kapsay\u0131c\u0131 \u00f6zellikler sunarak metin takibini ve odaklanma h\u0131z\u0131n\u0131 art\u0131rmas\u0131d\u0131r. Uzun ve yorucu materyalleri pasif bir \u015fekilde t\u00fcketme zorunlulu\u011funu ortadan kald\u0131rarak, bilgiyi ki\u015fiselle\u015ftirilmi\u015f, etkile\u015fimli ve y\u00f6netilebilir \u00e7al\u0131\u015fma materyallerine d\u00f6n\u00fc\u015ft\u00fcrme deneyimini tamamen de\u011fi\u015ftirir.<\/span><\/p><h3 data-path-to-node=\"4\">E\u011fitimde Kullan\u0131m Alanlar\u0131<\/h3><p data-path-to-node=\"5\"><span style=\"font-size: 1rem;letter-spacing: 0px\">E\u011fitimciler ve ara\u015ft\u0131rmac\u0131lar i\u00e7in Mindgrasp AI, farkl\u0131 kaynaklardan (g\u00f6rsel, i\u015fitsel, yaz\u0131l\u0131) gelen verileri ayn\u0131 potada eriten yorulmak bilmeyen bir dijital asistan gibi \u00e7al\u0131\u015f\u0131r. Geleneksel y\u00f6ntemlerde saatler alabilen uzun amfi derslerinin, ara\u015ft\u0131rma m\u00fclakatlar\u0131n\u0131n veya senato toplant\u0131lar\u0131n\u0131n de\u015fifresini h\u0131zl\u0131ca \u00e7\u0131karman\u0131z\u0131 ve bu metinleri yap\u0131land\u0131r\u0131lm\u0131\u015f \u00f6zetlere d\u00f6n\u00fc\u015ft\u00fcrmenizi sa\u011flar. \u00d6zellikle ders tasar\u0131mlar\u0131nda \u00e7oklu ortam (multimedya) kaynaklar\u0131 kullanan akademisyenlerin, \u00f6\u011frencilere izlemeleri gereken uzun belgesellerin veya dinlemeleri gereken podcast&#8217;lerin \u00e7al\u0131\u015fma rehberlerini saniyeler i\u00e7inde haz\u0131rlamas\u0131nda operasyonel y\u00fck\u00fc ciddi \u015fekilde hafifletir.<\/span><\/p><h3 data-path-to-node=\"6\">\u00d6\u011frenciler \u0130\u00e7in<\/h3><p data-path-to-node=\"7\"><span style=\"font-size: 1rem;letter-spacing: 0px\">\u00d6\u011frenciler bu arac\u0131, vizelere veya finallere haz\u0131rlan\u0131rken izlemeye vakit bulamad\u0131klar\u0131 2 saatlik ders kay\u0131tlar\u0131n\u0131 veya okumakta zorland\u0131klar\u0131 kal\u0131n raporlar\u0131 h\u0131zla de\u015fifre etmek i\u00e7in hayat kurtar\u0131c\u0131 bir \u00f6\u011frenme h\u0131zland\u0131r\u0131c\u0131 olarak kullanabilir. Sisteme dersin video linkini veya PDF dosyas\u0131n\u0131 verip, yapay zek\u00e2n\u0131n otonom olarak \u00e7\u0131kard\u0131\u011f\u0131 k\u0131sa notlar\u0131 Biyonik Okuma modunda (kelimelerin ilk hecelerinin koyula\u015ft\u0131r\u0131ld\u0131\u011f\u0131 formatta) g\u00f6zlerini yormadan \u00e7ok daha h\u0131zl\u0131 okuyabilirler. Ayr\u0131ca sistemin do\u011frudan y\u00fckl\u00fc materyalden \u00fcretti\u011fi sorular\u0131 \u00e7\u00f6zerek bilgiyi aktif olarak geri \u00e7a\u011f\u0131rma becerilerini b\u00fcy\u00fck \u00f6l\u00e7\u00fcde geli\u015ftirirler.<\/span><\/p><h3 data-path-to-node=\"8\">\u00d6nemli Akademik Uyar\u0131<\/h3><p data-path-to-node=\"9\"><span style=\"font-size: 1rem;letter-spacing: 0px\">Mindgrasp AI, g\u00f6rsel ve i\u015fitsel materyalleri metne ve hap bilgilere d\u00f6n\u00fc\u015ft\u00fcrmede \u00e7ok h\u0131zl\u0131 olsa da; yapay zek\u00e2n\u0131n e\u011fitimcinin konu\u015fmas\u0131ndaki ince ironileri, teorik alt metinleri veya videoda g\u00f6sterilen karma\u015f\u0131k form\u00fcl\/grafikleri tam olarak kavrayamama riski vard\u0131r. Sistem size uzun bir videonun \u00f6zetini saniyeler i\u00e7inde sunabilir, ancak bir akademik s\u0131navda do\u011frudan bu \u00f6zetlere g\u00fcvenmek eksik veya ba\u011flamdan kopuk \u00f6\u011frenmeye (oversimplification) yol a\u00e7abilir. Bu platform, temel makalenin veya derinlemesine \u00e7al\u0131\u015fman\u0131n yerini alan bir &#8220;kestirme yol&#8221; de\u011fil, kavrama h\u0131z\u0131n\u0131 art\u0131ran ve materyal \u00e7e\u015fitlili\u011fini y\u00f6netilebilir k\u0131lan g\u00fc\u00e7l\u00fc bir &#8220;sentez ve \u00e7oklu ortam asistan\u0131&#8221; olarak konumland\u0131r\u0131lmal\u0131d\u0131r.<\/span><\/p><h3 data-path-to-node=\"10\">Nas\u0131l Eri\u015filir?<\/h3><p data-path-to-node=\"11\"><a href=\"https:\/\/mindgrasp.ai\" target=\"_blank\" rel=\"noopener\" data-hveid=\"0\" data-ved=\"0CAAQ_4QMahgKEwiau9bDnfWTAxUAAAAAHQAAAAAQiAE\">https:\/\/mindgrasp.ai<\/a><span style=\"font-size: 1rem;letter-spacing: 0px\"> adresi \u00fczerinden web platformuna eri\u015febilir veya mobil cihazlar\u0131n\u0131za (iOS\/Android) uygulamas\u0131n\u0131 indirerek, video ba\u011flant\u0131lar\u0131n\u0131z\u0131 ve akademik dosyalar\u0131n\u0131z\u0131 sisteme y\u00fckleyip asistan \u00f6zelliklerini hemen kullanmaya ba\u015flayabilirsiniz.<\/span><\/p><h3><span style=\"font-size: 1.75rem;letter-spacing: 0px\">Akademisyenler ve E\u011fitimciler \u0130\u00e7in: Yapay Zek\u00e2 Destekli \u00c7oklu Format Analizi\u00a0<\/span><\/h3><p><span style=\"font-size: 1rem;letter-spacing: 0px\">Akademik d\u00fcnyada \u00f6\u011frencilerin farkl\u0131 formatlardaki (video, ses, metin) i\u00e7eriklerle nas\u0131l etkile\u015fime girece\u011fini tasarlamak ve bu karma\u015f\u0131k verilerden an\u0131nda anlaml\u0131 sentezler \u00e7\u0131karmak b\u00fcy\u00fck konfordur. Mindgrasp AI bu pedagojik esnekli\u011fi sa\u011flar. \u0130\u015fte platform aray\u00fcz\u00fcnde kullanabilece\u011finiz baz\u0131 senaryolar:<\/span><\/p><h6><span style=\"font-size: 1rem;letter-spacing: 0px\">Video Kay\u0131tlar\u0131ndan Kapsaml\u0131 Ders Notu \u00c7\u0131karma<\/span><\/h6><p>\u00d6\u011frencilerin asenkron olarak izlemesi gereken uzun bir videoyu yap\u0131land\u0131rmak i\u00e7in sisteme linki verip \u015fu eylemi ger\u00e7ekle\u015ftirebilirsiniz:<\/p><blockquote><p>Sisteme y\u00fckledi\u011fim bu 60 dakikal\u0131k teorik YouTube\/Zoom ders videosunu analiz et. Videonun tam transkriptini (metin d\u00f6k\u00fcm\u00fcn\u00fc) \u00e7\u0131kar ve ard\u0131ndan bu d\u00f6k\u00fcmdeki ana kavramlar\u0131, alt ba\u015fl\u0131klar\u0131 ve yazar\u0131n verdi\u011fi ger\u00e7ek hayat \u00f6rneklerini i\u00e7eren yap\u0131land\u0131r\u0131lm\u0131\u015f bir \u00e7al\u0131\u015fma notu olu\u015ftur.<\/p><\/blockquote><h6><span style=\"font-size: 1rem;letter-spacing: 0px\">Ak\u0131ll\u0131 Soru-Cevap ile Belge Sorgulama<\/span><\/h6><p>Okumas\u0131 zor, uzun bir akademik raporun i\u00e7inden sadece ihtiyac\u0131n\u0131z olan\u0131 almak i\u00e7in \u015fu y\u00f6ntemi deneyebilirsiniz:<\/p><blockquote><p>Bu 100 sayfal\u0131k Y\u00d6K raporunu tara. Asistan\u0131n soru-cevap kutusuna &#8216;Raporda y\u00fcksek\u00f6\u011fretimde yapay zek\u00e2 kullan\u0131m\u0131yla ilgili \u00f6ng\u00f6r\u00fclen etik riskler nelerdir?&#8217; yaz\u0131n. Sistemin t\u00fcm belgeyi tarayarak sadece bu konuyla ilgili paragraflar\u0131 sentezleyip referansl\u0131 bir cevap \u00fcretmesini sa\u011flay\u0131n.<\/p><\/blockquote><h6><span style=\"font-size: 1rem;letter-spacing: 0px\">Otomatik S\u0131nav ve Bilgi Kart\u0131 \u00dcretimi<\/span><\/h6><p>Ders \u00f6ncesi okumalar\u0131 h\u0131zl\u0131ca etkile\u015fimli bir formatif de\u011ferlendirmeye \u00e7evirmek i\u00e7in \u015fu komut etkilidir:<\/p><blockquote><p>Y\u00fckledi\u011fim makalenin i\u00e7eri\u011fini baz alarak, \u00f6\u011frencilerin sadece duyduklar\u0131n\u0131\/okuduklar\u0131n\u0131 ezberleyip ezberlemedi\u011fini de\u011fil, kavramlar\u0131 anlay\u0131p anlamad\u0131\u011f\u0131n\u0131 test eden 10 soruluk bir k\u0131sa s\u0131nav ve temel terminoloji i\u00e7in dijital bilgi kartlar\u0131 \u00fcret.<\/p><\/blockquote><h6><span style=\"font-size: 1rem;letter-spacing: 0px\">Biyonik Okuma ile H\u0131zl\u0131 Literat\u00fcr Taramas\u0131<\/span><\/h6><p>Ekran ba\u015f\u0131nda uzun saatler metin okumaktan kaynaklanan bili\u015fsel yorgunlu\u011fu azaltmak i\u00e7in \u015fu i\u015f ak\u0131\u015f\u0131n\u0131 kurgulayabilirsiniz:<\/p><blockquote><p>Ara\u015ft\u0131rman\u0131z i\u00e7in okuman\u0131z gereken kal\u0131n bir PDF makalesini sisteme y\u00fckleyin. Metin g\u00f6r\u00fcnt\u00fcleme se\u00e7eneklerinden &#8216;Bionic Reading&#8217; modunu aktif edin. Yapay zek\u00e2n\u0131n kelimelerin k\u00f6k hecelerini koyu puntolarla vurgulamas\u0131n\u0131 sa\u011flayarak, beyninizin kelimeleri tek tek okumak yerine tamamlayarak ilerlemesini ve okuma h\u0131z\u0131n\u0131z\u0131n artmas\u0131n\u0131 sa\u011flay\u0131n.<\/p><\/blockquote><h6>\u00d6rnek Prompt K\u00fct\u00fcphanesi<\/h6><p>Platforma y\u00fckledi\u011finiz farkl\u0131 t\u00fcrdeki materyalleri (\u00f6rne\u011fin bir makale ve onu destekleyen bir belgesel) birle\u015ftirerek b\u00fct\u00fcnc\u00fcl bir ders plan\u0131 \u00e7\u0131karmak istiyorsan\u0131z \u015fu komutu uygulayabilirsiniz:<\/p><blockquote><p>\u00c7al\u0131\u015fma alan\u0131ma y\u00fckledi\u011fim bu iki farkl\u0131 kayna\u011f\u0131 (1 PDF akademik makale ve 1 MP4 video kayd\u0131) \u00e7apraz analiz et. Her iki materyalin &#8216;Dijital \u00c7a\u011fda \u0130leti\u015fim Becerileri&#8217; konusunda birle\u015fti\u011fi ortak ana temalar\u0131 belirle. Ard\u0131ndan, \u00f6n\u00fcm\u00fczdeki hafta yapaca\u011f\u0131m 40 dakikal\u0131k s\u0131n\u0131f i\u00e7i tart\u0131\u015fma i\u00e7in, bu ortak temalardan yola \u00e7\u0131kan 3 adet analitik tart\u0131\u015fma sorusu (discussion prompt) ve k\u0131sa bir \u00f6\u011fretmen y\u00f6nergesi haz\u0131rla.<\/p><\/blockquote>\t\t\t\t\t\t\t\t<\/div>\n\t\t\t\t<\/div>\n\t\t\t\t\t<\/div>\n\t\t<\/div>\n\t\t\t\t\t<\/div>\n\t\t<\/section>\n\t\t\t\t<section class=\"elementor-section elementor-top-section elementor-element elementor-element-0ba35a0 elementor-section-boxed elementor-section-height-default elementor-section-height-default\" data-id=\"0ba35a0\" data-element_type=\"section\">\n\t\t\t\t\t\t<div class=\"elementor-container elementor-column-gap-default\">\n\t\t\t\t\t<div class=\"elementor-column elementor-col-100 elementor-top-column elementor-element elementor-element-58ed995\" data-id=\"58ed995\" data-element_type=\"column\">\n\t\t\t<div class=\"elementor-widget-wrap elementor-element-populated\">\n\t\t\t\t\t\t<div class=\"elementor-element elementor-element-d21467b elementor-widget elementor-widget-button\" data-id=\"d21467b\" data-element_type=\"widget\" data-widget_type=\"button.default\">\n\t\t\t\t<div class=\"elementor-widget-container\">\n\t\t\t\t\t\t\t\t\t<div class=\"elementor-button-wrapper\">\n\t\t\t\t\t<a class=\"elementor-button elementor-button-link elementor-size-sm\" href=\"http:\/\/www.mindgrasp.ai\" target=\"_blank\">\n\t\t\t\t\t\t<span class=\"elementor-button-content-wrapper\">\n\t\t\t\t\t\t\t\t\t<span class=\"elementor-button-text\">Buraya t\u0131kla<\/span>\n\t\t\t\t\t<\/span>\n\t\t\t\t\t<\/a>\n\t\t\t\t<\/div>\n\t\t\t\t\t\t\t\t<\/div>\n\t\t\t\t<\/div>\n\t\t\t\t\t<\/div>\n\t\t<\/div>\n\t\t\t\t\t<\/div>\n\t\t<\/section>\n\t\t\t\t<\/div>\n\t\t","protected":false},"excerpt":{"rendered":"<p>Mindgrasp AI Nedir ve Neden \u00d6nemlidir? Mindgrasp AI, YouTube videolar\u0131n\u0131, Zoom kay\u0131tlar\u0131n\u0131, podcast ses dosyalar\u0131n\u0131 ve uzun PDF belgelerini saniyeler i\u00e7inde analiz ederek detayl\u0131 notlar, \u00f6zetler, bilgi kartlar\u0131 (flashcards) ve testler \u00fcreten \u00e7oklu modlu (multimodal) bir yapay zek\u00e2 \u00f6\u011frenme asistan\u0131d\u0131r. En b\u00fcy\u00fck fark\u0131, farkl\u0131 formatlardaki t\u00fcm bu karma\u015f\u0131k verileri tek bir \u00e7al\u0131\u015fma alan\u0131nda birle\u015ftirebilmesi ve [&hellip;]<\/p>\n","protected":false},"author":666,"featured_media":0,"parent":0,"menu_order":0,"comment_status":"closed","ping_status":"closed","template":"","meta":{"footnotes":""},"class_list":["post-10159","page","type-page","status-publish","hentry"],"_links":{"self":[{"href":"https:\/\/atauni.edu.tr\/ogretme-ve-ogrenmeyi-gelistirme-uygulama-ve-arastirma-merkezi\/wp-json\/wp\/v2\/pages\/10159","targetHints":{"allow":["GET"]}}],"collection":[{"href":"https:\/\/atauni.edu.tr\/ogretme-ve-ogrenmeyi-gelistirme-uygulama-ve-arastirma-merkezi\/wp-json\/wp\/v2\/pages"}],"about":[{"href":"https:\/\/atauni.edu.tr\/ogretme-ve-ogrenmeyi-gelistirme-uygulama-ve-arastirma-merkezi\/wp-json\/wp\/v2\/types\/page"}],"author":[{"embeddable":true,"href":"https:\/\/atauni.edu.tr\/ogretme-ve-ogrenmeyi-gelistirme-uygulama-ve-arastirma-merkezi\/wp-json\/wp\/v2\/users\/666"}],"replies":[{"embeddable":true,"href":"https:\/\/atauni.edu.tr\/ogretme-ve-ogrenmeyi-gelistirme-uygulama-ve-arastirma-merkezi\/wp-json\/wp\/v2\/comments?post=10159"}],"version-history":[{"count":7,"href":"https:\/\/atauni.edu.tr\/ogretme-ve-ogrenmeyi-gelistirme-uygulama-ve-arastirma-merkezi\/wp-json\/wp\/v2\/pages\/10159\/revisions"}],"predecessor-version":[{"id":10168,"href":"https:\/\/atauni.edu.tr\/ogretme-ve-ogrenmeyi-gelistirme-uygulama-ve-arastirma-merkezi\/wp-json\/wp\/v2\/pages\/10159\/revisions\/10168"}],"wp:attachment":[{"href":"https:\/\/atauni.edu.tr\/ogretme-ve-ogrenmeyi-gelistirme-uygulama-ve-arastirma-merkezi\/wp-json\/wp\/v2\/media?parent=10159"}],"curies":[{"name":"wp","href":"https:\/\/api.w.org\/{rel}","templated":true}]}}