{"id":10181,"date":"2026-04-18T12:54:14","date_gmt":"2026-04-18T09:54:14","guid":{"rendered":"https:\/\/atauni.edu.tr\/ogretme-ve-ogrenmeyi-gelistirme-uygulama-ve-arastirma-merkezi\/?page_id=10181"},"modified":"2026-04-18T13:10:35","modified_gmt":"2026-04-18T10:10:35","slug":"wolfram-alpha","status":"publish","type":"page","link":"https:\/\/atauni.edu.tr\/ogretme-ve-ogrenmeyi-gelistirme-uygulama-ve-arastirma-merkezi\/wolfram-alpha\/","title":{"rendered":"Wolfram Alpha"},"content":{"rendered":"\t\t<div data-elementor-type=\"wp-page\" data-elementor-id=\"10181\" class=\"elementor elementor-10181\" data-elementor-post-type=\"page\">\n\t\t\t\t\t\t<section class=\"elementor-section elementor-top-section elementor-element elementor-element-6a098d0 elementor-section-boxed elementor-section-height-default elementor-section-height-default\" data-id=\"6a098d0\" data-element_type=\"section\">\n\t\t\t\t\t\t<div class=\"elementor-container elementor-column-gap-default\">\n\t\t\t\t\t<div class=\"elementor-column elementor-col-100 elementor-top-column elementor-element elementor-element-fcfe10c\" data-id=\"fcfe10c\" data-element_type=\"column\">\n\t\t\t<div class=\"elementor-widget-wrap elementor-element-populated\">\n\t\t\t\t\t\t<div class=\"elementor-element elementor-element-cfeff40 elementor-widget elementor-widget-image\" data-id=\"cfeff40\" data-element_type=\"widget\" data-widget_type=\"image.default\">\n\t\t\t\t<div class=\"elementor-widget-container\">\n\t\t\t\t\t\t\t\t\t\t\t\t\t\t\t<img fetchpriority=\"high\" decoding=\"async\" width=\"300\" height=\"300\" src=\"https:\/\/atauni.edu.tr\/ogretme-ve-ogrenmeyi-gelistirme-uygulama-ve-arastirma-merkezi\/wp-content\/uploads\/sites\/817\/2026\/04\/DWolfram-300x300.png\" class=\"attachment-medium size-medium wp-image-10184\" alt=\"\" srcset=\"https:\/\/atauni.edu.tr\/ogretme-ve-ogrenmeyi-gelistirme-uygulama-ve-arastirma-merkezi\/wp-content\/uploads\/sites\/817\/2026\/04\/DWolfram-300x300.png 300w, https:\/\/atauni.edu.tr\/ogretme-ve-ogrenmeyi-gelistirme-uygulama-ve-arastirma-merkezi\/wp-content\/uploads\/sites\/817\/2026\/04\/DWolfram-150x150.png 150w, https:\/\/atauni.edu.tr\/ogretme-ve-ogrenmeyi-gelistirme-uygulama-ve-arastirma-merkezi\/wp-content\/uploads\/sites\/817\/2026\/04\/DWolfram-560x560.png 560w, https:\/\/atauni.edu.tr\/ogretme-ve-ogrenmeyi-gelistirme-uygulama-ve-arastirma-merkezi\/wp-content\/uploads\/sites\/817\/2026\/04\/DWolfram.png 600w\" sizes=\"(max-width: 300px) 100vw, 300px\" \/>\t\t\t\t\t\t\t\t\t\t\t\t\t\t\t<\/div>\n\t\t\t\t<\/div>\n\t\t\t\t\t<\/div>\n\t\t<\/div>\n\t\t\t\t\t<\/div>\n\t\t<\/section>\n\t\t\t\t<section class=\"elementor-section elementor-top-section elementor-element elementor-element-8cf1098 elementor-section-boxed elementor-section-height-default elementor-section-height-default\" data-id=\"8cf1098\" data-element_type=\"section\">\n\t\t\t\t\t\t<div class=\"elementor-container elementor-column-gap-default\">\n\t\t\t\t\t<div class=\"elementor-column elementor-col-100 elementor-top-column elementor-element elementor-element-cf5aa58\" data-id=\"cf5aa58\" data-element_type=\"column\">\n\t\t\t<div class=\"elementor-widget-wrap elementor-element-populated\">\n\t\t\t\t\t\t<div class=\"elementor-element elementor-element-5d98080 elementor-widget elementor-widget-text-editor\" data-id=\"5d98080\" data-element_type=\"widget\" data-widget_type=\"text-editor.default\">\n\t\t\t\t<div class=\"elementor-widget-container\">\n\t\t\t\t\t\t\t\t\t<h2>Wolfram Alpha Nedir ve Neden \u00d6nemlidir?<\/h2><p><span style=\"font-size: 1rem;letter-spacing: 0px\">Wolfram Alpha, internette web sayfalar\u0131n\u0131 arayan geleneksel arama motorlar\u0131n\u0131n (\u00f6rne\u011fin Google) aksine, do\u011frudan yap\u0131land\u0131r\u0131lm\u0131\u015f veriler ve algoritmalar kullanarak sorulara kesin yan\u0131tlar \u00fcreten &#8220;hesaplamal\u0131 bir bilgi motorudur&#8221; (computational knowledge engine). En b\u00fcy\u00fck fark\u0131, sordu\u011funuz bir soru veya girdi\u011finiz bir denklem i\u00e7in size linkler sunmak yerine; kendi devasa, do\u011frulanm\u0131\u015f veri taban\u0131n\u0131 kullanarak i\u015flemi otonom olarak \u00e7\u00f6zmesi, verileri \u00e7aprazlamas\u0131 ve sonu\u00e7lar\u0131 an\u0131nda profesyonel grafiklere, tablolara veya ad\u0131m ad\u0131m matematiksel \u00e7\u00f6z\u00fcmlere d\u00f6n\u00fc\u015ft\u00fcrmesidir. Veri arama ve hesaplama s\u00fcre\u00e7lerindeki &#8220;do\u011fru kayna\u011f\u0131 bulma&#8221; zahmetini ortadan kald\u0131rarak, bilimsel ve analitik sorgulamalara do\u011frudan cevap alma deneyimini tamamen de\u011fi\u015ftirir.<\/span><\/p><h3 data-path-to-node=\"4\">E\u011fitimde Kullan\u0131m Alanlar\u0131<\/h3><p data-path-to-node=\"5\"><span style=\"font-size: 1rem;letter-spacing: 0px\">E\u011fitimciler ve ara\u015ft\u0131rmac\u0131lar i\u00e7in Wolfram Alpha, devasa bir ansiklopedi ile s\u00fcper bilgisayar\u0131n birle\u015fimi gibi \u00e7al\u0131\u015f\u0131r. Geleneksel y\u00f6ntemlerde saatler s\u00fcrebilecek karma\u015f\u0131k bir diferansiyel denklemin \u00e7\u00f6z\u00fcm\u00fcn\u00fc do\u011frulamak, iki farkl\u0131 \u00fclkenin sosyo-ekonomik verilerini (\u00f6rne\u011fin GSY\u0130H ve okulla\u015fma oranlar\u0131) y\u0131llara g\u00f6re kar\u015f\u0131la\u015ft\u0131ran bir grafik \u00e7izmek veya spesifik bir kimyasal elementin termodinamik \u00f6zelliklerini an\u0131nda bulmak i\u00e7in idealdir. \u00d6zellikle fen bilimleri (STEM), m\u00fchendislik, ekonomi ve istatistik alanlar\u0131nda, ders materyallerini nicel verilerle zenginle\u015ftirmede ve \u00f6\u011frencilere verilecek karma\u015f\u0131k problem setlerinin cevap anahtarlar\u0131n\u0131 (grafikleriyle birlikte) haz\u0131rlamada operasyonel y\u00fck\u00fc ciddi \u015fekilde hafifletir.<\/span><\/p><h3 data-path-to-node=\"6\">\u00d6\u011frenciler \u0130\u00e7in<\/h3><p data-path-to-node=\"7\"><span style=\"font-size: 1rem;letter-spacing: 0px\">\u00d6\u011frenciler bu arac\u0131, say\u0131sal \u00f6devlerde ve bilimsel projelerde &#8220;Bu denklemin i\u00e7inden nas\u0131l \u00e7\u0131kaca\u011f\u0131m?&#8221; veya &#8220;Bu iki veriyi nerede bulabilirim?&#8221; kayg\u0131s\u0131n\u0131 \u00e7\u00f6zmek i\u00e7in hayat kurtar\u0131c\u0131 bir analitik asistan olarak kullanabilir. \u00c7\u00f6zemedikleri zorlu bir entegral problemini Wolfram Alpha&#8217;ya girip, (Pro versiyonunda sunulan) &#8220;Ad\u0131m Ad\u0131m \u00c7\u00f6z\u00fcm&#8221; (Step-by-step solution) \u00f6zelli\u011fi sayesinde, nihai sonuca giden yolda hangi matematiksel teoremlerin uyguland\u0131\u011f\u0131n\u0131 s\u0131ras\u0131yla g\u00f6rebilirler. Sadece do\u011fru cevab\u0131 kopyalamak yerine, hesaplaman\u0131n arkas\u0131ndaki mant\u0131\u011f\u0131 kavrayarak kendi kendilerine \u00f6\u011frenme becerilerini b\u00fcy\u00fck \u00f6l\u00e7\u00fcde geli\u015ftirirler.<\/span><\/p><h3 data-path-to-node=\"8\">\u00d6nemli Akademik Uyar\u0131<\/h3><p data-path-to-node=\"9\"><span style=\"font-size: 1rem;letter-spacing: 0px\">Wolfram Alpha, hesaplama do\u011frulu\u011fu ve veri g\u00fcvenilirli\u011fi konusunda benzersiz bir otorite olsa da, sistem tamamen sizin girdi\u011finiz komutun (s\u00f6zdiziminin\/syntax) do\u011frulu\u011funa ba\u011f\u0131ml\u0131d\u0131r; form\u00fcl\u00fc yanl\u0131\u015f veya eksik yazarsan\u0131z (garbage in, garbage out), sistem yanl\u0131\u015f bir hesaplama yapabilir. Ayr\u0131ca, arac\u0131n ad\u0131m ad\u0131m \u00e7\u00f6z\u00fcm sunma yetene\u011fi akademik d\u00fcr\u00fcstl\u00fck a\u00e7\u0131s\u0131ndan riskler ta\u015f\u0131r; \u00f6\u011frencilerin analitik d\u00fc\u015f\u00fcnme s\u00fcre\u00e7lerini bypass ederek cevaplar\u0131 do\u011frudan kopyalamas\u0131 \u00f6\u011frenmeyi engelleyebilir. Bu platform, temel bilimsel d\u00fc\u015f\u00fcncenin veya form\u00fcl kurma becerisinin yerini alan bir &#8220;\u00f6dev yapma makinesi&#8221; de\u011fil, kurdu\u011funuz hipotezleri test eden ve karma\u015f\u0131k hesaplamalar\u0131 saniyeler i\u00e7inde do\u011frulayan g\u00fc\u00e7l\u00fc bir &#8220;hesaplama ve veri g\u00f6rselle\u015ftirme motoru&#8221; olarak konumland\u0131r\u0131lmal\u0131d\u0131r.<\/span><\/p><h3 data-path-to-node=\"10\">Nas\u0131l Eri\u015filir?<\/h3><p data-path-to-node=\"11\"><a href=\"https:\/\/www.wolframalpha.com\" target=\"_blank\" rel=\"noopener\" data-hveid=\"0\" data-ved=\"0CAAQ_4QMahcKEwjZ7qmuj_eTAxUAAAAAHQAAAAAQVw\">https:\/\/www.wolframalpha.com<\/a><span style=\"font-size: 1rem;letter-spacing: 0px\"> adresi \u00fczerinden web platformuna hi\u00e7bir \u00fcyelik gerektirmeden \u00fccretsiz eri\u015febilir; daha derinlemesine analizler, ad\u0131m ad\u0131m \u00e7\u00f6z\u00fcmler ve veri indirme \u00f6zellikleri i\u00e7in &#8220;Pro&#8221; (\u00f6\u011frenci\/e\u011fitimci indirimli) s\u00fcr\u00fcm\u00fcne ge\u00e7i\u015f yapabilirsiniz.<\/span><\/p><h3><span style=\"font-size: 1.75rem;letter-spacing: 0px\">Akademisyenler ve E\u011fitimciler \u0130\u00e7in: Yapay Zek\u00e2 Destekli Hesaplamal\u0131 Bilgi<\/span><\/h3><p><span style=\"font-size: 1rem;letter-spacing: 0px\">Akademik d\u00fcnyada farkl\u0131 disiplinlere ait istatistiksel verileri an\u0131nda tek bir grafikte birle\u015ftirmek veya 3 boyutlu karma\u015f\u0131k bir fonksiyonu s\u0131n\u0131fta g\u00f6rselle\u015ftirmek b\u00fcy\u00fck konfordur. Wolfram Alpha geleneksel sohbet botlar\u0131 gibi uzun c\u00fcmlelerle de\u011fil, spesifik anahtar kelimeler ve form\u00fcllerle \u00e7al\u0131\u015f\u0131r. \u0130\u015fte arama \u00e7ubu\u011funda kullanabilece\u011finiz baz\u0131 senaryolar:<\/span><\/p><h6><span style=\"font-size: 1rem;letter-spacing: 0px\">Karma\u015f\u0131k Matematiksel Fonksiyonlar\u0131n G\u00f6rselle\u015ftirilmesi<\/span><\/h6><p>S\u0131n\u0131fta soyut bir matematiksel konuyu anlat\u0131rken an\u0131nda 3D grafik olu\u015fturmak i\u00e7in arama \u00e7ubu\u011funa \u015fu komutu girebilirsiniz:<\/p><blockquote><p><span style=\"font-size: 1rem;letter-spacing: 0px\" data-path-to-node=\"14\" data-index-in-node=\"179\"><i>plot z = sin(x) * cos(y)<\/i><\/span><i style=\"font-size: 1rem;letter-spacing: 0px\" data-path-to-node=\"14\" data-index-in-node=\"179\">\u00a0yazarak, bu iki de\u011fi\u015fkenli fonksiyonun 3 boyutlu (3D) topografik haritas\u0131n\u0131 an\u0131nda tahtaya yans\u0131t\u0131n; \u00f6\u011frencilerin fonksiyonun tepe ve dip noktalar\u0131n\u0131 renk kodlar\u0131yla (contour plot) g\u00f6rsel olarak kavramas\u0131n\u0131 sa\u011flay\u0131n.\u00a0<\/i><\/p><\/blockquote><h6><span style=\"font-size: 1rem;letter-spacing: 0px\">Kar\u015f\u0131la\u015ft\u0131rmal\u0131 Sosyo-Ekonomik Veri \u00c7ekimi\u00a0<\/span><\/h6><p>Farkl\u0131 \u00fclkelerin e\u011fitim veya ekonomi verilerini saatlerce rapor aramak yerine saniyeler i\u00e7inde tabloya d\u00f6kmek i\u00e7in \u015fu y\u00f6ntemi deneyebilirsiniz:<\/p><blockquote><p>Arama \u00e7ubu\u011funa &#8220;<i>Turkey vs Germany vs Japan life expectancy and GDP per capita&#8221;\u00a0<\/i>(T\u00fcrkiye, Almanya ve Japonya ya\u015fam beklentisi ve ki\u015fi ba\u015f\u0131na d\u00fc\u015fen GSY\u0130H) yaz\u0131n. Sistemin, D\u00fcnya Bankas\u0131 gibi g\u00fcvenilir kaynaklardan \u00e7ekti\u011fi verileri otonom olarak y\u0131llara sari bir kar\u015f\u0131la\u015ft\u0131rma grafi\u011fine d\u00f6n\u00fc\u015ft\u00fcrmesini izleyin.\u00a0<\/p><\/blockquote><h6><span style=\"font-size: 1rem;letter-spacing: 0px\">Bilimsel ve M\u00fchendislik Hesaplamalar\u0131<\/span><\/h6><p>Ders haz\u0131rl\u0131\u011f\u0131 s\u0131ras\u0131nda bir fizik probleminin sonu\u00e7lar\u0131n\u0131 farkl\u0131 birim sistemlerinde (metrik\/emperyal) do\u011frulamak i\u00e7in \u015fu eylemi ger\u00e7ekle\u015ftirebilirsiniz:<\/p><blockquote><p><i>Escape velocity of Mars in km\/h<\/i> (Mars&#8217;\u0131n ka\u00e7\u0131\u015f h\u0131z\u0131 km\/saat cinsinden) yazarak, uzun form\u00fcllerle u\u011fra\u015fmadan gezegensel fizik verilerini an\u0131nda \u00e7ekin ve arac\u0131n bu veriyi k\u00fctle, yar\u0131\u00e7ap gibi alt denklemleriyle birlikte detayl\u0131 bir referans panosu olarak sunmas\u0131n\u0131 sa\u011flay\u0131n.<\/p><\/blockquote><h6><span style=\"font-size: 1rem;letter-spacing: 0px\">Besin, Kimya veya Genetik Verilerinin Analizi<\/span><\/h6><p>Farkl\u0131 disiplinlerdeki yap\u0131land\u0131r\u0131lm\u0131\u015f verileri an\u0131nda \u00f6n\u00fcn\u00fcze getirmek i\u00e7in \u015fu komut etkilidir:<\/p><blockquote><p>Bir biyoloji veya sa\u011fl\u0131k bilimleri dersinde\u00a0<i>compare vitamin c in 1 apple and 1 orange\u00a0<\/i><span style=\"font-size: 1rem;letter-spacing: 0px\">(1 elma ve 1 portakaldaki C vitaminini kar\u015f\u0131la\u015ft\u0131r) yazarak; g\u0131dalar\u0131n t\u00fcm kimyasal, besin ve kalori profillerinin detayl\u0131 ve yan yana kar\u015f\u0131la\u015ft\u0131rmal\u0131 analitik matrisini saniyeler i\u00e7inde elde edin.<\/span><\/p><\/blockquote><h6>\u00d6rnek Prompt K\u00fct\u00fcphanesi<\/h6><p>Wolfram Alpha do\u011fal dilden ziyade yap\u0131land\u0131r\u0131lm\u0131\u015f sorgularla (query) \u00e7al\u0131\u015ft\u0131\u011f\u0131 i\u00e7in, karma\u015f\u0131k bir istatistik problemini veya kalk\u00fcl\u00fcs denklemini t\u00fcm alt ad\u0131mlar\u0131yla \u00e7\u00f6zd\u00fcrmek istiyorsan\u0131z arama kutusuna \u015fu mant\u0131kla bir veri girebilirsiniz:<\/p><blockquote><p><i>integrate (x^2 * sin(x)) dx from x=0 to x=pi\u00a0<\/i><span style=\"font-size: 1rem;letter-spacing: 0px\">sorgusunu \u00e7al\u0131\u015ft\u0131r\u0131n. Arac\u0131n sadece &#8216;pi&#8217; veya say\u0131sal bir sonu\u00e7 vermekle kalmay\u0131p; K\u0131smi \u0130ntegrasyon (Integration by Parts) kural\u0131n\u0131n nas\u0131l uyguland\u0131\u011f\u0131n\u0131 ad\u0131m ad\u0131m g\u00f6stermesini, fonksiyonun grafi\u011fi alt\u0131ndaki alan\u0131 (Riemann toplam\u0131) \u00e7izmesini ve bu sonucun farkl\u0131 matematiksel varyasyonlar\u0131n\u0131 (seri a\u00e7\u0131l\u0131mlar\u0131n\u0131) tek bir ekranda bilimsel bir rapor gibi sunmas\u0131n\u0131 sa\u011flay\u0131n.\u201d<\/span><i><br \/><\/i><\/p><\/blockquote>\t\t\t\t\t\t\t\t<\/div>\n\t\t\t\t<\/div>\n\t\t\t\t\t<\/div>\n\t\t<\/div>\n\t\t\t\t\t<\/div>\n\t\t<\/section>\n\t\t\t\t<section class=\"elementor-section elementor-top-section elementor-element elementor-element-2032c6e elementor-section-boxed elementor-section-height-default elementor-section-height-default\" data-id=\"2032c6e\" data-element_type=\"section\">\n\t\t\t\t\t\t<div class=\"elementor-container elementor-column-gap-default\">\n\t\t\t\t\t<div class=\"elementor-column elementor-col-100 elementor-top-column elementor-element elementor-element-6866733\" data-id=\"6866733\" data-element_type=\"column\">\n\t\t\t<div class=\"elementor-widget-wrap elementor-element-populated\">\n\t\t\t\t\t\t<div class=\"elementor-element elementor-element-d55d432 elementor-widget elementor-widget-button\" data-id=\"d55d432\" data-element_type=\"widget\" data-widget_type=\"button.default\">\n\t\t\t\t<div class=\"elementor-widget-container\">\n\t\t\t\t\t\t\t\t\t<div class=\"elementor-button-wrapper\">\n\t\t\t\t\t<a class=\"elementor-button elementor-button-link elementor-size-sm\" href=\"http:\/\/www.wolframalpha.com\" target=\"_blank\">\n\t\t\t\t\t\t<span class=\"elementor-button-content-wrapper\">\n\t\t\t\t\t\t\t\t\t<span class=\"elementor-button-text\">Buraya t\u0131kla<\/span>\n\t\t\t\t\t<\/span>\n\t\t\t\t\t<\/a>\n\t\t\t\t<\/div>\n\t\t\t\t\t\t\t\t<\/div>\n\t\t\t\t<\/div>\n\t\t\t\t\t<\/div>\n\t\t<\/div>\n\t\t\t\t\t<\/div>\n\t\t<\/section>\n\t\t\t\t<\/div>\n\t\t","protected":false},"excerpt":{"rendered":"<p>Wolfram Alpha Nedir ve Neden \u00d6nemlidir? Wolfram Alpha, internette web sayfalar\u0131n\u0131 arayan geleneksel arama motorlar\u0131n\u0131n (\u00f6rne\u011fin Google) aksine, do\u011frudan yap\u0131land\u0131r\u0131lm\u0131\u015f veriler ve algoritmalar kullanarak sorulara kesin yan\u0131tlar \u00fcreten &#8220;hesaplamal\u0131 bir bilgi motorudur&#8221; (computational knowledge engine). En b\u00fcy\u00fck fark\u0131, sordu\u011funuz bir soru veya girdi\u011finiz bir denklem i\u00e7in size linkler sunmak yerine; kendi devasa, do\u011frulanm\u0131\u015f veri taban\u0131n\u0131 [&hellip;]<\/p>\n","protected":false},"author":666,"featured_media":0,"parent":0,"menu_order":0,"comment_status":"closed","ping_status":"closed","template":"","meta":{"footnotes":""},"class_list":["post-10181","page","type-page","status-publish","hentry"],"_links":{"self":[{"href":"https:\/\/atauni.edu.tr\/ogretme-ve-ogrenmeyi-gelistirme-uygulama-ve-arastirma-merkezi\/wp-json\/wp\/v2\/pages\/10181","targetHints":{"allow":["GET"]}}],"collection":[{"href":"https:\/\/atauni.edu.tr\/ogretme-ve-ogrenmeyi-gelistirme-uygulama-ve-arastirma-merkezi\/wp-json\/wp\/v2\/pages"}],"about":[{"href":"https:\/\/atauni.edu.tr\/ogretme-ve-ogrenmeyi-gelistirme-uygulama-ve-arastirma-merkezi\/wp-json\/wp\/v2\/types\/page"}],"author":[{"embeddable":true,"href":"https:\/\/atauni.edu.tr\/ogretme-ve-ogrenmeyi-gelistirme-uygulama-ve-arastirma-merkezi\/wp-json\/wp\/v2\/users\/666"}],"replies":[{"embeddable":true,"href":"https:\/\/atauni.edu.tr\/ogretme-ve-ogrenmeyi-gelistirme-uygulama-ve-arastirma-merkezi\/wp-json\/wp\/v2\/comments?post=10181"}],"version-history":[{"count":4,"href":"https:\/\/atauni.edu.tr\/ogretme-ve-ogrenmeyi-gelistirme-uygulama-ve-arastirma-merkezi\/wp-json\/wp\/v2\/pages\/10181\/revisions"}],"predecessor-version":[{"id":10188,"href":"https:\/\/atauni.edu.tr\/ogretme-ve-ogrenmeyi-gelistirme-uygulama-ve-arastirma-merkezi\/wp-json\/wp\/v2\/pages\/10181\/revisions\/10188"}],"wp:attachment":[{"href":"https:\/\/atauni.edu.tr\/ogretme-ve-ogrenmeyi-gelistirme-uygulama-ve-arastirma-merkezi\/wp-json\/wp\/v2\/media?parent=10181"}],"curies":[{"name":"wp","href":"https:\/\/api.w.org\/{rel}","templated":true}]}}