{"id":8030,"date":"2025-06-26T14:17:08","date_gmt":"2025-06-26T11:17:08","guid":{"rendered":"https:\/\/birimler.atauni.edu.tr\/ogretme-ve-ogrenmeyi-gelistirme-uygulama-ve-arastirma-merkezi\/?page_id=8030"},"modified":"2025-06-26T14:18:39","modified_gmt":"2025-06-26T11:18:39","slug":"kitlesel-cevrimici-acik-dersler-mooc","status":"publish","type":"page","link":"https:\/\/atauni.edu.tr\/ogretme-ve-ogrenmeyi-gelistirme-uygulama-ve-arastirma-merkezi\/kitlesel-cevrimici-acik-dersler-mooc\/","title":{"rendered":"Kitlesel \u00c7evrimi\u00e7i A\u00e7\u0131k Dersler (MOOC)"},"content":{"rendered":"\t\t<div data-elementor-type=\"wp-page\" data-elementor-id=\"8030\" class=\"elementor elementor-8030\" data-elementor-post-type=\"page\">\n\t\t\t\t\t\t<section class=\"elementor-section elementor-top-section elementor-element elementor-element-6cabc8f elementor-section-boxed elementor-section-height-default elementor-section-height-default\" data-id=\"6cabc8f\" data-element_type=\"section\">\n\t\t\t\t\t\t<div class=\"elementor-container elementor-column-gap-default\">\n\t\t\t\t\t<div class=\"elementor-column elementor-col-100 elementor-top-column elementor-element elementor-element-a372b34\" data-id=\"a372b34\" data-element_type=\"column\">\n\t\t\t<div class=\"elementor-widget-wrap elementor-element-populated\">\n\t\t\t\t\t\t<div class=\"elementor-element elementor-element-a02b390 elementor-widget elementor-widget-text-editor\" data-id=\"a02b390\" data-element_type=\"widget\" data-widget_type=\"text-editor.default\">\n\t\t\t\t<div class=\"elementor-widget-container\">\n\t\t\t\t\t\t\t\t\t<hr \/>\n\n<h2>Massive Open Online Courses (MOOCs): Kitlesel \u00c7evrimi\u00e7i A\u00e7\u0131k Dersler<\/h2>\nMassive Open Online Courses yani k\u0131saca MOOC\u2019lar, kitlesel \u00e7evrimi\u00e7i a\u00e7\u0131k ders alabilece\u011fimiz bir uzaktan e\u011fitim modelidir.\nFarkl\u0131 dallardaki ilgilendi\u011finiz kurslar\u0131 bir arada bulabilece\u011finiz bir sistemdir, kurslar genel olarak \u00fccretsizdir.\nBuradaki as\u0131l ama\u00e7, farkl\u0131 konumlarda bulunan e\u011fitmen ve \u00f6\u011frencileri bir araya getirmektir.\n\nG\u00fcn\u00fcm\u00fczde teknolojinin kat etti\u011fi h\u0131zl\u0131 geli\u015fim sayesinde sanal \u00e7evrimi\u00e7i olarak ders alabilmemiz m\u00fcmk\u00fcn hale gelmi\u015ftir.\nBu ba\u011flamda \u00fcniversiteler ve \u00f6zel kurulu\u015flar, \u00e7evrimi\u00e7i olarak dersler haz\u0131rlam\u0131\u015flard\u0131r. Burada dikkat \u00e7eken 3 \u00f6nemli nokta bulunmaktad\u0131r:\n<ol>\n \t<li><strong>Uzman E\u011fitmenler:<\/strong> Dersler, alan\u0131nda uzman ki\u015filer taraf\u0131ndan verilir. Bu durum hem bilgi kirlili\u011finin \u00f6n\u00fcne ge\u00e7er hem de \u00f6\u011frencilere g\u00fcvenilir kaynaklardan e\u011fitim alma imk\u00e2n\u0131 sa\u011flar.<\/li>\n \t<li><strong>\u00dccretsiz E\u011fitimler:<\/strong> E\u011fitimlerin genellikle \u00fccretsiz olmas\u0131, daha geni\u015f bir kitleye ula\u015fma imk\u00e2n\u0131 sunar.<\/li>\n \t<li><strong>Tekrar \u0130mk\u00e2n\u0131:<\/strong> Derslerin tekrar tekrar izlenebilmesi, \u00f6\u011frenmeyi daha da kolayla\u015ft\u0131r\u0131r.<\/li>\n<\/ol>\nBunlara ek olarak, eri\u015fim kolayl\u0131\u011f\u0131 \u00f6nemli bir avantajd\u0131r. Bilgisayardan girilmesi gerekiyor \u015feklinde bir zorlama yoktur;\ntelefon, tablet ve hatta televizyonlardan bile kurslar\u0131 takip edebilmek m\u00fcmk\u00fcnd\u00fcr. Bu durum \u00e7evrimi\u00e7i dersleri daha da \u00e7ekici hale getirmektedir.\nBir di\u011fer \u00f6nemli \u00f6zellik, e\u011fitim sonunda gerekli ba\u015far\u0131y\u0131 g\u00f6sterdi\u011finiz takdirde sertifika alabilme imk\u00e2n\u0131d\u0131r.\nAncak bu konuda farkl\u0131 MOOC sa\u011flay\u0131c\u0131lar farkl\u0131 kurallar uygulayabilir. Kimi kurs platformlar\u0131 %50\u2019lik bir ba\u015far\u0131 beklerken, baz\u0131lar\u0131 %70 ve bazen daha fazlas\u0131n\u0131 talep edebilir.\n\n<img decoding=\"async\" style=\"width: 100%\" src=\"https:\/\/ogem.atauni.edu.tr\/wp-content\/uploads\/2025\/05\/MOOC-Essentials-of-youth-policy.png\" alt=\"MOOC G\u00f6rseli\" \/>\n\nSon olarak, herkesin bu kurslara kat\u0131labilece\u011fini belirtmek gerekir. \u00d6rne\u011fin, bir \u00fcniversite program\u0131na kay\u0131t olmak i\u00e7in lise e\u011fitimini tamamlam\u0131\u015f olma ve yeterli s\u0131nav puan\u0131 \u015fart\u0131 bulunurken, MOOC kurslar\u0131nda b\u00f6yle bir gereklilik yoktur.\n<h3>\u00d6ne \u00c7\u0131kan MOOC Platformlar\u0131<\/h3>\n<ul>\n \t<li><a href=\"https:\/\/www.thinkful.com\/\" target=\"_blank\" rel=\"noopener noreferrer\">Thinkful<\/a>: \u0130ngilizce bir platformdur. Online derslerde \u00f6ne \u00e7\u0131kan isimlerden biridir.<\/li>\n \t<li><a href=\"https:\/\/www.khanacademy.org\/\" target=\"_blank\" rel=\"noopener noreferrer\">Khan Academy<\/a>: T\u00fcrk\u00e7e deste\u011fi bulunan, geni\u015f bir dil yelpazesine sahip \u00f6nc\u00fc platformlardan biridir.<\/li>\n \t<li><a href=\"https:\/\/atademix.atauni.edu.tr\/\" target=\"_blank\" rel=\"noopener noreferrer\">Atademix<\/a>: Erzurum Atat\u00fcrk \u00dcniversitesi\u2019nin \u00e7evrimi\u00e7i e\u011fitim platformudur.<\/li>\n \t<li><a href=\"https:\/\/www.udemy.com\/\" target=\"_blank\" rel=\"noopener noreferrer\">Udemy<\/a>: \u0130lk olarak bir T\u00fcrk giri\u015fimci taraf\u0131ndan kurulan, sonras\u0131nda sat\u0131lan bir platformdur. Baz\u0131 kurslar\u0131 \u00fccretlidir.<\/li>\n \t<li><a href=\"https:\/\/www.pluralsight.com\/\" target=\"_blank\" rel=\"noopener noreferrer\">Pluralsight<\/a>: Adobe, Google, Microsoft gibi b\u00fcy\u00fck partnerlere sahip \u00f6nc\u00fc bir platformdur.<\/li>\n \t<li><a href=\"https:\/\/www.edx.org\/\" target=\"_blank\" rel=\"noopener noreferrer\">edX<\/a>: \u0130ngilizce ve \u0130spanyolca dil deste\u011fi bulunan, MIT ve Harvard \u00dcniversiteleri taraf\u0131ndan kurulan bir platformdur.<\/li>\n \t<li><a href=\"https:\/\/www.skillshare.com\/\" target=\"_blank\" rel=\"noopener noreferrer\">Skillshare<\/a>: \u0130ngilizce bir web platformudur. \u00dccretli dersler de sunmaktad\u0131r.<\/li>\n \t<li><a href=\"https:\/\/www.lynda.com\/\" target=\"_blank\" rel=\"noopener noreferrer\">Lynda<\/a>: Be\u015f farkl\u0131 dilde e\u011fitim veren, \u00fccretli kurslar\u0131n da bulundu\u011fu bir platformdur.<\/li>\n \t<li><a href=\"https:\/\/www.datacamp.com\/\" target=\"_blank\" rel=\"noopener noreferrer\">DataCamp<\/a>: Bilgisayar kurslar\u0131na odaklanan bir platformdur.<\/li>\n \t<li><a href=\"https:\/\/www.udacity.com\/\" target=\"_blank\" rel=\"noopener noreferrer\">Udacity<\/a>: Stanford \u00dcniversitesi e\u011fitmenleri taraf\u0131ndan ba\u015flat\u0131lan, zamanla b\u00fcy\u00fcyen ve 190 \u00fclkede 160.000&#8217;den fazla \u00f6\u011frenciye sahip bir platformdur.<\/li>\n<\/ul>\t\t\t\t\t\t\t\t<\/div>\n\t\t\t\t<\/div>\n\t\t\t\t\t<\/div>\n\t\t<\/div>\n\t\t\t\t\t<\/div>\n\t\t<\/section>\n\t\t\t\t<\/div>\n\t\t","protected":false},"excerpt":{"rendered":"<p>Massive Open Online Courses (MOOCs): Kitlesel \u00c7evrimi\u00e7i A\u00e7\u0131k Dersler Massive Open Online Courses yani k\u0131saca MOOC\u2019lar, kitlesel \u00e7evrimi\u00e7i a\u00e7\u0131k ders alabilece\u011fimiz bir uzaktan e\u011fitim modelidir. Farkl\u0131 dallardaki ilgilendi\u011finiz kurslar\u0131 bir arada bulabilece\u011finiz bir sistemdir, kurslar genel olarak \u00fccretsizdir. Buradaki as\u0131l ama\u00e7, farkl\u0131 konumlarda bulunan e\u011fitmen ve \u00f6\u011frencileri bir araya getirmektir. G\u00fcn\u00fcm\u00fczde teknolojinin kat etti\u011fi h\u0131zl\u0131 [&hellip;]<\/p>\n","protected":false},"author":666,"featured_media":0,"parent":0,"menu_order":0,"comment_status":"closed","ping_status":"closed","template":"","meta":{"footnotes":""},"class_list":["post-8030","page","type-page","status-publish","hentry"],"_links":{"self":[{"href":"https:\/\/atauni.edu.tr\/ogretme-ve-ogrenmeyi-gelistirme-uygulama-ve-arastirma-merkezi\/wp-json\/wp\/v2\/pages\/8030","targetHints":{"allow":["GET"]}}],"collection":[{"href":"https:\/\/atauni.edu.tr\/ogretme-ve-ogrenmeyi-gelistirme-uygulama-ve-arastirma-merkezi\/wp-json\/wp\/v2\/pages"}],"about":[{"href":"https:\/\/atauni.edu.tr\/ogretme-ve-ogrenmeyi-gelistirme-uygulama-ve-arastirma-merkezi\/wp-json\/wp\/v2\/types\/page"}],"author":[{"embeddable":true,"href":"https:\/\/atauni.edu.tr\/ogretme-ve-ogrenmeyi-gelistirme-uygulama-ve-arastirma-merkezi\/wp-json\/wp\/v2\/users\/666"}],"replies":[{"embeddable":true,"href":"https:\/\/atauni.edu.tr\/ogretme-ve-ogrenmeyi-gelistirme-uygulama-ve-arastirma-merkezi\/wp-json\/wp\/v2\/comments?post=8030"}],"version-history":[{"count":4,"href":"https:\/\/atauni.edu.tr\/ogretme-ve-ogrenmeyi-gelistirme-uygulama-ve-arastirma-merkezi\/wp-json\/wp\/v2\/pages\/8030\/revisions"}],"predecessor-version":[{"id":8034,"href":"https:\/\/atauni.edu.tr\/ogretme-ve-ogrenmeyi-gelistirme-uygulama-ve-arastirma-merkezi\/wp-json\/wp\/v2\/pages\/8030\/revisions\/8034"}],"wp:attachment":[{"href":"https:\/\/atauni.edu.tr\/ogretme-ve-ogrenmeyi-gelistirme-uygulama-ve-arastirma-merkezi\/wp-json\/wp\/v2\/media?parent=8030"}],"curies":[{"name":"wp","href":"https:\/\/api.w.org\/{rel}","templated":true}]}}