{"id":8055,"date":"2025-06-26T14:26:43","date_gmt":"2025-06-26T11:26:43","guid":{"rendered":"https:\/\/birimler.atauni.edu.tr\/ogretme-ve-ogrenmeyi-gelistirme-uygulama-ve-arastirma-merkezi\/?page_id=8055"},"modified":"2025-06-26T14:27:20","modified_gmt":"2025-06-26T11:27:20","slug":"cevrimici-depolama-araclari","status":"publish","type":"page","link":"https:\/\/atauni.edu.tr\/ogretme-ve-ogrenmeyi-gelistirme-uygulama-ve-arastirma-merkezi\/cevrimici-depolama-araclari\/","title":{"rendered":"\u00c7evrimi\u00e7i Depolama Ara\u00e7lar\u0131"},"content":{"rendered":"\t\t<div data-elementor-type=\"wp-page\" data-elementor-id=\"8055\" class=\"elementor elementor-8055\" data-elementor-post-type=\"page\">\n\t\t\t\t\t\t<section class=\"elementor-section elementor-top-section elementor-element elementor-element-f1ccdef elementor-section-boxed elementor-section-height-default elementor-section-height-default\" data-id=\"f1ccdef\" data-element_type=\"section\">\n\t\t\t\t\t\t<div class=\"elementor-container elementor-column-gap-default\">\n\t\t\t\t\t<div class=\"elementor-column elementor-col-100 elementor-top-column elementor-element elementor-element-105bdf7\" data-id=\"105bdf7\" data-element_type=\"column\">\n\t\t\t<div class=\"elementor-widget-wrap elementor-element-populated\">\n\t\t\t\t\t\t<div class=\"elementor-element elementor-element-2cdfceb elementor-widget elementor-widget-text-editor\" data-id=\"2cdfceb\" data-element_type=\"widget\" data-widget_type=\"text-editor.default\">\n\t\t\t\t<div class=\"elementor-widget-container\">\n\t\t\t\t\t\t\t\t\t<div class=\"row\">\n<h3>1. Google Drive<\/h3>\n<div class=\"col-lg-9\" style=\"float: left\">Bulut depolama ara\u00e7lar\u0131 aras\u0131na yeni girmesine ra\u011fmen en \u00e7ok tercih edilen bulut depolama arac\u0131d\u0131r. Google \u015firketine ait bir uygulamad\u0131r. \u00d6ne \u00e7\u0131kan uygulamalar aras\u0131ndad\u0131r. Kullan\u0131c\u0131lara 15 GB kadar \u00fccretsiz depolama alan\u0131 sunmaktad\u0131r. 100 GB depolama alan\u0131na ise 4.99 $ \/ ayl\u0131k bir \u00fccreti bulunmaktad\u0131r. Ayr\u0131ca t\u00fcm Google uygulamalar\u0131yla senkron bir \u015fekilde \u00e7al\u0131\u015fmaktad\u0131r.<\/div>\n<div class=\"col-lg-3\" style=\"float: left\"><img decoding=\"async\" src=\"https:\/\/ogem.atauni.edu.tr\/wp-content\/uploads\/2020\/05\/google.jpg\" alt=\"Google Drive\" \/><\/div>\n<h3>2. Box<\/h3>\n<div class=\"col-lg-9\" style=\"float: left\">\u00dccretsiz olarak 10 GB kadar depolama alan\u0131 veren Box ki\u015filerden \u00e7ok kurumsal firmalarda daha \u00e7ok kullan\u0131lmaktad\u0131r. Ayr\u0131ca tercih edilmesinin bir di\u011fer sebebi de payla\u015ft\u0131\u011f\u0131n\u0131z dosya hakk\u0131n\u0131n yaln\u0131zca sizin olmas\u0131. Box\u2019\u0131n 25 GB ayl\u0131k \u00fccreti ise 9.99 $\u2019d\u0131r.<\/div>\n<div class=\"col-lg-3\" style=\"float: left\"><img decoding=\"async\" src=\"https:\/\/ogem.atauni.edu.tr\/wp-content\/uploads\/2020\/05\/box.jpg\" alt=\"Box\" \/><\/div>\n<h3>3. Dropbox<\/h3>\n<div class=\"col-lg-9\" style=\"float: left\">Bulut depolama ara\u00e7lar\u0131 aras\u0131nda en \u00e7ok kullan\u0131lan ve en pop\u00fcler olan Dropbox. Daha \u00e7ok bireysel kullan\u0131c\u0131lara hitap eden bir bulut depolama arac\u0131d\u0131r. Kullan\u0131c\u0131lara 2 GB \u00fccretsiz kullan\u0131m hakk\u0131 sunmaktad\u0131r. 100 GB depolama alan\u0131 19.99 $ \/ ayl\u0131k olarak belirlenmi\u015ftir. Box\u2019ta oldu\u011fu gibi payla\u015ft\u0131\u011f\u0131n\u0131z dosya hakk\u0131 sadece size aittir. Dosya payla\u015fma \u00f6zelli\u011fiyle de \u00f6ne \u00e7\u0131kmaktad\u0131r.<\/div>\n<div class=\"col-lg-3\" style=\"float: left\"><img decoding=\"async\" src=\"https:\/\/ogem.atauni.edu.tr\/wp-content\/uploads\/2020\/05\/dropbox.png\" alt=\"Dropbox\" \/><\/div>\n<h3>4. Apple iCloud<\/h3>\n<div class=\"col-lg-9\" style=\"float: left\">Ad\u0131ndan anla\u015f\u0131laca\u011f\u0131 gibi sadece Apple cihazlar\u0131na hizmet veren bulut depolama ara\u00e7lar\u0131ndand\u0131r. \u00dccretsiz olarak 5 GB depolama alan\u0131 sunmaktad\u0131r. Olduk\u00e7a kullan\u0131\u015fl\u0131 ve basit bir uygulamad\u0131r.<\/div>\n<div class=\"col-lg-3\" style=\"float: left\"><img decoding=\"async\" src=\"https:\/\/ogem.atauni.edu.tr\/wp-content\/uploads\/2020\/05\/icloud.jpg\" alt=\"Apple iCloud\" \/><\/div>\n<h3>5. Amazon Drive<\/h3>\n<div class=\"col-lg-9\" style=\"float: left\">5 GB \u00fccretsiz depolama alan\u0131 hizmeti veren bulut depolama arac\u0131d\u0131r. Rakiplerine oranla daha \u00e7ok kendi \u00fcr\u00fcnlerine y\u00f6nelik bir servis hizmeti veriyormu\u015f izlenimi vard\u0131r. Kitap ve m\u00fczik depolama konusunda avantajl\u0131 oldu\u011fu g\u00f6r\u00fcl\u00fcr. E-posta, takvim ve telefon rehberi senkronize edilemiyor. 100 GB depolama alan\u0131na 8.33 $ \/ ayl\u0131k olarak sahip olabilirsiniz.<\/div>\n<div class=\"col-lg-3\" style=\"float: left\"><img decoding=\"async\" src=\"https:\/\/ogem.atauni.edu.tr\/wp-content\/uploads\/2020\/05\/amazon.jpg\" alt=\"Amazon Drive\" \/><\/div>\n<h3>6. SpiderOak<\/h3>\n<div class=\"col-lg-9\" style=\"float: left\">\u00d6zellikle dosya \u015fifreleme \u00f6zelli\u011fi ile \u00f6ne \u00e7\u0131kan bir bulut depolama arac\u0131d\u0131r. \u00dccretsiz olarak 21 g\u00fcn ge\u00e7erli 250 GB depolama alan\u0131 hizmeti verilmektedir. Rakiplerine g\u00f6re daha az \u00fccretsiz depolama alan\u0131 vermektedir.<\/div>\n<div class=\"col-lg-3\" style=\"float: left\"><img decoding=\"async\" src=\"https:\/\/ogem.atauni.edu.tr\/wp-content\/uploads\/2020\/05\/spiderOak.jpg\" alt=\"SpiderOak\" \/><\/div>\n<h3>7. Yandex.Disk<\/h3>\n<div class=\"col-lg-9\" style=\"float: left\">Rus arama motorunun yeni sunmu\u015f oldu\u011fu bulut depolama arac\u0131 servisidir. \u00dccretsiz olarak 10 GB depolama alan\u0131 hizmeti sunmaktad\u0131r. Ayr\u0131ca piyasaya iddial\u0131 bir giri\u015f yapm\u0131\u015ft\u0131r ve T\u00fcrk\u00e7e dil deste\u011fi de bulunmaktad\u0131r.<\/div>\n<div class=\"col-lg-3\" style=\"float: left\"><img decoding=\"async\" src=\"https:\/\/ogem.atauni.edu.tr\/wp-content\/uploads\/2020\/05\/yandex.jpg\" alt=\"Yandex.Disk\" \/><\/div>\n<h3>8. Mega Drive<\/h3>\n<div class=\"col-lg-9\" style=\"float: left\">50 GB \u00fccretsiz depolama alan\u0131 ile rakiplerine fark atan bir bulut depolama arac\u0131d\u0131r. Dosya \u015fifreleme \u00f6zelli\u011fi de bulunan bir ara\u00e7t\u0131r. 2012 y\u0131l\u0131nda hizmete girmi\u015ftir.<\/div>\n<div class=\"col-lg-3\" style=\"float: left\"><img decoding=\"async\" src=\"https:\/\/ogem.atauni.edu.tr\/wp-content\/uploads\/2020\/05\/mega.png\" alt=\"Mega Drive\" \/><\/div>\n<h3>9. Degoo<\/h3>\n<div class=\"col-lg-9\" style=\"float: left\">100 GB \u00fccretsiz depolama alan\u0131 sunan bir bulut depolama arac\u0131d\u0131r. Hesab\u0131n\u0131z\u0131 y\u00fckseltmek i\u00e7in de \u00e7ok d\u00fc\u015f\u00fck olan 2.99 $ \/ ayl\u0131k bir \u00fccreti bulunmaktad\u0131r. Mobil uygulamas\u0131 sayesinde telefonunuzdaki her \u015fey yedeklenir.<\/div>\n<div class=\"col-lg-3\" style=\"float: left\"><img decoding=\"async\" src=\"https:\/\/ogem.atauni.edu.tr\/wp-content\/uploads\/2020\/05\/dego.png\" alt=\"Degoo\" \/><\/div>\n<h3>10. OneDrive<\/h3>\n<div class=\"col-lg-9\" style=\"float: left\">OneDrive, Microsoft\u2019un sundu\u011fu bir bulut depolama arac\u0131d\u0131r. \u00dccretsiz olarak 5 GB bir depolama alan\u0131 hizmeti vermektedir. Ayr\u0131ca Office 365\u2019in ayr\u0131lmaz bir par\u00e7as\u0131d\u0131r. E\u011fer Office 365 sat\u0131n ald\u0131ysan\u0131z 1 TB bir OneDrive alan\u0131na da sahipsiniz demektir.<\/div>\n<div class=\"col-lg-3\" style=\"float: left\"><img decoding=\"async\" src=\"https:\/\/ogem.atauni.edu.tr\/wp-content\/uploads\/2020\/05\/onedrive.png\" alt=\"OneDrive\" \/><\/div>\n<\/div>\nHarun Sak\t\t\t\t\t\t\t\t<\/div>\n\t\t\t\t<\/div>\n\t\t\t\t\t<\/div>\n\t\t<\/div>\n\t\t\t\t\t<\/div>\n\t\t<\/section>\n\t\t\t\t<\/div>\n\t\t","protected":false},"excerpt":{"rendered":"<p>1. Google Drive Bulut depolama ara\u00e7lar\u0131 aras\u0131na yeni girmesine ra\u011fmen en \u00e7ok tercih edilen bulut depolama arac\u0131d\u0131r. Google \u015firketine ait bir uygulamad\u0131r. \u00d6ne \u00e7\u0131kan uygulamalar aras\u0131ndad\u0131r. Kullan\u0131c\u0131lara 15 GB kadar \u00fccretsiz depolama alan\u0131 sunmaktad\u0131r. 100 GB depolama alan\u0131na ise 4.99 $ \/ ayl\u0131k bir \u00fccreti bulunmaktad\u0131r. Ayr\u0131ca t\u00fcm Google uygulamalar\u0131yla senkron bir \u015fekilde \u00e7al\u0131\u015fmaktad\u0131r. 2. [&hellip;]<\/p>\n","protected":false},"author":666,"featured_media":0,"parent":0,"menu_order":0,"comment_status":"closed","ping_status":"closed","template":"","meta":{"footnotes":""},"class_list":["post-8055","page","type-page","status-publish","hentry"],"_links":{"self":[{"href":"https:\/\/atauni.edu.tr\/ogretme-ve-ogrenmeyi-gelistirme-uygulama-ve-arastirma-merkezi\/wp-json\/wp\/v2\/pages\/8055","targetHints":{"allow":["GET"]}}],"collection":[{"href":"https:\/\/atauni.edu.tr\/ogretme-ve-ogrenmeyi-gelistirme-uygulama-ve-arastirma-merkezi\/wp-json\/wp\/v2\/pages"}],"about":[{"href":"https:\/\/atauni.edu.tr\/ogretme-ve-ogrenmeyi-gelistirme-uygulama-ve-arastirma-merkezi\/wp-json\/wp\/v2\/types\/page"}],"author":[{"embeddable":true,"href":"https:\/\/atauni.edu.tr\/ogretme-ve-ogrenmeyi-gelistirme-uygulama-ve-arastirma-merkezi\/wp-json\/wp\/v2\/users\/666"}],"replies":[{"embeddable":true,"href":"https:\/\/atauni.edu.tr\/ogretme-ve-ogrenmeyi-gelistirme-uygulama-ve-arastirma-merkezi\/wp-json\/wp\/v2\/comments?post=8055"}],"version-history":[{"count":4,"href":"https:\/\/atauni.edu.tr\/ogretme-ve-ogrenmeyi-gelistirme-uygulama-ve-arastirma-merkezi\/wp-json\/wp\/v2\/pages\/8055\/revisions"}],"predecessor-version":[{"id":8059,"href":"https:\/\/atauni.edu.tr\/ogretme-ve-ogrenmeyi-gelistirme-uygulama-ve-arastirma-merkezi\/wp-json\/wp\/v2\/pages\/8055\/revisions\/8059"}],"wp:attachment":[{"href":"https:\/\/atauni.edu.tr\/ogretme-ve-ogrenmeyi-gelistirme-uygulama-ve-arastirma-merkezi\/wp-json\/wp\/v2\/media?parent=8055"}],"curies":[{"name":"wp","href":"https:\/\/api.w.org\/{rel}","templated":true}]}}