{"id":9695,"date":"2026-03-23T11:15:19","date_gmt":"2026-03-23T08:15:19","guid":{"rendered":"https:\/\/atauni.edu.tr\/ogretme-ve-ogrenmeyi-gelistirme-uygulama-ve-arastirma-merkezi\/?page_id=9695"},"modified":"2026-03-23T11:26:08","modified_gmt":"2026-03-23T08:26:08","slug":"dr-ogr-uyesi-duygu-ileriturk-egitim-sayfasi","status":"publish","type":"page","link":"https:\/\/atauni.edu.tr\/ogretme-ve-ogrenmeyi-gelistirme-uygulama-ve-arastirma-merkezi\/dr-ogr-uyesi-duygu-ileriturk-egitim-sayfasi\/","title":{"rendered":"Dr. \u00d6\u011fr. \u00dcyesi Duygu \u0130LER\u0130T\u00dcRK \u2013 E\u011fitim Sayfas\u0131"},"content":{"rendered":"\t\t<div data-elementor-type=\"wp-page\" data-elementor-id=\"9695\" class=\"elementor elementor-9695\" data-elementor-post-type=\"page\">\n\t\t\t\t\t\t<section class=\"elementor-section elementor-top-section elementor-element elementor-element-009e9e0 elementor-section-boxed elementor-section-height-default elementor-section-height-default\" data-id=\"009e9e0\" data-element_type=\"section\">\n\t\t\t\t\t\t<div class=\"elementor-container elementor-column-gap-default\">\n\t\t\t\t\t<div class=\"elementor-column elementor-col-100 elementor-top-column elementor-element elementor-element-6d83bcf\" data-id=\"6d83bcf\" data-element_type=\"column\">\n\t\t\t<div class=\"elementor-widget-wrap elementor-element-populated\">\n\t\t\t\t\t\t<div class=\"elementor-element elementor-element-95ad341 elementor-widget elementor-widget-text-editor\" data-id=\"95ad341\" data-element_type=\"widget\" data-widget_type=\"text-editor.default\">\n\t\t\t\t<div class=\"elementor-widget-container\">\n\t\t\t\t\t\t\t\t\t<h2>Ara\u015ft\u0131rma Y\u00f6ntemleri E\u011fitiminde Ters Y\u00fcz \u00d6\u011frenme ve Proje Temelli \u00d6\u011frenme Uygulamalar\u0131<\/h2>\n\n<p>\nAtat\u00fcrk \u00dcniversitesi \u00d6\u011fretme ve \u00d6\u011frenmeyi Geli\u015ftirme Uygulama ve Ara\u015ft\u0131rma Merkezi (\u00d6GEM) olarak d\u00fczenledi\u011fimiz bu e\u011fitimde, y\u00fcksek\u00f6\u011fretimde \u00e7a\u011fda\u015f \u00f6\u011frenme yakla\u015f\u0131mlar\u0131ndan ters y\u00fcz \u00f6\u011frenme ve proje temelli \u00f6\u011frenme modelleri ele al\u0131nm\u0131\u015ft\u0131r.\n<\/p>\n\n<p>\nDr. \u00d6\u011fr. \u00dcyesi Duygu \u0130LER\u0130T\u00dcRK taraf\u0131ndan payla\u015f\u0131lan i\u00e7eriklerde, ara\u015ft\u0131rma y\u00f6ntemleri dersinin \u00f6\u011frenci merkezli bir anlay\u0131\u015fla nas\u0131l yeniden yap\u0131land\u0131r\u0131labilece\u011fi \u00f6rnekler \u00fczerinden a\u00e7\u0131klanm\u0131\u015ft\u0131r. E\u011fitim kapsam\u0131nda; ara\u015ft\u0131rma sorusu olu\u015fturma, literat\u00fcr taramas\u0131, veri toplama y\u00f6ntemleri, veri analizi ve ara\u015ft\u0131rma raporu yaz\u0131m\u0131 gibi temel ba\u015fl\u0131klar\u0131n, aktif \u00f6\u011frenme odakl\u0131 uygulamalarla nas\u0131l desteklenebilece\u011fi de\u011ferlendirilmi\u015ftir.\n<\/p>\n\n<p>\nAyr\u0131ca e\u011fitimde, ters y\u00fcz \u00f6\u011frenme modelinin s\u0131n\u0131f d\u0131\u015f\u0131 haz\u0131rl\u0131k ve s\u0131n\u0131f i\u00e7i uygulama boyutlar\u0131 ile proje temelli \u00f6\u011frenmenin \u00f6\u011frenci kat\u0131l\u0131m\u0131n\u0131, sorumluluk alma becerisini ve derin \u00f6\u011frenmeyi nas\u0131l g\u00fc\u00e7lendirdi\u011fi \u00fczerinde durulmu\u015ftur.\n<\/p>\n\n<h3>Bu E\u011fitim \u0130\u00e7eri\u011finde Neler Bulacaks\u0131n\u0131z?<\/h3>\n\n<ul>\n<li>Ters y\u00fcz \u00f6\u011frenme modelinin temel \u00f6zellikleri ve y\u00fcksek\u00f6\u011fretimde kullan\u0131m alanlar\u0131<\/li>\n<li>Proje temelli \u00f6\u011frenmenin ders tasar\u0131m\u0131na entegrasyonuna y\u00f6nelik \u00f6rnekler<\/li>\n<li>Ara\u015ft\u0131rma y\u00f6ntemleri dersinde haftal\u0131k planlama ve uygulama \u00f6nerileri<\/li>\n<li>Ara\u015ft\u0131rma sorusu geli\u015ftirme, literat\u00fcr tarama ve veri toplama s\u00fcre\u00e7lerine y\u00f6nelik etkinlikler<\/li>\n<li>\u00d6\u011frenci kat\u0131l\u0131m\u0131n\u0131 art\u0131rmaya y\u00f6nelik s\u0131n\u0131f i\u00e7i uygulama ve de\u011ferlendirme yakla\u015f\u0131mlar\u0131<\/li>\n<\/ul>\n\n<p>\n\u00d6\u011fretim s\u00fcre\u00e7lerini daha etkile\u015fimli, uygulama odakl\u0131 ve \u00f6\u011frenci merkezli hale getirmek isteyen akademisyenler i\u00e7in bu e\u011fitim, ders tasar\u0131m\u0131 konusunda yol g\u00f6sterici bir kaynak niteli\u011findedir.\n<\/p>\t\t\t\t\t\t\t\t<\/div>\n\t\t\t\t<\/div>\n\t\t\t\t\t<\/div>\n\t\t<\/div>\n\t\t\t\t\t<\/div>\n\t\t<\/section>\n\t\t\t\t<section class=\"elementor-section elementor-top-section elementor-element elementor-element-6ea7c5e elementor-section-boxed elementor-section-height-default elementor-section-height-default\" data-id=\"6ea7c5e\" data-element_type=\"section\">\n\t\t\t\t\t\t<div class=\"elementor-container elementor-column-gap-default\">\n\t\t\t\t\t<div class=\"elementor-column elementor-col-33 elementor-top-column elementor-element elementor-element-f0e5ca4\" data-id=\"f0e5ca4\" data-element_type=\"column\">\n\t\t\t<div class=\"elementor-widget-wrap elementor-element-populated\">\n\t\t\t\t\t\t<div class=\"elementor-element elementor-element-f8b6529 elementor-align-justify elementor-widget elementor-widget-button\" data-id=\"f8b6529\" data-element_type=\"widget\" data-widget_type=\"button.default\">\n\t\t\t\t<div class=\"elementor-widget-container\">\n\t\t\t\t\t\t\t\t\t<div class=\"elementor-button-wrapper\">\n\t\t\t\t\t<a class=\"elementor-button elementor-button-link elementor-size-sm\" href=\"https:\/\/atauni.edu.tr\/ogretme-ve-ogrenmeyi-gelistirme-uygulama-ve-arastirma-merkezi\/wp-content\/uploads\/sites\/817\/2026\/03\/DERS-I\u0307ZLENCESI\u0307-21.02.2025.docx\">\n\t\t\t\t\t\t<span class=\"elementor-button-content-wrapper\">\n\t\t\t\t\t\t\t\t\t<span class=\"elementor-button-text\">Ders \u0130zlencesini \u0130ndir<\/span>\n\t\t\t\t\t<\/span>\n\t\t\t\t\t<\/a>\n\t\t\t\t<\/div>\n\t\t\t\t\t\t\t\t<\/div>\n\t\t\t\t<\/div>\n\t\t\t\t\t<\/div>\n\t\t<\/div>\n\t\t\t\t<div class=\"elementor-column elementor-col-33 elementor-top-column elementor-element elementor-element-5fbbfb1\" data-id=\"5fbbfb1\" data-element_type=\"column\">\n\t\t\t<div class=\"elementor-widget-wrap elementor-element-populated\">\n\t\t\t\t\t\t<div class=\"elementor-element elementor-element-0538aaa elementor-align-justify elementor-widget elementor-widget-button\" data-id=\"0538aaa\" data-element_type=\"widget\" data-widget_type=\"button.default\">\n\t\t\t\t<div class=\"elementor-widget-container\">\n\t\t\t\t\t\t\t\t\t<div class=\"elementor-button-wrapper\">\n\t\t\t\t\t<a class=\"elementor-button elementor-button-link elementor-size-sm\" href=\"https:\/\/atauni.edu.tr\/ogretme-ve-ogrenmeyi-gelistirme-uygulama-ve-arastirma-merkezi\/wp-content\/uploads\/sites\/817\/2026\/03\/duygu_ileritu\u0308rk_o\u0308g\u0306renme_modelleri_o\u0308rnekleri.pdf\">\n\t\t\t\t\t\t<span class=\"elementor-button-content-wrapper\">\n\t\t\t\t\t\t\t\t\t<span class=\"elementor-button-text\">Sunum 1 indir<\/span>\n\t\t\t\t\t<\/span>\n\t\t\t\t\t<\/a>\n\t\t\t\t<\/div>\n\t\t\t\t\t\t\t\t<\/div>\n\t\t\t\t<\/div>\n\t\t\t\t\t<\/div>\n\t\t<\/div>\n\t\t\t\t<div class=\"elementor-column elementor-col-33 elementor-top-column elementor-element elementor-element-24b3f47\" data-id=\"24b3f47\" data-element_type=\"column\">\n\t\t\t<div class=\"elementor-widget-wrap elementor-element-populated\">\n\t\t\t\t\t\t<div class=\"elementor-element elementor-element-9ef467b elementor-align-justify elementor-widget elementor-widget-button\" data-id=\"9ef467b\" data-element_type=\"widget\" data-widget_type=\"button.default\">\n\t\t\t\t<div class=\"elementor-widget-container\">\n\t\t\t\t\t\t\t\t\t<div class=\"elementor-button-wrapper\">\n\t\t\t\t\t<a class=\"elementor-button elementor-button-link elementor-size-sm\" href=\"https:\/\/atauni.edu.tr\/ogretme-ve-ogrenmeyi-gelistirme-uygulama-ve-arastirma-merkezi\/wp-content\/uploads\/sites\/817\/2026\/03\/Yuksekogretimde-Ters-Yuz-Ogrenme-ve-Proje-Temelli-Ogrenme-Modelleri.pdf\">\n\t\t\t\t\t\t<span class=\"elementor-button-content-wrapper\">\n\t\t\t\t\t\t\t\t\t<span class=\"elementor-button-text\">Sunum 2 indir<\/span>\n\t\t\t\t\t<\/span>\n\t\t\t\t\t<\/a>\n\t\t\t\t<\/div>\n\t\t\t\t\t\t\t\t<\/div>\n\t\t\t\t<\/div>\n\t\t\t\t\t<\/div>\n\t\t<\/div>\n\t\t\t\t\t<\/div>\n\t\t<\/section>\n\t\t\t\t<\/div>\n\t\t","protected":false},"excerpt":{"rendered":"<p>Ara\u015ft\u0131rma Y\u00f6ntemleri E\u011fitiminde Ters Y\u00fcz \u00d6\u011frenme ve Proje Temelli \u00d6\u011frenme Uygulamalar\u0131 Atat\u00fcrk \u00dcniversitesi \u00d6\u011fretme ve \u00d6\u011frenmeyi Geli\u015ftirme Uygulama ve Ara\u015ft\u0131rma Merkezi (\u00d6GEM) olarak d\u00fczenledi\u011fimiz bu e\u011fitimde, y\u00fcksek\u00f6\u011fretimde \u00e7a\u011fda\u015f \u00f6\u011frenme yakla\u015f\u0131mlar\u0131ndan ters y\u00fcz \u00f6\u011frenme ve proje temelli \u00f6\u011frenme modelleri ele al\u0131nm\u0131\u015ft\u0131r. Dr. \u00d6\u011fr. \u00dcyesi Duygu \u0130LER\u0130T\u00dcRK taraf\u0131ndan payla\u015f\u0131lan i\u00e7eriklerde, ara\u015ft\u0131rma y\u00f6ntemleri dersinin \u00f6\u011frenci merkezli bir anlay\u0131\u015fla [&hellip;]<\/p>\n","protected":false},"author":666,"featured_media":0,"parent":0,"menu_order":0,"comment_status":"closed","ping_status":"closed","template":"","meta":{"footnotes":""},"class_list":["post-9695","page","type-page","status-publish","hentry"],"_links":{"self":[{"href":"https:\/\/atauni.edu.tr\/ogretme-ve-ogrenmeyi-gelistirme-uygulama-ve-arastirma-merkezi\/wp-json\/wp\/v2\/pages\/9695","targetHints":{"allow":["GET"]}}],"collection":[{"href":"https:\/\/atauni.edu.tr\/ogretme-ve-ogrenmeyi-gelistirme-uygulama-ve-arastirma-merkezi\/wp-json\/wp\/v2\/pages"}],"about":[{"href":"https:\/\/atauni.edu.tr\/ogretme-ve-ogrenmeyi-gelistirme-uygulama-ve-arastirma-merkezi\/wp-json\/wp\/v2\/types\/page"}],"author":[{"embeddable":true,"href":"https:\/\/atauni.edu.tr\/ogretme-ve-ogrenmeyi-gelistirme-uygulama-ve-arastirma-merkezi\/wp-json\/wp\/v2\/users\/666"}],"replies":[{"embeddable":true,"href":"https:\/\/atauni.edu.tr\/ogretme-ve-ogrenmeyi-gelistirme-uygulama-ve-arastirma-merkezi\/wp-json\/wp\/v2\/comments?post=9695"}],"version-history":[{"count":4,"href":"https:\/\/atauni.edu.tr\/ogretme-ve-ogrenmeyi-gelistirme-uygulama-ve-arastirma-merkezi\/wp-json\/wp\/v2\/pages\/9695\/revisions"}],"predecessor-version":[{"id":9704,"href":"https:\/\/atauni.edu.tr\/ogretme-ve-ogrenmeyi-gelistirme-uygulama-ve-arastirma-merkezi\/wp-json\/wp\/v2\/pages\/9695\/revisions\/9704"}],"wp:attachment":[{"href":"https:\/\/atauni.edu.tr\/ogretme-ve-ogrenmeyi-gelistirme-uygulama-ve-arastirma-merkezi\/wp-json\/wp\/v2\/media?parent=9695"}],"curies":[{"name":"wp","href":"https:\/\/api.w.org\/{rel}","templated":true}]}}