{"id":9902,"date":"2026-03-29T14:14:42","date_gmt":"2026-03-29T11:14:42","guid":{"rendered":"https:\/\/atauni.edu.tr\/ogretme-ve-ogrenmeyi-gelistirme-uygulama-ve-arastirma-merkezi\/?page_id=9902"},"modified":"2026-03-29T14:30:16","modified_gmt":"2026-03-29T11:30:16","slug":"prezi","status":"publish","type":"page","link":"https:\/\/atauni.edu.tr\/ogretme-ve-ogrenmeyi-gelistirme-uygulama-ve-arastirma-merkezi\/prezi\/","title":{"rendered":"Prezi"},"content":{"rendered":"\t\t<div data-elementor-type=\"wp-page\" data-elementor-id=\"9902\" class=\"elementor elementor-9902\" data-elementor-post-type=\"page\">\n\t\t\t\t\t\t<section class=\"elementor-section elementor-top-section elementor-element elementor-element-e8d3ed8 elementor-section-boxed elementor-section-height-default elementor-section-height-default\" data-id=\"e8d3ed8\" data-element_type=\"section\">\n\t\t\t\t\t\t<div class=\"elementor-container elementor-column-gap-default\">\n\t\t\t\t\t<div class=\"elementor-column elementor-col-100 elementor-top-column elementor-element elementor-element-45da93a\" data-id=\"45da93a\" data-element_type=\"column\">\n\t\t\t<div class=\"elementor-widget-wrap elementor-element-populated\">\n\t\t\t\t\t\t<div class=\"elementor-element elementor-element-7130733 elementor-widget elementor-widget-image\" data-id=\"7130733\" data-element_type=\"widget\" data-widget_type=\"image.default\">\n\t\t\t\t<div class=\"elementor-widget-container\">\n\t\t\t\t\t\t\t\t\t\t\t\t\t\t\t<img fetchpriority=\"high\" decoding=\"async\" width=\"300\" height=\"300\" src=\"https:\/\/atauni.edu.tr\/ogretme-ve-ogrenmeyi-gelistirme-uygulama-ve-arastirma-merkezi\/wp-content\/uploads\/sites\/817\/2026\/03\/Prezi-Logo.png\" class=\"attachment-large size-large wp-image-9904\" alt=\"\" srcset=\"https:\/\/atauni.edu.tr\/ogretme-ve-ogrenmeyi-gelistirme-uygulama-ve-arastirma-merkezi\/wp-content\/uploads\/sites\/817\/2026\/03\/Prezi-Logo.png 300w, https:\/\/atauni.edu.tr\/ogretme-ve-ogrenmeyi-gelistirme-uygulama-ve-arastirma-merkezi\/wp-content\/uploads\/sites\/817\/2026\/03\/Prezi-Logo-150x150.png 150w\" sizes=\"(max-width: 300px) 100vw, 300px\" \/>\t\t\t\t\t\t\t\t\t\t\t\t\t\t\t<\/div>\n\t\t\t\t<\/div>\n\t\t\t\t\t<\/div>\n\t\t<\/div>\n\t\t\t\t\t<\/div>\n\t\t<\/section>\n\t\t\t\t<section class=\"elementor-section elementor-top-section elementor-element elementor-element-6ec5415 elementor-section-boxed elementor-section-height-default elementor-section-height-default\" data-id=\"6ec5415\" data-element_type=\"section\">\n\t\t\t\t\t\t<div class=\"elementor-container elementor-column-gap-default\">\n\t\t\t\t\t<div class=\"elementor-column elementor-col-100 elementor-top-column elementor-element elementor-element-b595613\" data-id=\"b595613\" data-element_type=\"column\">\n\t\t\t<div class=\"elementor-widget-wrap elementor-element-populated\">\n\t\t\t\t\t\t<div class=\"elementor-element elementor-element-f9a27ba elementor-widget elementor-widget-text-editor\" data-id=\"f9a27ba\" data-element_type=\"widget\" data-widget_type=\"text-editor.default\">\n\t\t\t\t<div class=\"elementor-widget-container\">\n\t\t\t\t\t\t\t\t\t<h2><span style=\"font-size: 2rem;letter-spacing: 0px\">Prezi\u00a0<\/span><span style=\"font-size: 2rem;letter-spacing: 0px\">Nedir ve Neden \u00d6nemlidir ?<\/span><\/h2><p style=\"margin-bottom: 1rem;line-height: 1.5em\"><span style=\"font-size: 1rem;letter-spacing: 0px\">Prezi AI, geleneksel ve do\u011frusal sunum formatlar\u0131n\u0131 y\u0131karak, uzamsal bir tuval \u00fczerinde yak\u0131nla\u015ft\u0131rma (zoom) odakl\u0131 dinamik g\u00f6rsel hikayeler olu\u015fturman\u0131z\u0131 sa\u011flayan yapay zek\u00e2 destekli bir sunum arac\u0131d\u0131r. En b\u00fcy\u00fck fark\u0131, metin komutlar\u0131n\u0131z\u0131 alarak sadece i\u00e7erik \u00fcretmekle kalmay\u0131p; &#8220;b\u00fcy\u00fck resim&#8221; ile &#8220;detaylar&#8221; aras\u0131ndaki ili\u015fkileri g\u00f6steren, do\u011frusal olmayan zihin haritas\u0131 benzeri bir sunum mimarisini saniyeler i\u00e7inde otonom olarak in\u015fa edebilmesidir. \u0130zleyicinin dikkatini canl\u0131 tutma ve karma\u015f\u0131k kavramlar\u0131 g\u00f6rsel bir hiyerar\u015fiyle anlatma deneyimini tamamen de\u011fi\u015ftirir.<\/span><\/p><h3>E\u011fitimde Kullan\u0131m Alanlar\u0131<\/h3><p><span style=\"font-size: 1rem;letter-spacing: 0px\">E\u011fitimciler ve ara\u015ft\u0131rmac\u0131lar i\u00e7in Prezi AI, kavramsal \u00e7er\u00e7eveleri haritaland\u0131ran dijital bir hikaye anlat\u0131c\u0131s\u0131 gibi \u00e7al\u0131\u015f\u0131r. S\u0131k\u0131c\u0131 metin y\u0131\u011f\u0131nlar\u0131n\u0131 ve arka arkaya dizilmi\u015f monoton slaytlar\u0131, i\u00e7ine girilip \u00e7\u0131k\u0131labilen etkile\u015fimli bilgi k\u00fcmelerine d\u00f6n\u00fc\u015ft\u00fcrmenizi sa\u011flar. \u00d6zellikle bir teorinin ana iskeletini g\u00f6sterip ard\u0131ndan alt bile\u015fenlerine odaklan\u0131rken (zoom-in), pedagojik olarak par\u00e7adan b\u00fct\u00fcne veya b\u00fct\u00fcnden par\u00e7aya \u00f6\u011frenme stratejilerini uygulamada ciddi bir g\u00f6rsel avantaj ve operasyonel h\u0131z sa\u011flar.<\/span><\/p><h3>\u00d6\u011frenciler \u0130\u00e7in<\/h3><p><span style=\"font-size: 1rem;letter-spacing: 0px\">\u00d6\u011frenciler bu arac\u0131 proje ve \u00f6dev sunumlar\u0131nda statik PowerPoint d\u00f6ng\u00fcs\u00fcnden kurtulmak ve j\u00fcrinin dikkatini \u00e7ekmek i\u00e7in yenilik\u00e7i bir tasar\u0131m asistan\u0131 olarak kullanabilir. Sadece sunumun ba\u015fl\u0131\u011f\u0131n\u0131 veya tasla\u011f\u0131n\u0131 yazarak Prezi AI&#8217;dan i\u00e7eri\u011fe uygun temalar, g\u00f6rseller ve hareketli ge\u00e7i\u015fler olu\u015fturmas\u0131n\u0131 isteyebilirler. Karma\u015f\u0131k ili\u015fkileri (\u00f6rne\u011fin tarihsel bir olay\u0131n neden-sonu\u00e7 ba\u011flar\u0131n\u0131) birbirinin i\u00e7ine ge\u00e7en g\u00f6rsel k\u00fcreler veya bloklar halinde sunarak, bilgiyi \u00e7ok daha ak\u0131lda kal\u0131c\u0131 ve profesyonel bir formata sokabilirler.<\/span><\/p><h3>\u00d6nemli Akademik Uyar\u0131<\/h3><p><span style=\"font-size: 1rem;letter-spacing: 0px\">Prezi AI g\u00f6rsel hiyerar\u015fi kurmada \u00e7ok ba\u015far\u0131l\u0131 olsa da, arac\u0131n karakteristik \u00f6zelli\u011fi olan s\u00fcrekli &#8220;yak\u0131nla\u015ft\u0131rma ve uzakla\u015ft\u0131rma&#8221; hareketleri a\u015f\u0131r\u0131 kullan\u0131ld\u0131\u011f\u0131nda izleyicide bili\u015fsel a\u015f\u0131r\u0131 y\u00fcklenmeye veya g\u00f6rsel yorgunlu\u011fa neden olabilir. Ayr\u0131ca yapay zek\u00e2n\u0131n otomatik olu\u015fturdu\u011fu metin iskeletleri her zaman akademik derinli\u011fe sahip olmayabilir. Bu platform, i\u00e7erik \u00fcreten birincil bir kaynak olarak de\u011fil, elinizdeki akademik verinin ba\u011flant\u0131lar\u0131n\u0131 en estetik \u015fekilde haritaland\u0131ran bir &#8220;g\u00f6rselle\u015ftirme ve hik\u00e2yele\u015ftirme arac\u0131&#8221; olarak dengeli bir \u015fekilde kullan\u0131lmal\u0131d\u0131r.<\/span><\/p><h3 data-path-to-node=\"10\">Nas\u0131l Eri\u015filir?<\/h3><p data-path-to-node=\"11\"><a href=\"https:\/\/prezi.com\" target=\"_blank\" rel=\"noopener\" data-hveid=\"0\" data-ved=\"0CAAQ_4QMahgKEwiHv4737cSTAxUAAAAAHQAAAAAQrwM\">https:\/\/prezi.com<\/a> adresi \u00fczerinden \u00fccretsiz hesab\u0131n\u0131z\u0131 olu\u015fturarak, web taray\u0131c\u0131n\u0131z \u00fczerinden platformun yapay zek\u00e2 destekli sunum (Prezi Present) ve video (Prezi Video) olu\u015fturma \u00f6zelliklerini hemen kullanmaya ba\u015flayabilirsiniz.<\/p><h3><span style=\"font-size: 1.75rem;letter-spacing: 0px\">Akademisyenler \u0130\u00e7in: Dinamik Hikayele\u015ftirme ve Uzamsal Sunum<\/span><\/h3><p><span style=\"font-size: 1rem;letter-spacing: 0px\">Akademik d\u00fcnyada karma\u015f\u0131k bir ara\u015ft\u0131rma modelinin de\u011fi\u015fkenleri aras\u0131ndaki ili\u015fkileri anlatmak ve asenkron derslerde izleyici kopmalar\u0131n\u0131 engellemek b\u00fcy\u00fck konfordur. Prezi AI bu uzamsal esnekli\u011fi sa\u011flar. \u0130\u015fte kullanabilece\u011finiz baz\u0131 senaryolar:<\/span><\/p><h6><span data-path-to-node=\"14\" data-index-in-node=\"0\">Kavramsal Haritalama ve B\u00fcy\u00fck Resim Analizi<\/span><\/h6><p>Bir teorinin genel yap\u0131s\u0131n\u0131 ve alt fakt\u00f6rlerini g\u00f6rselle\u015ftirmek i\u00e7in aray\u00fcze \u015fu komutu verebilirsiniz:<\/p><blockquote><p>E\u011fitimde Yapay Zek\u00e2&#8217; ana ba\u015fl\u0131\u011f\u0131 alt\u0131nda uzamsal bir zihin haritas\u0131 sunumu olu\u015ftur. B\u00fcy\u00fck resimde 4 ana ak\u0131m\u0131 g\u00f6ster, sunum ilerledik\u00e7e (zoom-in) her bir ak\u0131m\u0131n alt\u0131ndaki teorileri, etik tart\u0131\u015fmalar\u0131 ve pedagojik yakla\u015f\u0131mlar\u0131 detayland\u0131ran alt ba\u015fl\u0131k k\u00fcmeleri ekle.<\/p><\/blockquote><h6><span style=\"font-size: 1rem;letter-spacing: 0px\">Metinden Dinamik Sunum Tasla\u011f\u0131 \u00dcretimi\u00a0<\/span><\/h6><p>Elinizdeki d\u00fcz bir metni do\u011frusal olmayan bir mimariye oturtmak i\u00e7in \u015fu y\u00f6ntemi deneyebilirsiniz:\u00a0<\/p><blockquote><p>Sana verdi\u011fim bu 3 sayfal\u0131k ara\u015ft\u0131rma \u00f6zeti metnini analiz et. Metindeki ana kavramlar\u0131 b\u00fcy\u00fck odak noktalar\u0131, detay verileri ise i\u00e7 i\u00e7e ge\u00e7en k\u00fc\u00e7\u00fck alt odak noktalar\u0131 halinde d\u00fczenleyerek g\u00f6rsel bir hiyerar\u015fi kur ve profesyonel bir \u015fablonla sunuma \u00e7evir.<\/p><\/blockquote><h6><span style=\"font-size: 1rem;letter-spacing: 0px\">Video \u00dczerine Etkile\u015fimli Sunum Entegrasyonu\u00a0<\/span><\/h6><p>Uzaktan e\u011fitimde kamera g\u00f6r\u00fcnt\u00fcn\u00fczle sunumunuzu ayn\u0131 ekranda harmanlamak i\u00e7in \u015fu komut etkilidir:<\/p><blockquote><p>Asenkron dersim i\u00e7in haz\u0131rlad\u0131\u011f\u0131m bu i\u00e7eri\u011fi &#8216;Prezi Video&#8217; format\u0131na uyarla. Ben kamerada konu\u015furken arka plan\u0131 kapatmadan, anlatt\u0131\u011f\u0131m veri grafikleri, anahtar kelimeler ve madde i\u015faretleri yapay zek\u00e2 yard\u0131m\u0131yla otomatik olarak benim yan\u0131mda (ekran\u0131n sa\u011f k\u00f6\u015fesinde) senkronize bir \u015fekilde belirsin.<\/p><\/blockquote><h6><span data-path-to-node=\"17\" data-index-in-node=\"0\">Geleneksel Slaytlar\u0131 Dinamik Tuvale D\u00f6n\u00fc\u015ft\u00fcrme<\/span><\/h6><p>Mevcut eski sunumlar\u0131n\u0131z\u0131 modernize etmek i\u00e7in \u015fu komut etkilidir:<\/p><blockquote><p>Sisteme y\u00fckledi\u011fim bu 20 sayfal\u0131k standart ve d\u00fcz PowerPoint dosyas\u0131n\u0131 analiz et. Yapay zek\u00e2 \u00f6zelliklerini kullanarak bu statik slaytlar\u0131, birbiriyle anlamsal olarak ba\u011flant\u0131l\u0131 ve yak\u0131nla\u015ft\u0131rma efektleriyle estetik ge\u00e7i\u015fler yapan tek bir devasa tuvale (canvas) d\u00f6n\u00fc\u015ft\u00fcr.<\/p><\/blockquote><h6>\u00d6rnek Prompt K\u00fct\u00fcphanesi<\/h6><p>D\u00f6nem ba\u015f\u0131 ders tan\u0131t\u0131m\u0131n\u0131 veya kapsaml\u0131 bir konferans bildirisini tek seferde iskelete d\u00f6kmek istiyorsan\u0131z \u015fu komutu kullanabilirsiniz:<\/p><blockquote><p>\u0130klim De\u011fi\u015fikli\u011finin Ekonomik Etkileri&#8217; konusunda lisans \u00f6\u011frencilerine hitap eden, etkile\u015fimli bir sunum tasla\u011f\u0131 olu\u015ftur. Sunumu 3 ana b\u00f6l\u00fcme ay\u0131r; her ana b\u00f6l\u00fcm\u00fcn alt\u0131na 2 detayl\u0131 alt b\u00f6l\u00fcm ekle. Tasar\u0131m dili olarak do\u011fa dostu, minimalist tonlar kullan ve her yak\u0131nla\u015ft\u0131rma ad\u0131m\u0131nda izleyicinin dikkatini toplayacak, konuya uygun profesyonel g\u00f6rsel metaforlar yerle\u015ftir.<\/p><\/blockquote>\t\t\t\t\t\t\t\t<\/div>\n\t\t\t\t<\/div>\n\t\t\t\t\t<\/div>\n\t\t<\/div>\n\t\t\t\t\t<\/div>\n\t\t<\/section>\n\t\t\t\t<section class=\"elementor-section elementor-top-section elementor-element elementor-element-8420eda elementor-section-boxed elementor-section-height-default elementor-section-height-default\" data-id=\"8420eda\" data-element_type=\"section\">\n\t\t\t\t\t\t<div class=\"elementor-container elementor-column-gap-default\">\n\t\t\t\t\t<div class=\"elementor-column elementor-col-100 elementor-top-column elementor-element elementor-element-cd6e973\" data-id=\"cd6e973\" data-element_type=\"column\">\n\t\t\t<div class=\"elementor-widget-wrap elementor-element-populated\">\n\t\t\t\t\t\t<div class=\"elementor-element elementor-element-11162bf elementor-widget elementor-widget-button\" data-id=\"11162bf\" data-element_type=\"widget\" data-widget_type=\"button.default\">\n\t\t\t\t<div class=\"elementor-widget-container\">\n\t\t\t\t\t\t\t\t\t<div class=\"elementor-button-wrapper\">\n\t\t\t\t\t<a class=\"elementor-button elementor-button-link elementor-size-sm\" href=\"http:\/\/prezi.com\" target=\"_blank\">\n\t\t\t\t\t\t<span class=\"elementor-button-content-wrapper\">\n\t\t\t\t\t\t\t\t\t<span class=\"elementor-button-text\">Buraya t\u0131kla<\/span>\n\t\t\t\t\t<\/span>\n\t\t\t\t\t<\/a>\n\t\t\t\t<\/div>\n\t\t\t\t\t\t\t\t<\/div>\n\t\t\t\t<\/div>\n\t\t\t\t\t<\/div>\n\t\t<\/div>\n\t\t\t\t\t<\/div>\n\t\t<\/section>\n\t\t\t\t<\/div>\n\t\t","protected":false},"excerpt":{"rendered":"<p>Prezi\u00a0Nedir ve Neden \u00d6nemlidir ? Prezi AI, geleneksel ve do\u011frusal sunum formatlar\u0131n\u0131 y\u0131karak, uzamsal bir tuval \u00fczerinde yak\u0131nla\u015ft\u0131rma (zoom) odakl\u0131 dinamik g\u00f6rsel hikayeler olu\u015fturman\u0131z\u0131 sa\u011flayan yapay zek\u00e2 destekli bir sunum arac\u0131d\u0131r. En b\u00fcy\u00fck fark\u0131, metin komutlar\u0131n\u0131z\u0131 alarak sadece i\u00e7erik \u00fcretmekle kalmay\u0131p; &#8220;b\u00fcy\u00fck resim&#8221; ile &#8220;detaylar&#8221; aras\u0131ndaki ili\u015fkileri g\u00f6steren, do\u011frusal olmayan zihin haritas\u0131 benzeri bir sunum [&hellip;]<\/p>\n","protected":false},"author":666,"featured_media":0,"parent":0,"menu_order":0,"comment_status":"closed","ping_status":"closed","template":"","meta":{"footnotes":""},"class_list":["post-9902","page","type-page","status-publish","hentry"],"_links":{"self":[{"href":"https:\/\/atauni.edu.tr\/ogretme-ve-ogrenmeyi-gelistirme-uygulama-ve-arastirma-merkezi\/wp-json\/wp\/v2\/pages\/9902","targetHints":{"allow":["GET"]}}],"collection":[{"href":"https:\/\/atauni.edu.tr\/ogretme-ve-ogrenmeyi-gelistirme-uygulama-ve-arastirma-merkezi\/wp-json\/wp\/v2\/pages"}],"about":[{"href":"https:\/\/atauni.edu.tr\/ogretme-ve-ogrenmeyi-gelistirme-uygulama-ve-arastirma-merkezi\/wp-json\/wp\/v2\/types\/page"}],"author":[{"embeddable":true,"href":"https:\/\/atauni.edu.tr\/ogretme-ve-ogrenmeyi-gelistirme-uygulama-ve-arastirma-merkezi\/wp-json\/wp\/v2\/users\/666"}],"replies":[{"embeddable":true,"href":"https:\/\/atauni.edu.tr\/ogretme-ve-ogrenmeyi-gelistirme-uygulama-ve-arastirma-merkezi\/wp-json\/wp\/v2\/comments?post=9902"}],"version-history":[{"count":4,"href":"https:\/\/atauni.edu.tr\/ogretme-ve-ogrenmeyi-gelistirme-uygulama-ve-arastirma-merkezi\/wp-json\/wp\/v2\/pages\/9902\/revisions"}],"predecessor-version":[{"id":9908,"href":"https:\/\/atauni.edu.tr\/ogretme-ve-ogrenmeyi-gelistirme-uygulama-ve-arastirma-merkezi\/wp-json\/wp\/v2\/pages\/9902\/revisions\/9908"}],"wp:attachment":[{"href":"https:\/\/atauni.edu.tr\/ogretme-ve-ogrenmeyi-gelistirme-uygulama-ve-arastirma-merkezi\/wp-json\/wp\/v2\/media?parent=9902"}],"curies":[{"name":"wp","href":"https:\/\/api.w.org\/{rel}","templated":true}]}}