{"id":7922,"date":"2022-01-28T16:21:19","date_gmt":"2022-01-28T13:21:19","guid":{"rendered":"https:\/\/birimler.atauni.edu.tr\/oltu-beseri-ve-sosyal-bilimler-fakultesi\/?page_id=7922"},"modified":"2025-09-09T16:22:38","modified_gmt":"2025-09-09T13:22:38","slug":"ders-icerikleri","status":"publish","type":"page","link":"https:\/\/atauni.edu.tr\/oltu-beseri-ve-sosyal-bilimler-fakultesi\/ders-icerikleri\/","title":{"rendered":"Ders \u0130\u00e7erikleri"},"content":{"rendered":"\t\t<div data-elementor-type=\"wp-page\" data-elementor-id=\"7922\" class=\"elementor elementor-7922\" data-elementor-post-type=\"page\">\n\t\t\t\t\t\t<section class=\"elementor-section elementor-top-section elementor-element elementor-element-c02d4bf elementor-section-boxed elementor-section-height-default elementor-section-height-default\" data-id=\"c02d4bf\" data-element_type=\"section\">\n\t\t\t\t\t\t<div class=\"elementor-container elementor-column-gap-default\">\n\t\t\t\t\t<div class=\"elementor-column elementor-col-100 elementor-top-column elementor-element elementor-element-34325e4\" data-id=\"34325e4\" data-element_type=\"column\">\n\t\t\t<div class=\"elementor-widget-wrap elementor-element-populated\">\n\t\t\t\t\t\t<div class=\"elementor-element elementor-element-6e6d456 elementor-widget elementor-widget-toggle\" data-id=\"6e6d456\" data-element_type=\"widget\" data-widget_type=\"toggle.default\">\n\t\t\t\t<div class=\"elementor-widget-container\">\n\t\t\t\t\t\t\t<div class=\"elementor-toggle\">\n\t\t\t\t\t\t\t<div class=\"elementor-toggle-item\">\n\t\t\t\t\t<div id=\"elementor-tab-title-1151\" class=\"elementor-tab-title\" data-tab=\"1\" role=\"button\" aria-controls=\"elementor-tab-content-1151\" aria-expanded=\"false\">\n\t\t\t\t\t\t\t\t\t\t\t\t<span class=\"elementor-toggle-icon elementor-toggle-icon-left\" aria-hidden=\"true\">\n\t\t\t\t\t\t\t\t\t\t\t\t\t\t\t<span class=\"elementor-toggle-icon-closed\"><i class=\"fas fa-caret-right\"><\/i><\/span>\n\t\t\t\t\t\t\t\t<span class=\"elementor-toggle-icon-opened\"><i class=\"elementor-toggle-icon-opened fas fa-caret-up\"><\/i><\/span>\n\t\t\t\t\t\t\t\t\t\t\t\t\t<\/span>\n\t\t\t\t\t\t\t\t\t\t\t\t<a class=\"elementor-toggle-title\" tabindex=\"0\">Finans ve Bankac\u0131l\u0131k B\u00f6l\u00fcm\u00fc Ders \u0130\u00e7erikleri<\/a>\n\t\t\t\t\t<\/div>\n\n\t\t\t\t\t<div id=\"elementor-tab-content-1151\" class=\"elementor-tab-content elementor-clearfix\" data-tab=\"1\" role=\"region\" aria-labelledby=\"elementor-tab-title-1151\"><ul>\n<li><a href=\"http:\/\/birimler.atauni.edu.tr\/oltu-beseri-ve-sosyal-bilimler-fakultesi\/wp-content\/uploads\/sites\/69\/2022\/03\/Bankacilik-ve-Finan-Bolumu-Ders-Icerikleri-2.pdf\">Mezun \u00d6\u011frenciler i\u00e7in (2019-2020-2021 E\u011fitim -\u00d6\u011fretim Y\u0131l\u0131 Bankac\u0131l\u0131k ve Finans B\u00f6l\u00fcm\u00fc Ders \u0130\u00e7erikleri) PDF<\/a><\/li>\n<li><a href=\"http:\/\/birimler.atauni.edu.tr\/oltu-beseri-ve-sosyal-bilimler-fakultesi\/wp-content\/uploads\/sites\/69\/2020\/07\/Finans-ve-Bankacilik-Bolumu-2022-2023-Egitim-Ogretim-yili-Ders-Icerikleri.pdf\">Finans ve Bankac\u0131l\u0131k B\u00f6l\u00fcm\u00fc 2022-2023 E\u011fitim-\u00d6\u011fretim&nbsp;<\/a><a href=\"http:\/\/birimler.atauni.edu.tr\/oltu-beseri-ve-sosyal-bilimler-fakultesi\/wp-content\/uploads\/sites\/69\/2020\/07\/Sosyal-Hizmet-Bolumu-2022-2023-Egitim-Ogretim-yili-Ders-Icerikleri-1.pdf\" style=\"border: none\">Y\u0131l\u0131 ve Sonraki Y\u0131llara ait Ders \u0130\u00e7erikleri<\/a><\/li>\n<\/ul><\/div>\n\t\t\t\t<\/div>\n\t\t\t\t\t\t\t<div class=\"elementor-toggle-item\">\n\t\t\t\t\t<div id=\"elementor-tab-title-1152\" class=\"elementor-tab-title\" data-tab=\"2\" role=\"button\" aria-controls=\"elementor-tab-content-1152\" aria-expanded=\"false\">\n\t\t\t\t\t\t\t\t\t\t\t\t<span class=\"elementor-toggle-icon elementor-toggle-icon-left\" aria-hidden=\"true\">\n\t\t\t\t\t\t\t\t\t\t\t\t\t\t\t<span class=\"elementor-toggle-icon-closed\"><i class=\"fas fa-caret-right\"><\/i><\/span>\n\t\t\t\t\t\t\t\t<span class=\"elementor-toggle-icon-opened\"><i class=\"elementor-toggle-icon-opened fas fa-caret-up\"><\/i><\/span>\n\t\t\t\t\t\t\t\t\t\t\t\t\t<\/span>\n\t\t\t\t\t\t\t\t\t\t\t\t<a class=\"elementor-toggle-title\" tabindex=\"0\">\u0130\u015fletme B\u00f6l\u00fcm\u00fc Ders \u0130\u00e7erikleri<\/a>\n\t\t\t\t\t<\/div>\n\n\t\t\t\t\t<div id=\"elementor-tab-content-1152\" class=\"elementor-tab-content elementor-clearfix\" data-tab=\"2\" role=\"region\" aria-labelledby=\"elementor-tab-title-1152\"><ul>\n<li><a href=\"http:\/\/birimler.atauni.edu.tr\/oltu-beseri-ve-sosyal-bilimler-fakultesi\/wp-content\/uploads\/sites\/69\/2022\/03\/Isletme-Bolumu-Ders-Icerkleri.pdf\">Mezun \u00d6\u011frenciler i\u00e7in (2019-2020-2021- E\u011fitim-\u00d6\u011fretim Y\u0131l\u0131 \u0130\u015fletme B\u00f6l\u00fcm\u00fc Ders \u0130\u00e7erikleri) PDF<\/a><\/li>\n<li><a href=\"http:\/\/birimler.atauni.edu.tr\/oltu-beseri-ve-sosyal-bilimler-fakultesi\/wp-content\/uploads\/sites\/69\/2020\/07\/Isletme-Bolumu-2022-2023-Egitim-Ogretim-yili-Ders-Icerikleri.pdf\">\u0130\u015fletme B\u00f6l\u00fcm\u00fc 2022-2023 E\u011fitim-\u00d6\u011fretim&nbsp;<a href=\"http:\/\/birimler.atauni.edu.tr\/oltu-beseri-ve-sosyal-bilimler-fakultesi\/wp-content\/uploads\/sites\/69\/2020\/07\/Sosyal-Hizmet-Bolumu-2022-2023-Egitim-Ogretim-yili-Ders-Icerikleri-1.pdf\" style=\"border: none\">Y\u0131l\u0131 ve Sonraki Y\u0131llara ait Ders \u0130\u00e7erikleri<\/a>&nbsp;<\/a><\/li>\n<\/ul><\/div>\n\t\t\t\t<\/div>\n\t\t\t\t\t\t\t<div class=\"elementor-toggle-item\">\n\t\t\t\t\t<div id=\"elementor-tab-title-1153\" class=\"elementor-tab-title\" data-tab=\"3\" role=\"button\" aria-controls=\"elementor-tab-content-1153\" aria-expanded=\"false\">\n\t\t\t\t\t\t\t\t\t\t\t\t<span class=\"elementor-toggle-icon elementor-toggle-icon-left\" aria-hidden=\"true\">\n\t\t\t\t\t\t\t\t\t\t\t\t\t\t\t<span class=\"elementor-toggle-icon-closed\"><i class=\"fas fa-caret-right\"><\/i><\/span>\n\t\t\t\t\t\t\t\t<span class=\"elementor-toggle-icon-opened\"><i class=\"elementor-toggle-icon-opened fas fa-caret-up\"><\/i><\/span>\n\t\t\t\t\t\t\t\t\t\t\t\t\t<\/span>\n\t\t\t\t\t\t\t\t\t\t\t\t<a class=\"elementor-toggle-title\" tabindex=\"0\">Sosyal Hizmet B\u00f6l\u00fcm\u00fc Ders \u0130\u00e7erikleri<\/a>\n\t\t\t\t\t<\/div>\n\n\t\t\t\t\t<div id=\"elementor-tab-content-1153\" class=\"elementor-tab-content elementor-clearfix\" data-tab=\"3\" role=\"region\" aria-labelledby=\"elementor-tab-title-1153\"><ul>\n<li><a href=\"http:\/\/birimler.atauni.edu.tr\/oltu-beseri-ve-sosyal-bilimler-fakultesi\/wp-content\/uploads\/sites\/69\/2022\/03\/Sosyal-Hizmet-Bolumu-Ders-Icerikleri.pdf\">Mezun \u00d6\u011frenciler i\u00e7in (2019-2020-2021- E\u011fitim-\u00d6\u011fretim Y\u0131l\u0131 Sosyal Hizmet B\u00f6l\u00fcm\u00fc Ders \u0130\u00e7erikleri) PDF<\/a><\/li>\n<li><a href=\"http:\/\/birimler.atauni.edu.tr\/oltu-beseri-ve-sosyal-bilimler-fakultesi\/wp-content\/uploads\/sites\/69\/2020\/07\/Sosyal-Hizmet-Bolumu-Ders-Icerigi-Onayli-2021-2022-Egitim-Ogretim.pdf\">Mezun \u00d6\u011frenciler i\u00e7in (2021-2022 E\u011fitim-\u00d6\u011fretim Y\u0131l\u0131 Sosyal Hizmet B\u00f6l\u00fcm\u00fc Ders \u0130\u00e7eri\u011fi \u0130\u00e7eri\u011fi) PDF<\/a><\/li>\n<li><a href=\"http:\/\/birimler.atauni.edu.tr\/oltu-beseri-ve-sosyal-bilimler-fakultesi\/wp-content\/uploads\/sites\/69\/2020\/07\/Sosyal-Hizmet-Bolumu-2022-2023-Egitim-Ogretim-yili-Ders-Icerikleri-1.pdf\">Sosyal Hizmet B\u00f6l\u00fcm\u00fc 2022-2023 E\u011fitim-\u00d6\u011fretim Y\u0131l\u0131 ve Sonraki Y\u0131llara ait Ders \u0130\u00e7erikleri<\/a>&nbsp;<\/li>\n<\/ul><\/div>\n\t\t\t\t<\/div>\n\t\t\t\t\t\t\t\t<\/div>\n\t\t\t\t\t\t<\/div>\n\t\t\t\t<\/div>\n\t\t\t\t\t<\/div>\n\t\t<\/div>\n\t\t\t\t\t<\/div>\n\t\t<\/section>\n\t\t\t\t<\/div>\n\t\t","protected":false},"excerpt":{"rendered":"<p>Finans ve Bankac\u0131l\u0131k B\u00f6l\u00fcm\u00fc Ders \u0130\u00e7erikleri Mezun \u00d6\u011frenciler i\u00e7in (2019-2020-2021 E\u011fitim -\u00d6\u011fretim Y\u0131l\u0131 Bankac\u0131l\u0131k ve Finans B\u00f6l\u00fcm\u00fc Ders \u0130\u00e7erikleri) PDF Finans ve Bankac\u0131l\u0131k B\u00f6l\u00fcm\u00fc 2022-2023 E\u011fitim-\u00d6\u011fretim&nbsp;Y\u0131l\u0131 ve Sonraki Y\u0131llara ait Ders \u0130\u00e7erikleri \u0130\u015fletme B\u00f6l\u00fcm\u00fc Ders \u0130\u00e7erikleri Mezun \u00d6\u011frenciler i\u00e7in (2019-2020-2021- E\u011fitim-\u00d6\u011fretim Y\u0131l\u0131 \u0130\u015fletme B\u00f6l\u00fcm\u00fc Ders \u0130\u00e7erikleri) PDF \u0130\u015fletme B\u00f6l\u00fcm\u00fc 2022-2023 E\u011fitim-\u00d6\u011fretim&nbsp;Y\u0131l\u0131 ve Sonraki Y\u0131llara ait [&hellip;]<\/p>\n","protected":false},"author":227,"featured_media":0,"parent":0,"menu_order":0,"comment_status":"closed","ping_status":"closed","template":"","meta":{"footnotes":""},"class_list":["post-7922","page","type-page","status-publish","hentry"],"_links":{"self":[{"href":"https:\/\/atauni.edu.tr\/oltu-beseri-ve-sosyal-bilimler-fakultesi\/wp-json\/wp\/v2\/pages\/7922","targetHints":{"allow":["GET"]}}],"collection":[{"href":"https:\/\/atauni.edu.tr\/oltu-beseri-ve-sosyal-bilimler-fakultesi\/wp-json\/wp\/v2\/pages"}],"about":[{"href":"https:\/\/atauni.edu.tr\/oltu-beseri-ve-sosyal-bilimler-fakultesi\/wp-json\/wp\/v2\/types\/page"}],"author":[{"embeddable":true,"href":"https:\/\/atauni.edu.tr\/oltu-beseri-ve-sosyal-bilimler-fakultesi\/wp-json\/wp\/v2\/users\/227"}],"replies":[{"embeddable":true,"href":"https:\/\/atauni.edu.tr\/oltu-beseri-ve-sosyal-bilimler-fakultesi\/wp-json\/wp\/v2\/comments?post=7922"}],"version-history":[{"count":121,"href":"https:\/\/atauni.edu.tr\/oltu-beseri-ve-sosyal-bilimler-fakultesi\/wp-json\/wp\/v2\/pages\/7922\/revisions"}],"predecessor-version":[{"id":16072,"href":"https:\/\/atauni.edu.tr\/oltu-beseri-ve-sosyal-bilimler-fakultesi\/wp-json\/wp\/v2\/pages\/7922\/revisions\/16072"}],"wp:attachment":[{"href":"https:\/\/atauni.edu.tr\/oltu-beseri-ve-sosyal-bilimler-fakultesi\/wp-json\/wp\/v2\/media?parent=7922"}],"curies":[{"name":"wp","href":"https:\/\/api.w.org\/{rel}","templated":true}]}}