{"id":9881,"date":"2022-03-18T11:43:11","date_gmt":"2022-03-18T08:43:11","guid":{"rendered":"https:\/\/birimler.atauni.edu.tr\/oltu-beseri-ve-sosyal-bilimler-fakultesi\/?page_id=9881"},"modified":"2022-03-18T20:05:19","modified_gmt":"2022-03-18T17:05:19","slug":"birim-kalite-sorumlusu","status":"publish","type":"page","link":"https:\/\/atauni.edu.tr\/oltu-beseri-ve-sosyal-bilimler-fakultesi\/birim-kalite-sorumlusu\/","title":{"rendered":"Birim Kalite Sorumlusu"},"content":{"rendered":"\t\t<div data-elementor-type=\"wp-page\" data-elementor-id=\"9881\" class=\"elementor elementor-9881\" data-elementor-post-type=\"page\">\n\t\t\t\t\t\t<section class=\"elementor-section elementor-top-section elementor-element elementor-element-988454b elementor-section-boxed elementor-section-height-default elementor-section-height-default\" data-id=\"988454b\" data-element_type=\"section\">\n\t\t\t\t\t\t<div class=\"elementor-container elementor-column-gap-default\">\n\t\t\t\t\t<div class=\"elementor-column elementor-col-100 elementor-top-column elementor-element elementor-element-38c4fa9\" data-id=\"38c4fa9\" data-element_type=\"column\" data-settings=\"{&quot;background_background&quot;:&quot;gradient&quot;}\">\n\t\t\t<div class=\"elementor-widget-wrap elementor-element-populated\">\n\t\t\t\t\t\t<div class=\"elementor-element elementor-element-55d4ac8 elementor-widget-divider--view-line elementor-widget elementor-widget-divider\" data-id=\"55d4ac8\" data-element_type=\"widget\" data-widget_type=\"divider.default\">\n\t\t\t\t<div class=\"elementor-widget-container\">\n\t\t\t\t\t\t\t<div class=\"elementor-divider\">\n\t\t\t<span class=\"elementor-divider-separator\">\n\t\t\t\t\t\t<\/span>\n\t\t<\/div>\n\t\t\t\t\t\t<\/div>\n\t\t\t\t<\/div>\n\t\t\t\t\t<\/div>\n\t\t<\/div>\n\t\t\t\t\t<\/div>\n\t\t<\/section>\n\t\t\t\t<section class=\"elementor-section elementor-top-section elementor-element elementor-element-3ff6e33 elementor-section-boxed elementor-section-height-default elementor-section-height-default\" data-id=\"3ff6e33\" data-element_type=\"section\">\n\t\t\t\t\t\t<div class=\"elementor-container elementor-column-gap-default\">\n\t\t\t\t\t<div class=\"elementor-column elementor-col-100 elementor-top-column elementor-element elementor-element-30720a6\" data-id=\"30720a6\" data-element_type=\"column\">\n\t\t\t<div class=\"elementor-widget-wrap elementor-element-populated\">\n\t\t\t\t\t\t<div class=\"elementor-element elementor-element-1f8c631 elementor-widget elementor-widget-text-editor\" data-id=\"1f8c631\" data-element_type=\"widget\" data-widget_type=\"text-editor.default\">\n\t\t\t\t<div class=\"elementor-widget-container\">\n\t\t\t\t\t\t\t\t\t<p><b>ORGAN\u0130ZASYONDAK\u0130 YER\u0130:\u00a0<\/b>Y\u00f6netim Temsilcisi\u2019ne ba\u011fl\u0131 olarak \u00e7al\u0131\u015f\u0131r.<\/p><p><b>G\u00d6REV, YETK\u0130 VE SORUMLULUKLARI:<\/b><\/p><ul><li>Entegre kalite y\u00f6netim sistemi i\u00e7in gerekli s\u00fcre\u00e7lerin belirlenmesi, uygulanmas\u0131 ve s\u00fcrd\u00fcr\u00fclmesinin sa\u011flanmas\u0131,<\/li><li>Entegre kalite y\u00f6netim sistemi performans\u0131 ve iyile\u015ftirme i\u00e7in ihtiya\u00e7lar\u0131n\u0131n \u00dcst Y\u00f6netim\u2019e raporlanmas\u0131,<\/li><li>\u00dcniversite\u2019de \u00f6\u011frenci odakl\u0131l\u0131k kavram\u0131n\u0131n bilincinde olunmas\u0131n\u0131n ve bu bilincin yayg\u0131nla\u015ft\u0131r\u0131lmas\u0131n\u0131n sa\u011flanmas\u0131,<\/li><li>KYS ile ilgili konularda d\u0131\u015f kurulu\u015flarla ili\u015fkilerin y\u00fcr\u00fct\u00fclmesi<\/li><li>KYS ile ilgili verilecek benzeri g\u00f6revleri yapmak.<\/li><li>G\u00f6revlerinden dolay\u0131 Kalite Koordinat\u00f6r\u00fc ve Y\u00f6netim Temsilcisine kar\u015f\u0131 sorumludur.<\/li><\/ul><p><b>G\u00d6REV\u0130N GEREKT\u0130RD\u0130\u011e\u0130 N\u0130TEL\u0130KLER:\u00a0\u00a0<\/b><\/p><p>\u00a0ISO 9001:2008 Entegre kalite y\u00f6netim sistemi Bilgilendirme E\u011fitimi\u2019ne kat\u0131lm\u0131\u015f olmak.<\/p>\t\t\t\t\t\t\t\t<\/div>\n\t\t\t\t<\/div>\n\t\t\t\t\t<\/div>\n\t\t<\/div>\n\t\t\t\t\t<\/div>\n\t\t<\/section>\n\t\t\t\t<\/div>\n\t\t","protected":false},"excerpt":{"rendered":"<p>ORGAN\u0130ZASYONDAK\u0130 YER\u0130:\u00a0Y\u00f6netim Temsilcisi\u2019ne ba\u011fl\u0131 olarak \u00e7al\u0131\u015f\u0131r. G\u00d6REV, YETK\u0130 VE SORUMLULUKLARI: Entegre kalite y\u00f6netim sistemi i\u00e7in gerekli s\u00fcre\u00e7lerin belirlenmesi, uygulanmas\u0131 ve s\u00fcrd\u00fcr\u00fclmesinin sa\u011flanmas\u0131, Entegre kalite y\u00f6netim sistemi performans\u0131 ve iyile\u015ftirme i\u00e7in ihtiya\u00e7lar\u0131n\u0131n \u00dcst Y\u00f6netim\u2019e raporlanmas\u0131, \u00dcniversite\u2019de \u00f6\u011frenci odakl\u0131l\u0131k kavram\u0131n\u0131n bilincinde olunmas\u0131n\u0131n ve bu bilincin yayg\u0131nla\u015ft\u0131r\u0131lmas\u0131n\u0131n sa\u011flanmas\u0131, KYS ile ilgili konularda d\u0131\u015f kurulu\u015flarla ili\u015fkilerin y\u00fcr\u00fct\u00fclmesi KYS ile [&hellip;]<\/p>\n","protected":false},"author":227,"featured_media":0,"parent":0,"menu_order":0,"comment_status":"closed","ping_status":"closed","template":"","meta":{"footnotes":""},"class_list":["post-9881","page","type-page","status-publish","hentry"],"_links":{"self":[{"href":"https:\/\/atauni.edu.tr\/oltu-beseri-ve-sosyal-bilimler-fakultesi\/wp-json\/wp\/v2\/pages\/9881","targetHints":{"allow":["GET"]}}],"collection":[{"href":"https:\/\/atauni.edu.tr\/oltu-beseri-ve-sosyal-bilimler-fakultesi\/wp-json\/wp\/v2\/pages"}],"about":[{"href":"https:\/\/atauni.edu.tr\/oltu-beseri-ve-sosyal-bilimler-fakultesi\/wp-json\/wp\/v2\/types\/page"}],"author":[{"embeddable":true,"href":"https:\/\/atauni.edu.tr\/oltu-beseri-ve-sosyal-bilimler-fakultesi\/wp-json\/wp\/v2\/users\/227"}],"replies":[{"embeddable":true,"href":"https:\/\/atauni.edu.tr\/oltu-beseri-ve-sosyal-bilimler-fakultesi\/wp-json\/wp\/v2\/comments?post=9881"}],"version-history":[{"count":4,"href":"https:\/\/atauni.edu.tr\/oltu-beseri-ve-sosyal-bilimler-fakultesi\/wp-json\/wp\/v2\/pages\/9881\/revisions"}],"predecessor-version":[{"id":10103,"href":"https:\/\/atauni.edu.tr\/oltu-beseri-ve-sosyal-bilimler-fakultesi\/wp-json\/wp\/v2\/pages\/9881\/revisions\/10103"}],"wp:attachment":[{"href":"https:\/\/atauni.edu.tr\/oltu-beseri-ve-sosyal-bilimler-fakultesi\/wp-json\/wp\/v2\/media?parent=9881"}],"curies":[{"name":"wp","href":"https:\/\/api.w.org\/{rel}","templated":true}]}}