{"id":9886,"date":"2022-03-18T11:43:11","date_gmt":"2022-03-18T08:43:11","guid":{"rendered":"https:\/\/birimler.atauni.edu.tr\/oltu-beseri-ve-sosyal-bilimler-fakultesi\/?page_id=9886"},"modified":"2022-03-18T20:15:48","modified_gmt":"2022-03-18T17:15:48","slug":"tasinir-kayit-yetkilisi-2","status":"publish","type":"page","link":"https:\/\/atauni.edu.tr\/oltu-beseri-ve-sosyal-bilimler-fakultesi\/tasinir-kayit-yetkilisi-2\/","title":{"rendered":"Ta\u015f\u0131n\u0131r Kay\u0131t Yetkilisi"},"content":{"rendered":"\t\t<div data-elementor-type=\"wp-page\" data-elementor-id=\"9886\" class=\"elementor elementor-9886\" data-elementor-post-type=\"page\">\n\t\t\t\t\t\t<section class=\"elementor-section elementor-top-section elementor-element elementor-element-f37d093 elementor-section-boxed elementor-section-height-default elementor-section-height-default\" data-id=\"f37d093\" data-element_type=\"section\">\n\t\t\t\t\t\t<div class=\"elementor-container elementor-column-gap-default\">\n\t\t\t\t\t<div class=\"elementor-column elementor-col-100 elementor-top-column elementor-element elementor-element-858ca97\" data-id=\"858ca97\" data-element_type=\"column\" data-settings=\"{&quot;background_background&quot;:&quot;gradient&quot;}\">\n\t\t\t<div class=\"elementor-widget-wrap elementor-element-populated\">\n\t\t\t\t\t\t<div class=\"elementor-element elementor-element-9418194 elementor-widget-divider--view-line elementor-widget elementor-widget-divider\" data-id=\"9418194\" data-element_type=\"widget\" data-widget_type=\"divider.default\">\n\t\t\t\t<div class=\"elementor-widget-container\">\n\t\t\t\t\t\t\t<div class=\"elementor-divider\">\n\t\t\t<span class=\"elementor-divider-separator\">\n\t\t\t\t\t\t<\/span>\n\t\t<\/div>\n\t\t\t\t\t\t<\/div>\n\t\t\t\t<\/div>\n\t\t\t\t\t<\/div>\n\t\t<\/div>\n\t\t\t\t\t<\/div>\n\t\t<\/section>\n\t\t\t\t<section class=\"elementor-section elementor-top-section elementor-element elementor-element-0a8b5ef elementor-section-boxed elementor-section-height-default elementor-section-height-default\" data-id=\"0a8b5ef\" data-element_type=\"section\">\n\t\t\t\t\t\t<div class=\"elementor-container elementor-column-gap-default\">\n\t\t\t\t\t<div class=\"elementor-column elementor-col-100 elementor-top-column elementor-element elementor-element-8a271e0\" data-id=\"8a271e0\" data-element_type=\"column\">\n\t\t\t<div class=\"elementor-widget-wrap elementor-element-populated\">\n\t\t\t\t\t\t<div class=\"elementor-element elementor-element-c6de38b elementor-widget elementor-widget-text-editor\" data-id=\"c6de38b\" data-element_type=\"widget\" data-widget_type=\"text-editor.default\">\n\t\t\t\t<div class=\"elementor-widget-container\">\n\t\t\t\t\t\t\t\t\t<p><b>ORGAN\u0130ZASYONDAK\u0130 YER\u0130: \u00a0<\/b>Harcama Birimlerinde g\u00f6rev yapar<\/p><p><b>G\u00d6REV, YETK\u0130 VE SORUMLULUKLARI:<\/b><\/p><ul><li>Mevzuat ve Kanun de\u011fi\u015fikliklerinin g\u00fcncel takibini yapmak.<\/li><li>Ta\u015f\u0131n\u0131r Mal Y\u00f6netmeli\u011fi Kapsam\u0131nda \u00dcniversitemize ba\u011fl\u0131 b\u00f6l\u00fcmler ve merkezlerin, ta\u015f\u0131n\u0131rlar\u0131n\u0131\u00a0 teslim al\u0131r, sorumlulu\u011fundaki ambarlarda muhafaza eder, kullan\u0131c\u0131lar\u0131na ve kullan\u0131m yerlerine teslim eder, bu Y\u00f6netmelikte belirtilen esas ve usullere g\u00f6re kay\u0131tlar\u0131 tutar, bunlara ili\u015fkin belge ve cetvelleri d\u00fczenler ve bu hususlarda hesap verme sorumlulu\u011fu \u00e7er\u00e7evesinde ta\u015f\u0131n\u0131r kontrol yetkilisi ve harcama\u00a0 yetkilisine kar\u015f\u0131 sorumludur<\/li><li>Harcama Birimlerinin ihtiya\u00e7 planlamas\u0131n\u0131 yapmak<\/li><li>Verilecek benzeri g\u00f6revleri yapmak<\/li><\/ul><p><b>G\u00d6REV\u0130N GEREKT\u0130RD\u0130\u011e\u0130 N\u0130TEL\u0130KLER:<\/b><\/p><ul><li>657 Say\u0131l\u0131 Devlet Memurlar\u0131 Kanununa tabi \u00e7al\u0131\u015f\u0131yor olmak<\/li><\/ul>\t\t\t\t\t\t\t\t<\/div>\n\t\t\t\t<\/div>\n\t\t\t\t\t<\/div>\n\t\t<\/div>\n\t\t\t\t\t<\/div>\n\t\t<\/section>\n\t\t\t\t<\/div>\n\t\t","protected":false},"excerpt":{"rendered":"<p>ORGAN\u0130ZASYONDAK\u0130 YER\u0130: \u00a0Harcama Birimlerinde g\u00f6rev yapar G\u00d6REV, YETK\u0130 VE SORUMLULUKLARI: Mevzuat ve Kanun de\u011fi\u015fikliklerinin g\u00fcncel takibini yapmak. Ta\u015f\u0131n\u0131r Mal Y\u00f6netmeli\u011fi Kapsam\u0131nda \u00dcniversitemize ba\u011fl\u0131 b\u00f6l\u00fcmler ve merkezlerin, ta\u015f\u0131n\u0131rlar\u0131n\u0131\u00a0 teslim al\u0131r, sorumlulu\u011fundaki ambarlarda muhafaza eder, kullan\u0131c\u0131lar\u0131na ve kullan\u0131m yerlerine teslim eder, bu Y\u00f6netmelikte belirtilen esas ve usullere g\u00f6re kay\u0131tlar\u0131 tutar, bunlara ili\u015fkin belge ve cetvelleri d\u00fczenler ve [&hellip;]<\/p>\n","protected":false},"author":227,"featured_media":0,"parent":0,"menu_order":0,"comment_status":"closed","ping_status":"closed","template":"","meta":{"footnotes":""},"class_list":["post-9886","page","type-page","status-publish","hentry"],"_links":{"self":[{"href":"https:\/\/atauni.edu.tr\/oltu-beseri-ve-sosyal-bilimler-fakultesi\/wp-json\/wp\/v2\/pages\/9886","targetHints":{"allow":["GET"]}}],"collection":[{"href":"https:\/\/atauni.edu.tr\/oltu-beseri-ve-sosyal-bilimler-fakultesi\/wp-json\/wp\/v2\/pages"}],"about":[{"href":"https:\/\/atauni.edu.tr\/oltu-beseri-ve-sosyal-bilimler-fakultesi\/wp-json\/wp\/v2\/types\/page"}],"author":[{"embeddable":true,"href":"https:\/\/atauni.edu.tr\/oltu-beseri-ve-sosyal-bilimler-fakultesi\/wp-json\/wp\/v2\/users\/227"}],"replies":[{"embeddable":true,"href":"https:\/\/atauni.edu.tr\/oltu-beseri-ve-sosyal-bilimler-fakultesi\/wp-json\/wp\/v2\/comments?post=9886"}],"version-history":[{"count":4,"href":"https:\/\/atauni.edu.tr\/oltu-beseri-ve-sosyal-bilimler-fakultesi\/wp-json\/wp\/v2\/pages\/9886\/revisions"}],"predecessor-version":[{"id":10118,"href":"https:\/\/atauni.edu.tr\/oltu-beseri-ve-sosyal-bilimler-fakultesi\/wp-json\/wp\/v2\/pages\/9886\/revisions\/10118"}],"wp:attachment":[{"href":"https:\/\/atauni.edu.tr\/oltu-beseri-ve-sosyal-bilimler-fakultesi\/wp-json\/wp\/v2\/media?parent=9886"}],"curies":[{"name":"wp","href":"https:\/\/api.w.org\/{rel}","templated":true}]}}