{"id":6257,"date":"2026-02-23T09:17:46","date_gmt":"2026-02-23T06:17:46","guid":{"rendered":"https:\/\/atauni.edu.tr\/onlisans-ve-lisans-egitim-koordinatorlugu\/?page_id=6257"},"modified":"2026-02-23T09:18:49","modified_gmt":"2026-02-23T06:18:49","slug":"gorevimiz","status":"publish","type":"page","link":"https:\/\/atauni.edu.tr\/onlisans-ve-lisans-egitim-koordinatorlugu\/gorevimiz\/","title":{"rendered":"G\u00f6revimiz"},"content":{"rendered":"\t\t<div data-elementor-type=\"wp-page\" data-elementor-id=\"6257\" class=\"elementor elementor-6257\" data-elementor-post-type=\"page\">\n\t\t\t\t\t\t<section class=\"elementor-section elementor-top-section elementor-element elementor-element-7e03437 elementor-section-boxed elementor-section-height-default elementor-section-height-default\" data-id=\"7e03437\" data-element_type=\"section\">\n\t\t\t\t\t\t<div class=\"elementor-container elementor-column-gap-default\">\n\t\t\t\t\t<div class=\"elementor-column elementor-col-100 elementor-top-column elementor-element elementor-element-16f4fd4\" data-id=\"16f4fd4\" data-element_type=\"column\">\n\t\t\t<div class=\"elementor-widget-wrap elementor-element-populated\">\n\t\t\t\t\t\t<div class=\"elementor-element elementor-element-b19deb5 elementor-widget elementor-widget-text-editor\" data-id=\"b19deb5\" data-element_type=\"widget\" data-widget_type=\"text-editor.default\">\n\t\t\t\t<div class=\"elementor-widget-container\">\n\t\t\t\t\t\t\t\t\t<ol><li>\u00dcniversitenin misyon, vizyon ve stratejik hedefleri do\u011frultusunda \u00f6nlisans ve lisans e\u011fitiminin niteli\u011fini y\u00fckseltmeye y\u00f6nelik \u00e7al\u0131\u015fmalar yapmak<\/li><li>Ulusal ve uluslararas\u0131 bilimsel anlay\u0131\u015flara g\u00f6re b\u00f6l\u00fcmlerde\/programlarda y\u00fcr\u00fct\u00fclen e\u011fitim s\u00fcre\u00e7lerinin iyile\u015ftirilmesine, yeniden yap\u0131land\u0131r\u0131lmas\u0131na ve g\u00fcncellenmesine y\u00f6nelik \u00e7al\u0131\u015fmalar yapmak<\/li><li>\u00d6nlisans ve lisans e\u011fitimi veren birimlerde programlar\u0131n iyile\u015ftirilmesi ve g\u00fcncellenmesine y\u00f6nelik bilgilendirme toplant\u0131lar\u0131 yapmak<\/li><li>Programlar\u0131n akreditasyon s\u00fcre\u00e7lerine girmesini te\u015fvik etmek ve bu \u00e7al\u0131\u015fmalar\u0131 desteklemek<\/li><li>\u00dcniversite b\u00fcnyesinde e\u011fitim ile ilgili olu\u015fturulan di\u011fer kurul ve komisyonlarla koordineli \u00e7al\u0131\u015fmak<\/li><\/ol>\t\t\t\t\t\t\t\t<\/div>\n\t\t\t\t<\/div>\n\t\t\t\t\t<\/div>\n\t\t<\/div>\n\t\t\t\t\t<\/div>\n\t\t<\/section>\n\t\t\t\t<\/div>\n\t\t","protected":false},"excerpt":{"rendered":"<p>\u00dcniversitenin misyon, vizyon ve stratejik hedefleri do\u011frultusunda \u00f6nlisans ve lisans e\u011fitiminin niteli\u011fini y\u00fckseltmeye y\u00f6nelik \u00e7al\u0131\u015fmalar yapmak Ulusal ve uluslararas\u0131 bilimsel anlay\u0131\u015flara g\u00f6re b\u00f6l\u00fcmlerde\/programlarda y\u00fcr\u00fct\u00fclen e\u011fitim s\u00fcre\u00e7lerinin iyile\u015ftirilmesine, yeniden yap\u0131land\u0131r\u0131lmas\u0131na ve g\u00fcncellenmesine y\u00f6nelik \u00e7al\u0131\u015fmalar yapmak \u00d6nlisans ve lisans e\u011fitimi veren birimlerde programlar\u0131n iyile\u015ftirilmesi ve g\u00fcncellenmesine y\u00f6nelik bilgilendirme toplant\u0131lar\u0131 yapmak Programlar\u0131n akreditasyon s\u00fcre\u00e7lerine girmesini te\u015fvik etmek ve [&hellip;]<\/p>\n","protected":false},"author":8,"featured_media":0,"parent":0,"menu_order":0,"comment_status":"closed","ping_status":"closed","template":"","meta":{"footnotes":""},"class_list":["post-6257","page","type-page","status-publish","hentry"],"_links":{"self":[{"href":"https:\/\/atauni.edu.tr\/onlisans-ve-lisans-egitim-koordinatorlugu\/wp-json\/wp\/v2\/pages\/6257","targetHints":{"allow":["GET"]}}],"collection":[{"href":"https:\/\/atauni.edu.tr\/onlisans-ve-lisans-egitim-koordinatorlugu\/wp-json\/wp\/v2\/pages"}],"about":[{"href":"https:\/\/atauni.edu.tr\/onlisans-ve-lisans-egitim-koordinatorlugu\/wp-json\/wp\/v2\/types\/page"}],"author":[{"embeddable":true,"href":"https:\/\/atauni.edu.tr\/onlisans-ve-lisans-egitim-koordinatorlugu\/wp-json\/wp\/v2\/users\/8"}],"replies":[{"embeddable":true,"href":"https:\/\/atauni.edu.tr\/onlisans-ve-lisans-egitim-koordinatorlugu\/wp-json\/wp\/v2\/comments?post=6257"}],"version-history":[{"count":4,"href":"https:\/\/atauni.edu.tr\/onlisans-ve-lisans-egitim-koordinatorlugu\/wp-json\/wp\/v2\/pages\/6257\/revisions"}],"predecessor-version":[{"id":6261,"href":"https:\/\/atauni.edu.tr\/onlisans-ve-lisans-egitim-koordinatorlugu\/wp-json\/wp\/v2\/pages\/6257\/revisions\/6261"}],"wp:attachment":[{"href":"https:\/\/atauni.edu.tr\/onlisans-ve-lisans-egitim-koordinatorlugu\/wp-json\/wp\/v2\/media?parent=6257"}],"curies":[{"name":"wp","href":"https:\/\/api.w.org\/{rel}","templated":true}]}}