{"id":6328,"date":"2026-02-23T10:14:12","date_gmt":"2026-02-23T07:14:12","guid":{"rendered":"https:\/\/atauni.edu.tr\/onlisans-ve-lisans-egitim-koordinatorlugu\/?page_id=6328"},"modified":"2026-02-23T10:16:45","modified_gmt":"2026-02-23T07:16:45","slug":"raporlar","status":"publish","type":"page","link":"https:\/\/atauni.edu.tr\/onlisans-ve-lisans-egitim-koordinatorlugu\/raporlar\/","title":{"rendered":"Raporlar"},"content":{"rendered":"\t\t<div data-elementor-type=\"wp-page\" data-elementor-id=\"6328\" class=\"elementor elementor-6328\" data-elementor-post-type=\"page\">\n\t\t\t\t\t\t<section class=\"elementor-section elementor-top-section elementor-element elementor-element-4ffa1da elementor-section-boxed elementor-section-height-default elementor-section-height-default\" data-id=\"4ffa1da\" data-element_type=\"section\">\n\t\t\t\t\t\t<div class=\"elementor-container elementor-column-gap-default\">\n\t\t\t\t\t<div class=\"elementor-column elementor-col-100 elementor-top-column elementor-element elementor-element-e6bcbe0\" data-id=\"e6bcbe0\" data-element_type=\"column\">\n\t\t\t<div class=\"elementor-widget-wrap elementor-element-populated\">\n\t\t\t\t\t\t<div class=\"elementor-element elementor-element-e5b8bec elementor-widget elementor-widget-text-editor\" data-id=\"e5b8bec\" data-element_type=\"widget\" data-widget_type=\"text-editor.default\">\n\t\t\t\t<div class=\"elementor-widget-container\">\n\t\t\t\t\t\t\t\t\t<header class=\"entry-header\"><h1 class=\"entry-title\">Raporlar<\/h1><\/header><div class=\"entry-content\"><div class=\"wp-block-file\"><a href=\"https:\/\/web.archive.org\/web\/20250328041117\/https:\/\/egitimkoordinatorlugu.atauni.edu.tr\/wp-content\/uploads\/2019\/05\/%C3%9Cniversitemiz-Lisans-E%C4%9Fitiminin-Niteli%C4%9Fini-Artt%C4%B1r%C4%B1c%C4%B1-%C3%87al%C4%B1%C5%9Fmalar-Hakk%C4%B1nda-Haz%C4%B1rlanan-Rapor-1.doc\">\u00dcniversitemiz-Lisans-E\u011fitiminin-Niteli\u011fini-Artt\u0131r\u0131c\u0131-\u00c7al\u0131\u015fmalar-Hakk\u0131nda-Haz\u0131rlanan-Rapor-1<\/a><a class=\"wp-block-file__button\" href=\"https:\/\/web.archive.org\/web\/20250328041117\/https:\/\/egitimkoordinatorlugu.atauni.edu.tr\/wp-content\/uploads\/2019\/05\/%C3%9Cniversitemiz-Lisans-E%C4%9Fitiminin-Niteli%C4%9Fini-Artt%C4%B1r%C4%B1c%C4%B1-%C3%87al%C4%B1%C5%9Fmalar-Hakk%C4%B1nda-Haz%C4%B1rlanan-Rapor-1.doc\" download=\"\">\u0130ndir<\/a><\/div><div class=\"wp-block-file\"><a href=\"https:\/\/web.archive.org\/web\/20250328041117\/https:\/\/egitimkoordinatorlugu.atauni.edu.tr\/wp-content\/uploads\/2019\/05\/%C3%9Cniversitemiz-%C3%96nlisans-E%C4%9Fitiminin-Niteli%C4%9Fini-Artt%C4%B1r%C4%B1c%C4%B1-%C3%87al%C4%B1%C5%9Fmalar-Hakk%C4%B1nda-Haz%C4%B1rlanan-Rapor-2.doc\">\u00dcniversitemiz-\u00d6nlisans-E\u011fitiminin-Niteli\u011fini-Artt\u0131r\u0131c\u0131-\u00c7al\u0131\u015fmalar-Hakk\u0131nda-Haz\u0131rlanan-Rapor-2<\/a><a class=\"wp-block-file__button\" href=\"https:\/\/web.archive.org\/web\/20250328041117\/https:\/\/egitimkoordinatorlugu.atauni.edu.tr\/wp-content\/uploads\/2019\/05\/%C3%9Cniversitemiz-%C3%96nlisans-E%C4%9Fitiminin-Niteli%C4%9Fini-Artt%C4%B1r%C4%B1c%C4%B1-%C3%87al%C4%B1%C5%9Fmalar-Hakk%C4%B1nda-Haz%C4%B1rlanan-Rapor-2.doc\" download=\"\">\u0130ndir<\/a><\/div><h2 class=\"wp-block-heading\"><strong>2018-2019 E\u011fitim Y\u0131l\u0131 Bahar D\u00f6nemi<\/strong><\/h2><p><a href=\"https:\/\/web.archive.org\/web\/20250328041117\/http:\/\/atakalite.atauni.edu.tr\/wp-content\/uploads\/2020\/06\/2019-2020_Bahar_Akademik-personel-memnuniyet-anketi-raporu.pdf\">Akademik Personel Memnuniyet Raporu<\/a><\/p><p><a href=\"https:\/\/web.archive.org\/web\/20250328041117\/http:\/\/atakalite.atauni.edu.tr\/wp-content\/uploads\/2020\/06\/2019-2020_Bahar_%C4%B0dari-personel-memnuniyet-anketi-raporu.pdf\">\u0130dari Personel Memnuniyet Raporu<\/a><\/p><p><a href=\"https:\/\/web.archive.org\/web\/20250328041117\/http:\/\/atakalite.atauni.edu.tr\/wp-content\/uploads\/2020\/06\/2019-2020_Bahar_%C4%B0%C5%9Fveren-Memnuniyet-Anketi-Raporu.pdf\">\u0130\u015fveren Memnuniyet Raporu<\/a><\/p><p><a href=\"https:\/\/web.archive.org\/web\/20250328041117\/http:\/\/atakalite.atauni.edu.tr\/wp-content\/uploads\/2020\/06\/2019-2020_Bahar_Mezun-Memnuniyet-Anketi-Raporu.pdf\">Mezun Memnuniyet Raporu<\/a><\/p><p><a href=\"https:\/\/web.archive.org\/web\/20250328041117\/http:\/\/atakalite.atauni.edu.tr\/wp-content\/uploads\/2020\/06\/2019-2020_Bahar_Aktif-%C3%96%C4%9Frenci-Memnuniyet-Anketi-Raporu.pdf\">\u00d6\u011frenci Memnuniyet Raporu<\/a><\/p><h2 class=\"wp-block-heading\"><strong>2019-2020 E\u011fitim Y\u0131l\u0131 G\u00fcz D\u00f6nemi<\/strong><\/h2><p><a href=\"https:\/\/web.archive.org\/web\/20250328041117\/http:\/\/atakalite.atauni.edu.tr\/wp-content\/uploads\/2020\/06\/2019-2020_Akademik_personel_memnuniyet_raporu.pdf\">Akademik Personel Memnuniyet Raporu<\/a><\/p><p><a href=\"https:\/\/web.archive.org\/web\/20250328041117\/http:\/\/atakalite.atauni.edu.tr\/wp-content\/uploads\/2020\/06\/2019-2020_%C4%B0dari_-personel_memnuniyet_anketi_raporu.pdf\">\u0130dari Personel Memnuniyet Raporu<\/a><\/p><p><a href=\"https:\/\/web.archive.org\/web\/20250328041117\/http:\/\/atakalite.atauni.edu.tr\/wp-content\/uploads\/2020\/06\/2019-2020_%C4%B0%C5%9Fveren_Memnuniyet_Anketi_Raporu.pdf\">\u0130\u015fveren Memnuniyet Raporu<\/a><\/p><p><a href=\"https:\/\/web.archive.org\/web\/20250328041117\/http:\/\/atakalite.atauni.edu.tr\/wp-content\/uploads\/2020\/06\/2019-2020_Mezun_Memnuniyet_Anketi_Raporu.pdf\">Mezun Memnuniyet Raporu<\/a><\/p><p><a href=\"https:\/\/web.archive.org\/web\/20250328041117\/http:\/\/atakalite.atauni.edu.tr\/wp-content\/uploads\/2020\/06\/2019-2020_%C3%96%C4%9Frenci_Memnuniyet_Anketi_Raporu.pdf\">\u00d6\u011frenci Memnuniyet Raporu<\/a><\/p><h2 class=\"wp-block-heading\"><strong>2019-2020 E\u011fitim Y\u0131l\u0131 Genel Memnuniyet Anket Oranlar\u0131<\/strong><\/h2><p><a href=\"https:\/\/web.archive.org\/web\/20250328041117\/http:\/\/atakalite.atauni.edu.tr\/wp-content\/uploads\/2020\/06\/2019-2020-y%C4%B1l%C4%B1-Genel-Memnuniyet-Anket-Oranlar%C4%B1.pdf\">2019-2020 y\u0131l\u0131 Genel Memnuniyet Anket Oranlar\u0131<\/a><\/p><\/div>\t\t\t\t\t\t\t\t<\/div>\n\t\t\t\t<\/div>\n\t\t\t\t\t<\/div>\n\t\t<\/div>\n\t\t\t\t\t<\/div>\n\t\t<\/section>\n\t\t\t\t<\/div>\n\t\t","protected":false},"excerpt":{"rendered":"<p>Raporlar \u00dcniversitemiz-Lisans-E\u011fitiminin-Niteli\u011fini-Artt\u0131r\u0131c\u0131-\u00c7al\u0131\u015fmalar-Hakk\u0131nda-Haz\u0131rlanan-Rapor-1\u0130ndir\u00dcniversitemiz-\u00d6nlisans-E\u011fitiminin-Niteli\u011fini-Artt\u0131r\u0131c\u0131-\u00c7al\u0131\u015fmalar-Hakk\u0131nda-Haz\u0131rlanan-Rapor-2\u0130ndir 2018-2019 E\u011fitim Y\u0131l\u0131 Bahar D\u00f6nemi Akademik Personel Memnuniyet Raporu \u0130dari Personel Memnuniyet Raporu \u0130\u015fveren Memnuniyet Raporu Mezun Memnuniyet Raporu \u00d6\u011frenci Memnuniyet Raporu 2019-2020 E\u011fitim Y\u0131l\u0131 G\u00fcz D\u00f6nemi Akademik Personel Memnuniyet Raporu \u0130dari Personel Memnuniyet Raporu \u0130\u015fveren Memnuniyet Raporu Mezun Memnuniyet Raporu \u00d6\u011frenci Memnuniyet Raporu 2019-2020 E\u011fitim Y\u0131l\u0131 Genel Memnuniyet Anket Oranlar\u0131 2019-2020 y\u0131l\u0131 [&hellip;]<\/p>\n","protected":false},"author":1,"featured_media":0,"parent":0,"menu_order":0,"comment_status":"closed","ping_status":"closed","template":"","meta":{"footnotes":""},"class_list":["post-6328","page","type-page","status-publish","hentry"],"_links":{"self":[{"href":"https:\/\/atauni.edu.tr\/onlisans-ve-lisans-egitim-koordinatorlugu\/wp-json\/wp\/v2\/pages\/6328","targetHints":{"allow":["GET"]}}],"collection":[{"href":"https:\/\/atauni.edu.tr\/onlisans-ve-lisans-egitim-koordinatorlugu\/wp-json\/wp\/v2\/pages"}],"about":[{"href":"https:\/\/atauni.edu.tr\/onlisans-ve-lisans-egitim-koordinatorlugu\/wp-json\/wp\/v2\/types\/page"}],"author":[{"embeddable":true,"href":"https:\/\/atauni.edu.tr\/onlisans-ve-lisans-egitim-koordinatorlugu\/wp-json\/wp\/v2\/users\/1"}],"replies":[{"embeddable":true,"href":"https:\/\/atauni.edu.tr\/onlisans-ve-lisans-egitim-koordinatorlugu\/wp-json\/wp\/v2\/comments?post=6328"}],"version-history":[{"count":4,"href":"https:\/\/atauni.edu.tr\/onlisans-ve-lisans-egitim-koordinatorlugu\/wp-json\/wp\/v2\/pages\/6328\/revisions"}],"predecessor-version":[{"id":6333,"href":"https:\/\/atauni.edu.tr\/onlisans-ve-lisans-egitim-koordinatorlugu\/wp-json\/wp\/v2\/pages\/6328\/revisions\/6333"}],"wp:attachment":[{"href":"https:\/\/atauni.edu.tr\/onlisans-ve-lisans-egitim-koordinatorlugu\/wp-json\/wp\/v2\/media?parent=6328"}],"curies":[{"name":"wp","href":"https:\/\/api.w.org\/{rel}","templated":true}]}}