{"id":6341,"date":"2026-02-23T10:19:45","date_gmt":"2026-02-23T07:19:45","guid":{"rendered":"https:\/\/atauni.edu.tr\/onlisans-ve-lisans-egitim-koordinatorlugu\/?page_id=6341"},"modified":"2026-03-25T16:00:58","modified_gmt":"2026-03-25T13:00:58","slug":"program-guncelleme-kilavuzu","status":"publish","type":"page","link":"https:\/\/atauni.edu.tr\/onlisans-ve-lisans-egitim-koordinatorlugu\/program-guncelleme-kilavuzu\/","title":{"rendered":"Program G\u00fcncelleme K\u0131lavuzu"},"content":{"rendered":"\t\t<div data-elementor-type=\"wp-page\" data-elementor-id=\"6341\" class=\"elementor elementor-6341\" data-elementor-post-type=\"page\">\n\t\t\t\t\t\t<section class=\"elementor-section elementor-top-section elementor-element elementor-element-b33c471 elementor-section-boxed elementor-section-height-default elementor-section-height-default\" data-id=\"b33c471\" data-element_type=\"section\">\n\t\t\t\t\t\t<div class=\"elementor-container elementor-column-gap-default\">\n\t\t\t\t\t<div class=\"elementor-column elementor-col-50 elementor-top-column elementor-element elementor-element-beea382\" data-id=\"beea382\" data-element_type=\"column\">\n\t\t\t<div class=\"elementor-widget-wrap elementor-element-populated\">\n\t\t\t\t\t\t<div class=\"elementor-element elementor-element-e99bdff elementor-widget elementor-widget-text-editor\" data-id=\"e99bdff\" data-element_type=\"widget\" data-widget_type=\"text-editor.default\">\n\t\t\t\t<div class=\"elementor-widget-container\">\n\t\t\t\t\t\t\t\t\t<p data-start=\"127\" data-end=\"383\">\u00dcniversitemiz kalite g\u00fcvencesi \u00e7al\u0131\u015fmalar\u0131 kapsam\u0131nda haz\u0131rlanan <strong data-start=\"192\" data-end=\"259\">\u201c\u00d6\u011fretim Program\u0131 Geli\u015ftirme, \u0130zleme ve De\u011ferlendirme K\u0131lavuzu\u201d<\/strong> \u00f6\u011fretim programlar\u0131n\u0131n <strong data-start=\"283\" data-end=\"349\">planlanmas\u0131, uygulanmas\u0131, izlenmesi ve s\u00fcrekli iyile\u015ftirilmesi<\/strong> s\u00fcre\u00e7lerine rehberlik etmektedir.<\/p><p data-start=\"385\" data-end=\"440\">\ud83d\udcce <strong data-start=\"388\" data-end=\"440\">K\u0131lavuz duyuru ekinde PDF olarak yer almaktad\u0131r.<\/strong><\/p>\t\t\t\t\t\t\t\t<\/div>\n\t\t\t\t<\/div>\n\t\t\t\t\t<\/div>\n\t\t<\/div>\n\t\t\t\t<div class=\"elementor-column elementor-col-50 elementor-top-column elementor-element elementor-element-17fdddf\" data-id=\"17fdddf\" data-element_type=\"column\">\n\t\t\t<div class=\"elementor-widget-wrap elementor-element-populated\">\n\t\t\t\t\t\t<div class=\"elementor-element elementor-element-d4ce633 elementor-widget elementor-widget-pdf_viewer\" data-id=\"d4ce633\" data-element_type=\"widget\" data-widget_type=\"pdf_viewer.default\">\n\t\t\t\t<div class=\"elementor-widget-container\">\n\t\t\t\t\t<iframe src=\"https:\/\/docs.google.com\/viewer?url=https:\/\/atauni.edu.tr\/onlisans-ve-lisans-egitim-koordinatorlugu\/wp-content\/uploads\/sites\/824\/2026\/03\/1.Ataturk_Universitesi_program_gelistirme_kilavuzu.pdf&amp;embedded=true\" style=\"display: block; margin-left: auto; margin-right: auto; width: 640px; height: 440px;\" frameborder=\"1\" marginheight=\"0px\" marginwidth=\"0px\" allowfullscreen><\/iframe>\t\t\t\t<\/div>\n\t\t\t\t<\/div>\n\t\t\t\t\t<\/div>\n\t\t<\/div>\n\t\t\t\t\t<\/div>\n\t\t<\/section>\n\t\t\t\t<\/div>\n\t\t","protected":false},"excerpt":{"rendered":"<p>\u00dcniversitemiz kalite g\u00fcvencesi \u00e7al\u0131\u015fmalar\u0131 kapsam\u0131nda haz\u0131rlanan \u201c\u00d6\u011fretim Program\u0131 Geli\u015ftirme, \u0130zleme ve De\u011ferlendirme K\u0131lavuzu\u201d \u00f6\u011fretim programlar\u0131n\u0131n planlanmas\u0131, uygulanmas\u0131, izlenmesi ve s\u00fcrekli iyile\u015ftirilmesi s\u00fcre\u00e7lerine rehberlik etmektedir. \ud83d\udcce K\u0131lavuz duyuru ekinde PDF olarak yer almaktad\u0131r.<\/p>\n","protected":false},"author":1,"featured_media":0,"parent":0,"menu_order":0,"comment_status":"closed","ping_status":"closed","template":"","meta":{"footnotes":""},"class_list":["post-6341","page","type-page","status-publish","hentry"],"_links":{"self":[{"href":"https:\/\/atauni.edu.tr\/onlisans-ve-lisans-egitim-koordinatorlugu\/wp-json\/wp\/v2\/pages\/6341","targetHints":{"allow":["GET"]}}],"collection":[{"href":"https:\/\/atauni.edu.tr\/onlisans-ve-lisans-egitim-koordinatorlugu\/wp-json\/wp\/v2\/pages"}],"about":[{"href":"https:\/\/atauni.edu.tr\/onlisans-ve-lisans-egitim-koordinatorlugu\/wp-json\/wp\/v2\/types\/page"}],"author":[{"embeddable":true,"href":"https:\/\/atauni.edu.tr\/onlisans-ve-lisans-egitim-koordinatorlugu\/wp-json\/wp\/v2\/users\/1"}],"replies":[{"embeddable":true,"href":"https:\/\/atauni.edu.tr\/onlisans-ve-lisans-egitim-koordinatorlugu\/wp-json\/wp\/v2\/comments?post=6341"}],"version-history":[{"count":16,"href":"https:\/\/atauni.edu.tr\/onlisans-ve-lisans-egitim-koordinatorlugu\/wp-json\/wp\/v2\/pages\/6341\/revisions"}],"predecessor-version":[{"id":6519,"href":"https:\/\/atauni.edu.tr\/onlisans-ve-lisans-egitim-koordinatorlugu\/wp-json\/wp\/v2\/pages\/6341\/revisions\/6519"}],"wp:attachment":[{"href":"https:\/\/atauni.edu.tr\/onlisans-ve-lisans-egitim-koordinatorlugu\/wp-json\/wp\/v2\/media?parent=6341"}],"curies":[{"name":"wp","href":"https:\/\/api.w.org\/{rel}","templated":true}]}}