{"id":6371,"date":"2026-02-23T10:32:40","date_gmt":"2026-02-23T07:32:40","guid":{"rendered":"https:\/\/atauni.edu.tr\/onlisans-ve-lisans-egitim-koordinatorlugu\/?page_id=6371"},"modified":"2026-02-23T11:57:29","modified_gmt":"2026-02-23T08:57:29","slug":"sikca-sorulan-sorular-sss","status":"publish","type":"page","link":"https:\/\/atauni.edu.tr\/onlisans-ve-lisans-egitim-koordinatorlugu\/sikca-sorulan-sorular-sss\/","title":{"rendered":"S\u0131k\u00e7a Sorulan Sorular (SSS)"},"content":{"rendered":"\t\t<div data-elementor-type=\"wp-page\" data-elementor-id=\"6371\" class=\"elementor elementor-6371\" data-elementor-post-type=\"page\">\n\t\t\t\t\t\t<section class=\"elementor-section elementor-top-section elementor-element elementor-element-cec15cf elementor-section-boxed elementor-section-height-default elementor-section-height-default\" data-id=\"cec15cf\" data-element_type=\"section\">\n\t\t\t\t\t\t<div class=\"elementor-container elementor-column-gap-default\">\n\t\t\t\t\t<div class=\"elementor-column elementor-col-100 elementor-top-column elementor-element elementor-element-5b538dd\" data-id=\"5b538dd\" data-element_type=\"column\">\n\t\t\t<div class=\"elementor-widget-wrap elementor-element-populated\">\n\t\t\t\t\t\t<div class=\"elementor-element elementor-element-578f174 elementor-widget elementor-widget-text-editor\" data-id=\"578f174\" data-element_type=\"widget\" data-widget_type=\"text-editor.default\">\n\t\t\t\t<div class=\"elementor-widget-container\">\n\t\t\t\t\t\t\t\t\t<h3 class=\"ea-header\"><a data-sptoggle=\"spcollapse\" data-sptarget=\"#collapse11200\" aria-expanded=\"true\">1. Program Geli\u015ftirme, \u0130zleme ve De\u011ferlendirme\u2019de ama\u00e7 nedir?<\/a><\/h3><div id=\"collapse11200\" class=\"sp-collapse collapsed spcollapse show\" data-parent=\"#sp-ea-1120\"><div class=\"ea-body\"><p>\u00dcniversitemizde yu\u0308ru\u0308tu\u0308len o\u0308g\u0306retim programlar\u0131n\u0131n gu\u0308nu\u0308mu\u0308z ihtiyac\u0327lar\u0131n\u0131 kars\u0327\u0131layabilmek ve c\u0327al\u0131s\u0327ma hayat\u0131nda mezunlardan beklenen yetkinlikleri kazand\u0131rabilmektir.<\/p><\/div><h3 class=\"ea-header\"><a data-sptoggle=\"spcollapse\" data-sptarget=\"#collapse11201\" aria-expanded=\"true\">2. \u00dcniversite Se\u00e7meli Derslerin AKTS\u2019si ka\u00e7 olmal\u0131d\u0131r?<\/a><\/h3><div id=\"collapse11201\" class=\"sp-collapse spcollapse show\" data-parent=\"#sp-ea-1120\"><div class=\"ea-body\"><p>\u00d6nlisans programlar\u0131nda en az 6 \u2013 en fazla 12 AKTS olmal\u0131d\u0131r.<\/p><p>4 y\u0131ll\u0131k Lisans programlar\u0131nda en az 12 \u2013 en fazla 24 AKTS olmal\u0131d\u0131r.<\/p><p>5-6 y\u0131ll\u0131k Lisans programlar\u0131nda en az 15 \u2013 en fazla 30 AKTS olmal\u0131d\u0131r.<\/p><h3 class=\"ea-header\"><a data-sptoggle=\"spcollapse\" data-sptarget=\"#collapse11202\" aria-expanded=\"true\">3. Bir d\u00f6nemde olmas\u0131 gereken derslerin ulusal kredileri ne olmal\u0131d\u0131r?<\/a><\/h3><div id=\"collapse11202\" class=\"sp-collapse spcollapse show\" data-parent=\"#sp-ea-1120\"><div class=\"ea-body\"><p>Bir program\u0131n ulusal kredilerinin do\u0308nemlere es\u0327it olarak dag\u0306\u0131t\u0131lmas\u0131 esast\u0131r. Herhangi bir do\u0308nem ic\u0327erisindeki derslerin toplam ulusal kredisinin 20\u00b13 aras\u0131nda olmas\u0131 o\u0308nerilir. Bir do\u0308nem ic\u0327erisinde bulunan derslerin AKTS kredi toplam\u0131 30 olmal\u0131d\u0131r.<\/p><h3 class=\"ea-header\"><a data-sptoggle=\"spcollapse\" data-sptarget=\"#collapse11203\" aria-expanded=\"true\">4. \u00dcniversite Se\u00e7meli Derslerin kredi ve AKTS\u2019si ka\u00e7 olmal\u0131d\u0131r?<\/a><\/h3><div id=\"collapse11203\" class=\"sp-collapse spcollapse show\" data-parent=\"#sp-ea-1120\"><div class=\"ea-body\"><p>2 ulusal Kredi ve 3 AKTS olmal\u0131d\u0131r.<\/p><h3 class=\"ea-header\"><a data-sptoggle=\"spcollapse\" data-sptarget=\"#collapse11204\" aria-expanded=\"true\">5. Program Se\u00e7meli Derslerinin kredi ve AKTS\u2019si ka\u00e7 olmal\u0131d\u0131r?<\/a><\/h3><div id=\"collapse11204\" class=\"sp-collapse spcollapse show\" data-parent=\"#sp-ea-1120\"><div class=\"ea-body\"><p>2 ulusal Kredi ve 3 AKTS olmal\u0131d\u0131r.<\/p><h3 class=\"ea-header\"><a data-sptoggle=\"spcollapse\" data-sptarget=\"#collapse11205\" aria-expanded=\"true\">6. Program\u0131n Se\u00e7meli Derslerinin isimleri nas\u0131l yaz\u0131lmal\u0131d\u0131r?<\/a><\/h3><div id=\"collapse11205\" class=\"sp-collapse spcollapse show\" data-parent=\"#sp-ea-1120\"><div class=\"ea-body\"><p>Se\u00e7meli Ders 1, Se\u00e7meli Ders 2, &#8230; \u015feklinde yaz\u0131lmal\u0131d\u0131r.<\/p><h3 class=\"ea-header\"><a data-sptoggle=\"spcollapse\" data-sptarget=\"#collapse11206\" aria-expanded=\"true\">7. \u00dcniversite Se\u00e7meli Derslerin isimleri nas\u0131l yaz\u0131lmal\u0131d\u0131r?<\/a><\/h3><div id=\"collapse11206\" class=\"sp-collapse spcollapse show\" data-parent=\"#sp-ea-1120\"><div class=\"ea-body\"><p>\u00dcniversite Se\u00e7meli Ders 1, \u00dcniversite Se\u00e7meli Ders 2, &#8230; \u015feklinde yaz\u0131lmal\u0131d\u0131r.<\/p><h3 class=\"ea-header\"><a data-sptoggle=\"spcollapse\" data-sptarget=\"#collapse11207\" aria-expanded=\"true\">8. Staj derslerinin uygulama, kredi ve AKTS\u2019si ka\u00e7 olmad\u0131r?<\/a><\/h3><div id=\"collapse11207\" class=\"sp-collapse spcollapse show\" data-parent=\"#sp-ea-1120\"><div class=\"ea-body\"><p>Staj dersi tek d\u00f6nem ise uygulama 2, kredi 1, AKTS 5-10 aras\u0131nda, Staj dersi iki d\u00f6nem ise uygulama 2, kredi 1, AKTS 5 de\u011ferindedir.<\/p><h3 class=\"ea-header\"><a data-sptoggle=\"spcollapse\" data-sptarget=\"#collapse11208\" aria-expanded=\"true\">9. Programlar\u0131n d\u00f6nemlik AKTS\u2019si ve toplam kredisi ka\u00e7 olmal\u0131d\u0131r?<\/a><\/h3><div id=\"collapse11208\" class=\"sp-collapse spcollapse show\" data-parent=\"#sp-ea-1120\"><div class=\"ea-body\"><p>O\u0308nlisans programlar\u0131 ic\u0327in 120 AKTS (80\u00b110 ulusal kredi), do\u0308rt y\u0131ll\u0131k programlarda 240 AKTS (140\u00b120 ulusal kredi), bes\u0327 y\u0131ll\u0131k programlarda 300 AKTS (200\u00b125 ulusal kredi) olmal\u0131d\u0131r.<\/p><h3 class=\"ea-header\"><a data-sptoggle=\"spcollapse\" data-sptarget=\"#collapse11209\" aria-expanded=\"true\">10. Ortak Zorunlu Derslerin adlar\u0131 ve kodlar\u0131 nas\u0131l yaz\u0131lmal\u0131d\u0131r?<\/a><\/h3><div id=\"collapse11209\" class=\"sp-collapse spcollapse show\" data-parent=\"#sp-ea-1120\"><div class=\"ea-body\"><p><a href=\"https:\/\/web.archive.org\/web\/20240804145108\/https:\/\/egitimkoordinatorlugu.atauni.edu.tr\/index.php\/yardimci-kaynaklar\/\"><strong><u>\u00d6rnek kartekste<\/u><\/strong><\/a>\u00a0verildi\u011fi gibi yaz\u0131lmal\u0131d\u0131r (T\u00fcrk Dili I, Atat\u00fcrk \u0130lkeleri ve \u0130nk\u0131lap Tarihi II, Yabanc\u0131 Dil I).<\/p><h3 class=\"ea-header\"><a data-sptoggle=\"spcollapse\" data-sptarget=\"#collapse112010\" aria-expanded=\"true\">11. Lisans d\u00fczeyindeki programlarda ortak zorunlu dersler (T\u00fcrk Dili, A.\u0130.\u0130.T, \u0130ngilizce) \u00f6\u011frencilere hangi d\u00f6nemlerde verilmelidir?<\/a><\/h3><div id=\"collapse112010\" class=\"sp-collapse spcollapse show\" data-parent=\"#sp-ea-1120\"><div class=\"ea-body\"><p>\u0130lk 4 d\u00f6nemde verilmelidir.<\/p><h3 class=\"ea-header\"><a data-sptoggle=\"spcollapse\" data-sptarget=\"#collapse112011\" aria-expanded=\"true\">12. Ders kodlar\u0131 verilirken nelere dikkat edilmelidir?<\/a><\/h3><div id=\"collapse112011\" class=\"sp-collapse spcollapse show\" data-parent=\"#sp-ea-1120\"><div class=\"ea-body\"><p>Program\u0131 tan\u0131mlayan \u00fc\u00e7 harf b\u00fcy\u00fck olarak yaz\u0131ld\u0131ktan sonra bo\u015fluk b\u0131rak\u0131lmadan y\u0131l ve d\u00f6nemi tan\u0131mlay\u0131c\u0131 \u015fekilde ard\u0131\u015f\u0131k numaraland\u0131rma yap\u0131lmal\u0131d\u0131r.<\/p><p>(<strong>\u00d6r. Molek\u00fcler Biyoloji ve Genetik program\u0131<\/strong><\/p><p>1. yar\u0131y\u0131l dersleri i\u00e7in FMB101, FMB103, FMB105;<\/p><p>2. Yar\u0131y\u0131l dersleri i\u00e7in FMB102, FMB104, FMB106;<\/p><p>3. Yar\u0131y\u0131l dersleri i\u00e7in FMB 201, FMB203, FMB205,<\/p><p>4. Yar\u0131y\u0131l dersleri i\u00e7in FMB202, FMB204, FMB206 ard\u0131\u015f\u0131k \u015fekilde kodlanmal\u0131d\u0131r.)<\/p><h3 class=\"ea-header\"><a data-sptoggle=\"spcollapse\" data-sptarget=\"#collapse112012\" aria-expanded=\"true\">13. \u00dcniversite Se\u00e7meli Derslere (\u00dcS) kod verilirken nelere dikkat edilmelidir?<\/a><\/h3><div id=\"collapse112012\" class=\"sp-collapse spcollapse show\" data-parent=\"#sp-ea-1120\"><div class=\"ea-body\"><p>\u0130lk \u00fc\u00e7 harften sonra sadece 2 rakam kullan\u0131lmal\u0131d\u0131r (<strong>\u00d6r.<\/strong>\u00a0MBG01, MBG02, MBG03).<\/p><div id=\"collapse112013\" class=\"sp-collapse spcollapse show\" data-parent=\"#sp-ea-1120\"><div class=\"ea-body\"><h3 class=\"ea-header\"><a data-sptoggle=\"spcollapse\" data-sptarget=\"#collapse112013\" aria-expanded=\"true\">14. Programlarda e\u011fitim g\u00f6ren \u00f6\u011frencilere ka\u00e7 kategoride ders verilir?<\/a><\/h3><div id=\"collapse112013\" class=\"sp-collapse spcollapse show\" data-parent=\"#sp-ea-1120\"><div class=\"ea-body\"><ul><li style=\"list-style-type: none;\"><ul><li>Ortak Zorunlu Ders (OZ)<\/li><\/ul><\/li><\/ul><ul><li style=\"list-style-type: none;\"><ul><li>Zorunlu Ders (Z)<\/li><\/ul><\/li><\/ul><ul><li style=\"list-style-type: none;\"><ul><li>Sec\u0327meli Ders (S)<\/li><\/ul><\/li><\/ul><ul><li>U\u0308niversite Sec\u0327meli Ders (U\u0308S)<\/li><\/ul><h3 class=\"ea-header\"><a data-sptoggle=\"spcollapse\" data-sptarget=\"#collapse112014\" aria-expanded=\"true\">15. Ortak Zorunlu Dersler (OZ) nelerdir?<\/a><\/h3><div id=\"collapse112014\" class=\"sp-collapse spcollapse show\" data-parent=\"#sp-ea-1120\"><div class=\"ea-body\"><p>2547 say\u0131l\u0131 Kanunun 5 inci maddesinin birinci f\u0131kras\u0131n\u0131n (\u0131) bendinde belirtilen Atatu\u0308rk I\u0307lkeleri ve I\u0307nk\u0131la\u0302p Tarihi, Tu\u0308rk Dili ve yabanc\u0131 dil ile 20\/6\/2012 tarihli ve 6331 say\u0131l\u0131 I\u0307s\u0327 Sag\u0306l\u0131g\u0306\u0131 ve Gu\u0308venlig\u0306i Kanununa go\u0308re is\u0327 gu\u0308venlig\u0306i uzman\u0131 olabilecek mezunlar\u0131 yetis\u0327tiren faku\u0308ltelerde is\u0327 sag\u0306l\u0131g\u0306\u0131 ve gu\u0308venlig\u0306i dersleridir.<\/p><h3 class=\"ea-header\"><a data-sptoggle=\"spcollapse\" data-sptarget=\"#collapse112015\" aria-expanded=\"true\">16. Zorunlu Ders (Z) nelerdir?<\/a><\/h3><div id=\"collapse112015\" class=\"sp-collapse spcollapse show\" data-parent=\"#sp-ea-1120\"><div class=\"ea-body\"><p>Se\u00e7meli ve ortak zorunlu dersler d\u0131\u015f\u0131nda bir programda \u00f6ng\u00f6r\u00fclen ve \u00f6\u011frencinin zorunlu olarak almas\u0131 gereken derslerdir.<\/p><h3 class=\"ea-header\"><a data-sptoggle=\"spcollapse\" data-sptarget=\"#collapse112016\" aria-expanded=\"true\">17. Se\u00e7meli Ders (S) nelerdir?<\/a><\/h3><div id=\"collapse112016\" class=\"sp-collapse spcollapse show\" data-parent=\"#sp-ea-1120\"><div class=\"ea-body\"><p>Zorunlu dersler d\u0131\u015f\u0131nda \u00f6\u011frencinin alan i\u00e7inden ve\/veya alan d\u0131\u015f\u0131ndan iste\u011fi do\u011frultusunda ald\u0131\u011f\u0131 derslerdir.<\/p><h3 class=\"ea-header\"><a data-sptoggle=\"spcollapse\" data-sptarget=\"#collapse112017\" aria-expanded=\"true\">18. \u00dcniversite Se\u00e7meli Ders (\u00dcS) nelerdir?<\/a><\/h3><div id=\"collapse112017\" class=\"sp-collapse spcollapse show\" data-parent=\"#sp-ea-1120\"><div class=\"ea-body\"><p>\u00d6\u011frencilerin ilgi ve yetkinliklerine uygun nitelik ve \u00e7e\u015fitlilikte; tarih, k\u00fclt\u00fcr, sanat, mill\u00ee ve manevi de\u011ferler e\u011fitimi ile spor, sa\u011fl\u0131k ve topluma hizmet uygulamalar\u0131; ki\u015fisel geli\u015fimi destekleyen, \u00e7evre bilinci, iklim de\u011fi\u015fikli\u011fi ve temel\/uygulamal\u0131 bilimlerdeki yeterlilikleri geli\u015ftiren derslerdir.<\/p><h3 class=\"ea-header\"><a data-sptoggle=\"spcollapse\" data-sptarget=\"#collapse112018\" aria-expanded=\"true\">19. \u00c7ift anadal program\u0131n\u0131n amac\u0131 nedir?<\/a><\/h3><div id=\"collapse112018\" class=\"sp-collapse spcollapse show\" data-parent=\"#sp-ea-1120\"><div class=\"ea-body\"><p>Anadal lisans programlar\u0131n\u0131 \u00fcst\u00fcn ba\u015far\u0131yla y\u00fcr\u00fcten \u00f6\u011frencilerin, ayn\u0131 zamanda ikinci bir dalda lisans diplomas\u0131 almak \u00fczere \u00f6\u011frenim g\u00f6rmelerini sa\u011flamakt\u0131r.<\/p><h3 class=\"ea-header\"><a data-sptoggle=\"spcollapse\" data-sptarget=\"#collapse112019\" aria-expanded=\"true\">20. \u00d6\u011frencilerin \u00e7ift anadal program\u0131na ba\u015fvurabilmesi i\u00e7in ko\u015fullar nelerdir?<\/a><\/h3><div id=\"collapse112019\" class=\"sp-collapse spcollapse show\" data-parent=\"#sp-ea-1120\"><div class=\"ea-body\"><p>a) C\u0327ift anadal program\u0131na bas\u0327vurdug\u0306u yar\u0131y\u0131la kadar anadal diploma program\u0131nda ald\u0131g\u0306\u0131 tu\u0308m dersleri bas\u0327ar\u0131yla tamamlam\u0131s\u0327 olmas\u0131,<\/p><p>b) AGNO\u2019sunun en az 2.80 olmas\u0131,<\/p><p>c) Anadal diploma program\u0131n\u0131n ilgili s\u0131n\u0131f\u0131nda bas\u0327ar\u0131 s\u0131ralamas\u0131 itibari ile en u\u0308st yu\u0308zde yirmisinde bulunmas\u0131 gerekir.<\/p><h3 class=\"ea-header\"><a data-sptoggle=\"spcollapse\" data-sptarget=\"#collapse112020\" aria-expanded=\"true\">21. \u00c7ift anadal kontenjanlar\u0131 hangi \u015fartlara g\u00f6re belirlenir?<\/a><\/h3><div id=\"collapse112020\" class=\"sp-collapse spcollapse show\" data-parent=\"#sp-ea-1120\"><div class=\"ea-body\"><p>a) Hukuk, t\u0131p ve sag\u0306l\u0131k programlar\u0131 ile mu\u0308hendislik programlar\u0131 haric\u0327 olmak u\u0308zere; c\u0327ift anadal yapacak o\u0308g\u0306rencilerin kontenjan\u0131, anadal program\u0131ndaki AGNO\u2019su 2.80 ve u\u0308zerinde olan o\u0308g\u0306renci say\u0131s\u0131n\u0131n %20\u2019sinden az olmamak u\u0308zere senato taraf\u0131ndan belirlenir.<\/p><p>b) Anadal diploma program\u0131ndaki AGNO\u2019su 2.80 ve u\u0308zerinde olan ancak anadal diploma program\u0131n\u0131n ilgili s\u0131n\u0131f\u0131nda bas\u0327ar\u0131 s\u0131ralamas\u0131 itibari ile en u\u0308st %20\u2019sinde yer almayan o\u0308g\u0306rencilerden c\u0327ift anadal yap\u0131lacak program\u0131n ilgili y\u0131ldaki taban puan\u0131ndan az olmamak u\u0308zere puana sahip olanlar da c\u0327ift anadal program\u0131na bas\u0327vurabilirler. O\u0308g\u0306rencilerin ikinci anadal diploma program\u0131na kabulu\u0308, o program\u0131n yu\u0308ru\u0308tu\u0308ldu\u0308g\u0306u\u0308 ilgili bo\u0308lu\u0308mu\u0308n o\u0308nerisi u\u0308zerine Faku\u0308lte Yo\u0308netim Kurulunun onay\u0131 ile yap\u0131l\u0131r. C\u0327ift anadal ikinci diploma program\u0131nda o\u0308g\u0306renim go\u0308ren o\u0308g\u0306rencinin anadal program\u0131nda alm\u0131s\u0327 oldug\u0306u ve es\u0327deg\u0306erlikleri kabul edilen dersler, not do\u0308ku\u0308m belgesinde go\u0308sterilir. I\u0307kinci anadal diploma program\u0131ndaki o\u0308g\u0306renci, anadal diploma program\u0131nda kurum ic\u0327i gec\u0327is\u0327 hu\u0308ku\u0308mlerine uygun kos\u0327ullar\u0131 sag\u0306lad\u0131g\u0306\u0131nda ikinci anadal diploma program\u0131na yatay gec\u0327is\u0327 yapabilir. Yetenek s\u0131nav\u0131 ile o\u0308g\u0306renci alan c\u0327ift anadal diploma program\u0131na o\u0308g\u0306renci kabulu\u0308nde yetenek s\u0131nav\u0131nda da bas\u0327ar\u0131l\u0131 olma s\u0327art\u0131 aran\u0131r.<\/p><h3 class=\"ea-header\"><a data-sptoggle=\"spcollapse\" data-sptarget=\"#collapse112021\" aria-expanded=\"true\">22. Yandal program\u0131n\u0131n amac\u0131 nedir?<\/a><\/h3><div id=\"collapse112021\" class=\"sp-collapse spcollapse show\" data-parent=\"#sp-ea-1120\"><div class=\"ea-body\"><p>Anadal lisans programlar\u0131n\u0131 bas\u0327ar\u0131yla yu\u0308ru\u0308ten o\u0308g\u0306rencilerin ilgi duyduklar\u0131 bas\u0327ka bir dalda bilgilenmelerini sag\u0306lamakt\u0131r.<\/p><h3 class=\"ea-header\"><a data-sptoggle=\"spcollapse\" data-sptarget=\"#collapse112022\" aria-expanded=\"true\">23. Yandal program\u0131nda al\u0131nacak dersler ka\u00e7 AKTS\u2019den olu\u015fur?<\/a><\/h3><div id=\"collapse112022\" class=\"sp-collapse spcollapse show\" data-parent=\"#sp-ea-1120\"><div class=\"ea-body\"><p>\u0130lgili programlarda ortak olarak kabul edilen dersler d\u0131s\u0327\u0131nda en az 30 AKTS olus\u0327ur.<\/p><h3 class=\"ea-header\"><a data-sptoggle=\"spcollapse\" data-sptarget=\"#collapse112023\" aria-expanded=\"true\">24. Yandal program\u0131na ne zaman ba\u015fvuru yap\u0131l\u0131r?<\/a><\/h3><div id=\"collapse112023\" class=\"sp-collapse spcollapse show\" data-parent=\"#sp-ea-1120\"><div class=\"ea-body\"><p>Anadal lisans program\u0131n\u0131n en erken u\u0308c\u0327u\u0308ncu\u0308, en gec\u0327 alt\u0131nc\u0131 yar\u0131y\u0131l\u0131n bas\u0327\u0131nda bas\u0327vurabilir.<\/p><h3 class=\"ea-header\"><a data-sptoggle=\"spcollapse\" data-sptarget=\"#collapse112024\" aria-expanded=\"true\">25. Yandal program\u0131na ba\u015fvuru \u015fart\u0131 nedir?<\/a><\/h3><div id=\"collapse112024\" class=\"sp-collapse spcollapse show\" data-parent=\"#sp-ea-1120\"><div class=\"ea-body\"><p>\u00d6\u011frencinin yandal program\u0131na bas\u0327vurabilmesi ic\u0327in bas\u0327vurdug\u0306u yar\u0131y\u0131la kadar ald\u0131g\u0306\u0131 lisans program\u0131ndaki tu\u0308m kredili dersleri bas\u0327ar\u0131yla tamamlamas\u0131 ve AGNO\u2019sunun en az 2.50 olmas\u0131 gerekir.<\/p><h3 class=\"ea-header\"><a data-sptoggle=\"spcollapse\" data-sptarget=\"#collapse112025\" aria-expanded=\"true\">26. Ders planlar\u0131n\u0131 g\u00f6steren kartekslerde derslerin \u0130ngilizce adlar\u0131 yaz\u0131lmal\u0131 m\u0131d\u0131r?<\/a><\/h3><div id=\"collapse112025\" class=\"sp-collapse spcollapse show\" data-parent=\"#sp-ea-1120\"><div class=\"ea-body\"><p>Evet<\/p><\/div><\/div><\/div><\/div><\/div><\/div><\/div><\/div><\/div><\/div><\/div><\/div><\/div><\/div><\/div><\/div><\/div><\/div><\/div><\/div><\/div><\/div><\/div><\/div><\/div><\/div><ul><li style=\"list-style-type: none;\">\u00a0<\/li><\/ul><\/div><\/div><\/div><\/div><\/div><\/div><\/div><\/div><\/div><\/div><\/div><\/div><\/div><\/div><\/div><\/div><\/div><\/div><\/div><\/div><\/div><\/div><\/div><\/div><\/div><\/div><\/div>\t\t\t\t\t\t\t\t<\/div>\n\t\t\t\t<\/div>\n\t\t\t\t\t<\/div>\n\t\t<\/div>\n\t\t\t\t\t<\/div>\n\t\t<\/section>\n\t\t\t\t<\/div>\n\t\t","protected":false},"excerpt":{"rendered":"<p>1. Program Geli\u015ftirme, \u0130zleme ve De\u011ferlendirme\u2019de ama\u00e7 nedir? \u00dcniversitemizde yu\u0308ru\u0308tu\u0308len o\u0308g\u0306retim programlar\u0131n\u0131n gu\u0308nu\u0308mu\u0308z ihtiyac\u0327lar\u0131n\u0131 kars\u0327\u0131layabilmek ve c\u0327al\u0131s\u0327ma hayat\u0131nda mezunlardan beklenen yetkinlikleri kazand\u0131rabilmektir. 2. \u00dcniversite Se\u00e7meli Derslerin AKTS\u2019si ka\u00e7 olmal\u0131d\u0131r? \u00d6nlisans programlar\u0131nda en az 6 \u2013 en fazla 12 AKTS olmal\u0131d\u0131r. 4 y\u0131ll\u0131k Lisans programlar\u0131nda en az 12 \u2013 en fazla 24 AKTS olmal\u0131d\u0131r. 5-6 y\u0131ll\u0131k [&hellip;]<\/p>\n","protected":false},"author":1,"featured_media":0,"parent":0,"menu_order":0,"comment_status":"closed","ping_status":"closed","template":"","meta":{"footnotes":""},"class_list":["post-6371","page","type-page","status-publish","hentry"],"_links":{"self":[{"href":"https:\/\/atauni.edu.tr\/onlisans-ve-lisans-egitim-koordinatorlugu\/wp-json\/wp\/v2\/pages\/6371","targetHints":{"allow":["GET"]}}],"collection":[{"href":"https:\/\/atauni.edu.tr\/onlisans-ve-lisans-egitim-koordinatorlugu\/wp-json\/wp\/v2\/pages"}],"about":[{"href":"https:\/\/atauni.edu.tr\/onlisans-ve-lisans-egitim-koordinatorlugu\/wp-json\/wp\/v2\/types\/page"}],"author":[{"embeddable":true,"href":"https:\/\/atauni.edu.tr\/onlisans-ve-lisans-egitim-koordinatorlugu\/wp-json\/wp\/v2\/users\/1"}],"replies":[{"embeddable":true,"href":"https:\/\/atauni.edu.tr\/onlisans-ve-lisans-egitim-koordinatorlugu\/wp-json\/wp\/v2\/comments?post=6371"}],"version-history":[{"count":13,"href":"https:\/\/atauni.edu.tr\/onlisans-ve-lisans-egitim-koordinatorlugu\/wp-json\/wp\/v2\/pages\/6371\/revisions"}],"predecessor-version":[{"id":6434,"href":"https:\/\/atauni.edu.tr\/onlisans-ve-lisans-egitim-koordinatorlugu\/wp-json\/wp\/v2\/pages\/6371\/revisions\/6434"}],"wp:attachment":[{"href":"https:\/\/atauni.edu.tr\/onlisans-ve-lisans-egitim-koordinatorlugu\/wp-json\/wp\/v2\/media?parent=6371"}],"curies":[{"name":"wp","href":"https:\/\/api.w.org\/{rel}","templated":true}]}}