{"id":6403,"date":"2026-02-23T11:22:40","date_gmt":"2026-02-23T08:22:40","guid":{"rendered":"https:\/\/atauni.edu.tr\/onlisans-ve-lisans-egitim-koordinatorlugu\/?page_id=6403"},"modified":"2026-02-23T11:23:54","modified_gmt":"2026-02-23T08:23:54","slug":"tescil-suresi-sona-erenler","status":"publish","type":"page","link":"https:\/\/atauni.edu.tr\/onlisans-ve-lisans-egitim-koordinatorlugu\/tescil-suresi-sona-erenler\/","title":{"rendered":"Tescil S\u00fcresi Sona Erenler"},"content":{"rendered":"\t\t<div data-elementor-type=\"wp-page\" data-elementor-id=\"6403\" class=\"elementor elementor-6403\" data-elementor-post-type=\"page\">\n\t\t\t\t\t\t<section class=\"elementor-section elementor-top-section elementor-element elementor-element-a7a9533 elementor-section-boxed elementor-section-height-default elementor-section-height-default\" data-id=\"a7a9533\" data-element_type=\"section\">\n\t\t\t\t\t\t<div class=\"elementor-container elementor-column-gap-default\">\n\t\t\t\t\t<div class=\"elementor-column elementor-col-100 elementor-top-column elementor-element elementor-element-deedf2d\" data-id=\"deedf2d\" data-element_type=\"column\">\n\t\t\t<div class=\"elementor-widget-wrap elementor-element-populated\">\n\t\t\t\t\t\t<div class=\"elementor-element elementor-element-50fc88c elementor-widget elementor-widget-text-editor\" data-id=\"50fc88c\" data-element_type=\"widget\" data-widget_type=\"text-editor.default\">\n\t\t\t\t<div class=\"elementor-widget-container\">\n\t\t\t\t\t\t\t\t\t<div class=\"row margin-bottom-30\"><table class=\"table\"><thead><tr><th>No:<\/th><th>Akreditasyon Kurulu\u015fu<\/th><th>Tescil Tarihi<\/th><th>Tescil Biti\u015f Tarihi<\/th><th>Ge\u00e7erlilik S\u00fcresi (Y\u0131l)<\/th><\/tr><\/thead><tbody><tr><td>1<\/td><td><a target=\"_blank\">A\u00e7\u0131k ve Uzaktan \u00d6\u011fretim Programlar\u0131 De\u011ferlendirme ve Akreditasyon Derne\u011fi-AUDAK<\/a><\/td><td>8.04.2020<\/td><td>8.04.2022<\/td><td>2<\/td><\/tr><tr><td>2<\/td><td><a href=\"https:\/\/web.archive.org\/web\/20241227043542\/http:\/\/www.miak.org\/\" target=\"_blank\" rel=\"noopener\">Mimarl\u0131k Akreditasyon Kurulu (M\u0130AK)<\/a><\/td><td>30.11.2011<\/td><td>30.11.2012<\/td><td>1<\/td><\/tr><tr><td>\u00a0<\/td><td>\u00a0<\/td><td>29.04.2015<\/td><td>29.04.2017<\/td><td>2<\/td><\/tr><\/tbody><\/table><\/div><div>*\u00a0A\u00e7\u0131k ve Uzaktan \u00d6\u011fretim Programlar\u0131 De\u011ferlendirme ve Akreditasyon Derne\u011fi-AUDAK&#8217;\u0131n Kalite De\u011ferlendirme Tescil Belgesi 21 Nisan 2021 tarihli Y\u00fcksek\u00f6\u011fretim Kalite Kurulu toplant\u0131s\u0131nda iptal edilmi\u015ftir.<\/div>\t\t\t\t\t\t\t\t<\/div>\n\t\t\t\t<\/div>\n\t\t\t\t\t<\/div>\n\t\t<\/div>\n\t\t\t\t\t<\/div>\n\t\t<\/section>\n\t\t\t\t<\/div>\n\t\t","protected":false},"excerpt":{"rendered":"<p>No: Akreditasyon Kurulu\u015fu Tescil Tarihi Tescil Biti\u015f Tarihi Ge\u00e7erlilik S\u00fcresi (Y\u0131l) 1 A\u00e7\u0131k ve Uzaktan \u00d6\u011fretim Programlar\u0131 De\u011ferlendirme ve Akreditasyon Derne\u011fi-AUDAK 8.04.2020 8.04.2022 2 2 Mimarl\u0131k Akreditasyon Kurulu (M\u0130AK) 30.11.2011 30.11.2012 1 \u00a0 \u00a0 29.04.2015 29.04.2017 2 *\u00a0A\u00e7\u0131k ve Uzaktan \u00d6\u011fretim Programlar\u0131 De\u011ferlendirme ve Akreditasyon Derne\u011fi-AUDAK&#8217;\u0131n Kalite De\u011ferlendirme Tescil Belgesi 21 Nisan 2021 tarihli Y\u00fcksek\u00f6\u011fretim [&hellip;]<\/p>\n","protected":false},"author":1,"featured_media":0,"parent":0,"menu_order":0,"comment_status":"closed","ping_status":"closed","template":"","meta":{"footnotes":""},"class_list":["post-6403","page","type-page","status-publish","hentry"],"_links":{"self":[{"href":"https:\/\/atauni.edu.tr\/onlisans-ve-lisans-egitim-koordinatorlugu\/wp-json\/wp\/v2\/pages\/6403","targetHints":{"allow":["GET"]}}],"collection":[{"href":"https:\/\/atauni.edu.tr\/onlisans-ve-lisans-egitim-koordinatorlugu\/wp-json\/wp\/v2\/pages"}],"about":[{"href":"https:\/\/atauni.edu.tr\/onlisans-ve-lisans-egitim-koordinatorlugu\/wp-json\/wp\/v2\/types\/page"}],"author":[{"embeddable":true,"href":"https:\/\/atauni.edu.tr\/onlisans-ve-lisans-egitim-koordinatorlugu\/wp-json\/wp\/v2\/users\/1"}],"replies":[{"embeddable":true,"href":"https:\/\/atauni.edu.tr\/onlisans-ve-lisans-egitim-koordinatorlugu\/wp-json\/wp\/v2\/comments?post=6403"}],"version-history":[{"count":4,"href":"https:\/\/atauni.edu.tr\/onlisans-ve-lisans-egitim-koordinatorlugu\/wp-json\/wp\/v2\/pages\/6403\/revisions"}],"predecessor-version":[{"id":6407,"href":"https:\/\/atauni.edu.tr\/onlisans-ve-lisans-egitim-koordinatorlugu\/wp-json\/wp\/v2\/pages\/6403\/revisions\/6407"}],"wp:attachment":[{"href":"https:\/\/atauni.edu.tr\/onlisans-ve-lisans-egitim-koordinatorlugu\/wp-json\/wp\/v2\/media?parent=6403"}],"curies":[{"name":"wp","href":"https:\/\/api.w.org\/{rel}","templated":true}]}}