{"id":6139,"date":"2021-12-11T14:15:49","date_gmt":"2021-12-11T11:15:49","guid":{"rendered":"https:\/\/birimler.atauni.edu.tr\/ormancilik-bolumu\/?page_id=6139"},"modified":"2021-12-11T14:17:23","modified_gmt":"2021-12-11T11:17:23","slug":"yonetimden-mesaj","status":"publish","type":"page","link":"https:\/\/atauni.edu.tr\/ormancilik-bolumu\/yonetimden-mesaj\/","title":{"rendered":"Y\u00f6netimden Mesaj"},"content":{"rendered":"\t\t<div data-elementor-type=\"wp-page\" data-elementor-id=\"6139\" class=\"elementor elementor-6139\" data-elementor-post-type=\"page\">\n\t\t\t\t\t\t<section class=\"elementor-section elementor-top-section elementor-element elementor-element-840ffd2 elementor-section-boxed elementor-section-height-default elementor-section-height-default\" data-id=\"840ffd2\" data-element_type=\"section\">\n\t\t\t\t\t\t<div class=\"elementor-container elementor-column-gap-default\">\n\t\t\t\t\t<div class=\"elementor-column elementor-col-100 elementor-top-column elementor-element elementor-element-86d1a8a\" data-id=\"86d1a8a\" data-element_type=\"column\">\n\t\t\t<div class=\"elementor-widget-wrap elementor-element-populated\">\n\t\t\t\t\t\t<div class=\"elementor-element elementor-element-7328b33 elementor-widget elementor-widget-text-editor\" data-id=\"7328b33\" data-element_type=\"widget\" data-widget_type=\"text-editor.default\">\n\t\t\t\t<div class=\"elementor-widget-container\">\n\t\t\t\t\t\t\t\t\t<p>Sevgili \u00d6\u011frenciler;<\/p><p>\u00a0 \u00a0 \u00a0\u00dclkemizin en k\u00f6kl\u00fc \u00fcniversitelerinden biri olan Atat\u00fcrk \u00dcniversitesi, yeni nesil \u00fcniversite olma yolunda e\u011fitim, ara\u015ft\u0131rma ve topluma katk\u0131 misyonlar\u0131n\u0131 b\u00fct\u00fcnsel olarak ele alan, \u2018Hayat\u0131n hizmetinde, hep ileriye..\u2019 slogan\u0131yla vizyon ve misyonunu belirlemi\u015ftir.<\/p><p>\u00a0 \u00a0 \u00a0Ya\u015fad\u0131\u011f\u0131m\u0131z as\u0131r, ola\u011fan\u00fcst\u00fc de\u011fi\u015fim ve d\u00f6n\u00fc\u015f\u00fcmlerin ger\u00e7ekle\u015fti\u011fi bir \u00e7a\u011fd\u0131r. Bu kapsamda, e\u011fitim- \u00f6\u011fretim yan\u0131nda ilgili sekt\u00f6rler ve payda\u015flarla yak\u0131n i\u015fbirli\u011fi i\u00e7inde olmak temel d\u00fc\u015f\u00fcncemizdir. B\u00f6l\u00fcm\u00fcm\u00fcz \u00f6\u011frencilerine kaliteli bir e\u011fitim verebilmek i\u00e7in, m\u00fcfredat programlar\u0131n\u0131 s\u00fcrekli yenileyerek beklentileri kar\u015f\u0131lamak, ara eleman de\u011fil aran\u0131lan elemanlar yeti\u015ftirmek hedefimizdir.<\/p><p>\u00a0 \u00a0 \u00a0Olduk\u00e7a zengin flora ve faunas\u0131yla, 35 adet endemik bitki t\u00fcr\u00fc bar\u0131nd\u0131ran do\u011fal ormanlar\u0131yla, milli parklar\u0131yla, do\u011fa foto\u011fraf\u00e7\u0131l\u0131\u011f\u0131, rafting, ma\u011fara turizmi, yayla turizmi, av turizmi, olta bal\u0131k\u00e7\u0131l\u0131\u011f\u0131 gibi eko-turizm faaliyetleri ile \u0130spir ve \u00e7evresi ormanc\u0131l\u0131k e\u011fitimine en uygun yerlerden biridir.<\/p><p>\u00a0 \u00a0 \u00a0Sizleri huzurlu, g\u00fcvenli ve insana de\u011fer veren Y\u00fcksekokulumuza davet ediyor, sevgi ve sayg\u0131lar\u0131m\u0131 sunuyorum.<\/p><p>\u00a0<\/p><div>Ormanc\u0131l\u0131k B\u00f6l\u00fcm Ba\u015fkan\u0131<\/div>\t\t\t\t\t\t\t\t<\/div>\n\t\t\t\t<\/div>\n\t\t\t\t\t<\/div>\n\t\t<\/div>\n\t\t\t\t\t<\/div>\n\t\t<\/section>\n\t\t\t\t<\/div>\n\t\t","protected":false},"excerpt":{"rendered":"<p>Sevgili \u00d6\u011frenciler; \u00a0 \u00a0 \u00a0\u00dclkemizin en k\u00f6kl\u00fc \u00fcniversitelerinden biri olan Atat\u00fcrk \u00dcniversitesi, yeni nesil \u00fcniversite olma yolunda e\u011fitim, ara\u015ft\u0131rma ve topluma katk\u0131 misyonlar\u0131n\u0131 b\u00fct\u00fcnsel olarak ele alan, \u2018Hayat\u0131n hizmetinde, hep ileriye..\u2019 slogan\u0131yla vizyon ve misyonunu belirlemi\u015ftir. \u00a0 \u00a0 \u00a0Ya\u015fad\u0131\u011f\u0131m\u0131z as\u0131r, ola\u011fan\u00fcst\u00fc de\u011fi\u015fim ve d\u00f6n\u00fc\u015f\u00fcmlerin ger\u00e7ekle\u015fti\u011fi bir \u00e7a\u011fd\u0131r. Bu kapsamda, e\u011fitim- \u00f6\u011fretim yan\u0131nda ilgili sekt\u00f6rler ve [&hellip;]<\/p>\n","protected":false},"author":416,"featured_media":0,"parent":0,"menu_order":0,"comment_status":"closed","ping_status":"closed","template":"","meta":{"footnotes":""},"class_list":["post-6139","page","type-page","status-publish","hentry"],"_links":{"self":[{"href":"https:\/\/atauni.edu.tr\/ormancilik-bolumu\/wp-json\/wp\/v2\/pages\/6139","targetHints":{"allow":["GET"]}}],"collection":[{"href":"https:\/\/atauni.edu.tr\/ormancilik-bolumu\/wp-json\/wp\/v2\/pages"}],"about":[{"href":"https:\/\/atauni.edu.tr\/ormancilik-bolumu\/wp-json\/wp\/v2\/types\/page"}],"author":[{"embeddable":true,"href":"https:\/\/atauni.edu.tr\/ormancilik-bolumu\/wp-json\/wp\/v2\/users\/416"}],"replies":[{"embeddable":true,"href":"https:\/\/atauni.edu.tr\/ormancilik-bolumu\/wp-json\/wp\/v2\/comments?post=6139"}],"version-history":[{"count":4,"href":"https:\/\/atauni.edu.tr\/ormancilik-bolumu\/wp-json\/wp\/v2\/pages\/6139\/revisions"}],"predecessor-version":[{"id":6144,"href":"https:\/\/atauni.edu.tr\/ormancilik-bolumu\/wp-json\/wp\/v2\/pages\/6139\/revisions\/6144"}],"wp:attachment":[{"href":"https:\/\/atauni.edu.tr\/ormancilik-bolumu\/wp-json\/wp\/v2\/media?parent=6139"}],"curies":[{"name":"wp","href":"https:\/\/api.w.org\/{rel}","templated":true}]}}