{"id":6297,"date":"2022-03-09T15:47:33","date_gmt":"2022-03-09T12:47:33","guid":{"rendered":"https:\/\/birimler.atauni.edu.tr\/orta-dogu-ve-orta-asya-kafkaslar-arastirma-ve-uygulama-merkezi\/?page_id=6297"},"modified":"2023-05-08T14:52:56","modified_gmt":"2023-05-08T11:52:56","slug":"faaliyetler","status":"publish","type":"page","link":"https:\/\/atauni.edu.tr\/orta-dogu-ve-orta-asya-kafkaslar-arastirma-ve-uygulama-merkezi\/faaliyetler\/","title":{"rendered":"Faaliyetler"},"content":{"rendered":"\t\t<div data-elementor-type=\"wp-page\" data-elementor-id=\"6297\" class=\"elementor elementor-6297\" data-elementor-post-type=\"page\">\n\t\t\t\t\t\t<section class=\"elementor-section elementor-top-section elementor-element elementor-element-2ebda33 elementor-section-boxed elementor-section-height-default elementor-section-height-default\" data-id=\"2ebda33\" data-element_type=\"section\">\n\t\t\t\t\t\t<div class=\"elementor-container elementor-column-gap-default\">\n\t\t\t\t\t<div class=\"elementor-column elementor-col-100 elementor-top-column elementor-element elementor-element-550a8f8\" data-id=\"550a8f8\" data-element_type=\"column\">\n\t\t\t<div class=\"elementor-widget-wrap elementor-element-populated\">\n\t\t\t\t\t\t<div class=\"elementor-element elementor-element-a709545 elementor-widget elementor-widget-text-editor\" data-id=\"a709545\" data-element_type=\"widget\" data-widget_type=\"text-editor.default\">\n\t\t\t\t<div class=\"elementor-widget-container\">\n\t\t\t\t\t\t\t\t\t<p><a href=\"https:\/\/birimler.atauni.edu.tr\/orta-dogu-ve-orta-asya-kafkaslar-arastirma-ve-uygulama-merkezi\/2022\/03\/09\/sarikamis-sehitlerini-anma-siir-ve-hikaye-yarismasi-sonuclandi\/\" target=\"_blank\" rel=\"noopener\">Sar\u0131kam\u0131\u015f \u015eehitlerini Anma \u015eiir ve Hikaye Yar\u0131\u015fmas\u0131 Sonu\u00e7land\u0131.<\/a><\/p><p><a href=\"https:\/\/birimler.atauni.edu.tr\/orta-dogu-ve-orta-asya-kafkaslar-arastirma-ve-uygulama-merkezi\/2022\/03\/10\/universitemizde-egitim-gormekte-olan-yabanci-ogrencilere-samsun-gezisi\/\" target=\"_blank\" rel=\"noopener\">\u00dcniversitemizde E\u011fitim G\u00f6rmekte Olan Yabanc\u0131 \u00d6\u011frencilere \u201cSamsun\u201d Gezisi<\/a><\/p><p><a href=\"https:\/\/birimler.atauni.edu.tr\/orta-dogu-ve-orta-asya-kafkaslar-arastirma-ve-uygulama-merkezi\/2022\/03\/10\/yabanci-uyruklu-ogrenciler-ile-bayburt-gezisi\/\" target=\"_blank\" rel=\"noopener\">Yabanc\u0131 Uyruklu \u00d6\u011frenciler \u0130le \u201cBayburt\u201d Gezisi<\/a><\/p><p><a href=\"https:\/\/birimler.atauni.edu.tr\/orta-dogu-ve-orta-asya-kafkaslar-arastirma-ve-uygulama-merkezi\/2022\/03\/10\/yabanci-uyruklu-ve-turkiye-cumhuriyeti-vatandasi-ogrenciler-ile-birlikte-fidan-dikme-etkinligi\/\" target=\"_blank\" rel=\"noopener\">Yabanc\u0131 Uyruklu ve T\u00fcrkiye Cumhuriyeti Vatanda\u015f\u0131 \u00d6\u011frenciler \u0130le Birlikte Fidan Dikme Etkinli\u011fi<\/a><\/p><p><a href=\"https:\/\/birimler.atauni.edu.tr\/orta-dogu-ve-orta-asya-kafkaslar-arastirma-ve-uygulama-merkezi\/2022\/03\/10\/nevruz\/\" target=\"_blank\" rel=\"noopener\">NEVRUZ<\/a><\/p><p><a href=\"https:\/\/birimler.atauni.edu.tr\/orta-dogu-ve-orta-asya-kafkaslar-arastirma-ve-uygulama-merkezi\/2022\/03\/10\/canakkale-sehitleri\/\" target=\"_blank\" rel=\"noopener\">\u00c7anakkale \u015eehitleri<\/a><\/p><p><a href=\"https:\/\/birimler.atauni.edu.tr\/orta-dogu-ve-orta-asya-kafkaslar-arastirma-ve-uygulama-merkezi\/2022\/03\/10\/mehmet-akif-ersoy-milli-mucadele-ve-atfedilen-bir-siir\/\" target=\"_blank\" rel=\"noopener\">\u201cMehmet Akif Ersoy, Milli M\u00fccadele ve Atfedilen Bir \u015eiir\u201d<\/a><\/p><p><a href=\"https:\/\/birimler.atauni.edu.tr\/orta-dogu-ve-orta-asya-kafkaslar-arastirma-ve-uygulama-merkezi\/2022\/03\/10\/hocali-katliami-ve-ermenilerin-unuttuklari\/\" target=\"_blank\" rel=\"noopener\">HOCALI KATL\u0130AMI VE ERMEN\u0130LER\u0130N UNUTTUKLARI\u2026<\/a><\/p><p><a href=\"https:\/\/birimler.atauni.edu.tr\/orta-dogu-ve-orta-asya-kafkaslar-arastirma-ve-uygulama-merkezi\/2022\/03\/10\/ataturk-universitesi-ilk-6-aylik-faaliyetler-dokumu\/\" target=\"_blank\" rel=\"noopener\">ATAT\u00dcRK \u00dcN\u0130VERS\u0130TES\u0130 \u0130LK 6 AYLIK FAAL\u0130YETLER D\u00d6K\u00dcM\u00dc<\/a><\/p><p><a href=\"https:\/\/birimler.atauni.edu.tr\/orta-dogu-ve-orta-asya-kafkaslar-arastirma-ve-uygulama-merkezi\/2022\/03\/10\/multeci-meselesi-kapsaminda-ilgili-kuruluslarla-isbirligi-ve-destek-calismalari-gulen-yuzler-dernegi-resim-yarismasi\/\" target=\"_blank\" rel=\"noopener\">M\u00fclteci meselesi kapsam\u0131nda ilgili kurulu\u015flarla i\u015fbirli\u011fi ve destek \u00e7al\u0131\u015fmalar\u0131 &#8211; Resim Yar\u0131\u015fmas\u0131<\/a><\/p><p><a href=\"https:\/\/birimler.atauni.edu.tr\/orta-dogu-ve-orta-asya-kafkaslar-arastirma-ve-uygulama-merkezi\/2022\/03\/10\/dunya-multecileri-anma-gunu-kapsaminda-gulen-yuzler-derneginin-film-calismasina-destek\/\" target=\"_blank\" rel=\"noopener\">D\u00fcnya M\u00fcltecileri Anma G\u00fcn\u00fc Kapsam\u0131nda K\u0131sa Film \u00c7al\u0131\u015fmas\u0131na Destek<\/a><\/p>\t\t\t\t\t\t\t\t<\/div>\n\t\t\t\t<\/div>\n\t\t\t\t\t<\/div>\n\t\t<\/div>\n\t\t\t\t\t<\/div>\n\t\t<\/section>\n\t\t\t\t<\/div>\n\t\t","protected":false},"excerpt":{"rendered":"<p>Sar\u0131kam\u0131\u015f \u015eehitlerini Anma \u015eiir ve Hikaye Yar\u0131\u015fmas\u0131 Sonu\u00e7land\u0131. \u00dcniversitemizde E\u011fitim G\u00f6rmekte Olan Yabanc\u0131 \u00d6\u011frencilere \u201cSamsun\u201d Gezisi Yabanc\u0131 Uyruklu \u00d6\u011frenciler \u0130le \u201cBayburt\u201d Gezisi Yabanc\u0131 Uyruklu ve T\u00fcrkiye Cumhuriyeti Vatanda\u015f\u0131 \u00d6\u011frenciler \u0130le Birlikte Fidan Dikme Etkinli\u011fi NEVRUZ \u00c7anakkale \u015eehitleri \u201cMehmet Akif Ersoy, Milli M\u00fccadele ve Atfedilen Bir \u015eiir\u201d HOCALI KATL\u0130AMI VE ERMEN\u0130LER\u0130N UNUTTUKLARI\u2026 ATAT\u00dcRK \u00dcN\u0130VERS\u0130TES\u0130 \u0130LK 6 [&hellip;]<\/p>\n","protected":false},"author":8,"featured_media":0,"parent":0,"menu_order":0,"comment_status":"closed","ping_status":"closed","template":"","meta":{"footnotes":""},"class_list":["post-6297","page","type-page","status-publish","hentry"],"_links":{"self":[{"href":"https:\/\/atauni.edu.tr\/orta-dogu-ve-orta-asya-kafkaslar-arastirma-ve-uygulama-merkezi\/wp-json\/wp\/v2\/pages\/6297","targetHints":{"allow":["GET"]}}],"collection":[{"href":"https:\/\/atauni.edu.tr\/orta-dogu-ve-orta-asya-kafkaslar-arastirma-ve-uygulama-merkezi\/wp-json\/wp\/v2\/pages"}],"about":[{"href":"https:\/\/atauni.edu.tr\/orta-dogu-ve-orta-asya-kafkaslar-arastirma-ve-uygulama-merkezi\/wp-json\/wp\/v2\/types\/page"}],"author":[{"embeddable":true,"href":"https:\/\/atauni.edu.tr\/orta-dogu-ve-orta-asya-kafkaslar-arastirma-ve-uygulama-merkezi\/wp-json\/wp\/v2\/users\/8"}],"replies":[{"embeddable":true,"href":"https:\/\/atauni.edu.tr\/orta-dogu-ve-orta-asya-kafkaslar-arastirma-ve-uygulama-merkezi\/wp-json\/wp\/v2\/comments?post=6297"}],"version-history":[{"count":34,"href":"https:\/\/atauni.edu.tr\/orta-dogu-ve-orta-asya-kafkaslar-arastirma-ve-uygulama-merkezi\/wp-json\/wp\/v2\/pages\/6297\/revisions"}],"predecessor-version":[{"id":6655,"href":"https:\/\/atauni.edu.tr\/orta-dogu-ve-orta-asya-kafkaslar-arastirma-ve-uygulama-merkezi\/wp-json\/wp\/v2\/pages\/6297\/revisions\/6655"}],"wp:attachment":[{"href":"https:\/\/atauni.edu.tr\/orta-dogu-ve-orta-asya-kafkaslar-arastirma-ve-uygulama-merkezi\/wp-json\/wp\/v2\/media?parent=6297"}],"curies":[{"name":"wp","href":"https:\/\/api.w.org\/{rel}","templated":true}]}}