{"id":5638,"date":"2021-07-13T09:49:25","date_gmt":"2021-07-13T06:49:25","guid":{"rendered":"https:\/\/portaltest.atauni.edu.tr\/bilgisayar-muhendisligi\/?page_id=5638"},"modified":"2022-05-24T14:44:16","modified_gmt":"2022-05-24T11:44:16","slug":"tarihce","status":"publish","type":"page","link":"https:\/\/atauni.edu.tr\/orta-ogretim-sosyal-alanlar-egitimi-bolumu\/tarihce\/","title":{"rendered":"Tarih\u00e7e"},"content":{"rendered":"\t\t<div data-elementor-type=\"wp-page\" data-elementor-id=\"5638\" class=\"elementor elementor-5638\" data-elementor-post-type=\"page\">\n\t\t\t\t\t\t<section class=\"elementor-section elementor-top-section elementor-element elementor-element-730d320 elementor-section-boxed elementor-section-height-default elementor-section-height-default\" data-id=\"730d320\" data-element_type=\"section\">\n\t\t\t\t\t\t<div class=\"elementor-container elementor-column-gap-default\">\n\t\t\t\t\t<div class=\"elementor-column elementor-col-100 elementor-top-column elementor-element elementor-element-753d0860\" data-id=\"753d0860\" data-element_type=\"column\">\n\t\t\t<div class=\"elementor-widget-wrap\">\n\t\t\t\t\t\t\t<\/div>\n\t\t<\/div>\n\t\t\t\t\t<\/div>\n\t\t<\/section>\n\t\t\t\t<section class=\"elementor-section elementor-top-section elementor-element elementor-element-9be811a elementor-section-boxed elementor-section-height-default elementor-section-height-default\" data-id=\"9be811a\" data-element_type=\"section\">\n\t\t\t\t\t\t<div class=\"elementor-container elementor-column-gap-default\">\n\t\t\t\t\t<div class=\"elementor-column elementor-col-100 elementor-top-column elementor-element elementor-element-1ed847b7\" data-id=\"1ed847b7\" data-element_type=\"column\">\n\t\t\t<div class=\"elementor-widget-wrap elementor-element-populated\">\n\t\t\t\t\t\t<div class=\"elementor-element elementor-element-4ce0d07f elementor-widget elementor-widget-heading\" data-id=\"4ce0d07f\" data-element_type=\"widget\" data-widget_type=\"heading.default\">\n\t\t\t\t<div class=\"elementor-widget-container\">\n\t\t\t\t\t<h2 class=\"elementor-heading-title elementor-size-default\">Tarih\u00e7e<\/h2>\t\t\t\t<\/div>\n\t\t\t\t<\/div>\n\t\t\t\t<div class=\"elementor-element elementor-element-63260862 elementor-widget-divider--view-line elementor-widget elementor-widget-divider\" data-id=\"63260862\" data-element_type=\"widget\" data-widget_type=\"divider.default\">\n\t\t\t\t<div class=\"elementor-widget-container\">\n\t\t\t\t\t\t\t<div class=\"elementor-divider\">\n\t\t\t<span class=\"elementor-divider-separator\">\n\t\t\t\t\t\t<\/span>\n\t\t<\/div>\n\t\t\t\t\t\t<\/div>\n\t\t\t\t<\/div>\n\t\t\t\t\t<\/div>\n\t\t<\/div>\n\t\t\t\t\t<\/div>\n\t\t<\/section>\n\t\t\t\t<section class=\"elementor-section elementor-top-section elementor-element elementor-element-681db8b elementor-section-boxed elementor-section-height-default elementor-section-height-default\" data-id=\"681db8b\" data-element_type=\"section\">\n\t\t\t\t\t\t<div class=\"elementor-container elementor-column-gap-default\">\n\t\t\t\t\t<div class=\"elementor-column elementor-col-100 elementor-top-column elementor-element elementor-element-ad4dac5\" data-id=\"ad4dac5\" data-element_type=\"column\">\n\t\t\t<div class=\"elementor-widget-wrap elementor-element-populated\">\n\t\t\t\t\t\t<div class=\"elementor-element elementor-element-2f96b3d elementor-widget elementor-widget-text-editor\" data-id=\"2f96b3d\" data-element_type=\"widget\" data-widget_type=\"text-editor.default\">\n\t\t\t\t<div class=\"elementor-widget-container\">\n\t\t\t\t\t\t\t\t\t<p>T\u00fcrk\u00e7e ve Sosyal Bilimler E\u011fitimi B\u00f6l\u00fcm\u00fc uzun bir tarihe ve e\u011fitim tecr\u00fcbesine sahiptir. \u00a0B\u00f6l\u00fcm\u00fcm\u00fcz\u00fcn ilk \u00e7ekirde\u011fini olu\u015fturan Sosyal Bilimler ve T\u00fcrk\u00e7e E\u011fitimi 1961 y\u0131l\u0131nda MEB\u2019e ba\u011fl\u0131 olarak kurulan Kaz\u0131m Karabekir E\u011fitim Enstit\u00fcs\u00fc\u2019n\u00fcn ilk programlar\u0131 aras\u0131nda yer alm\u0131\u015ft\u0131r.<\/p><p>Enstit\u00fc, 1979 y\u0131l\u0131nda 4 y\u0131ll\u0131k Kaz\u0131m Karabekir Y\u00fcksek \u00d6\u011fretmen Okulu\u2019na d\u00f6n\u00fc\u015ft\u00fcr\u00fclm\u00fc\u015f ve b\u00f6ylece e\u011fitim s\u00fcresi 3 y\u0131ldan 4 y\u0131la \u00e7\u0131kar\u0131lm\u0131\u015ft\u0131r.<\/p><p>Kaz\u0131m Karabekir E\u011fitim Enstit\u00fcs\u00fcnde 1979\u2019dan \u00f6nce T\u00fcrk\u00e7e, Tarih ve Co\u011frafya \u00f6\u011fretmenlikleri programlar\u0131 a\u00e7\u0131k olup ortaokula \u00f6\u011fretmen yeti\u015ftiriliyordu.<\/p><p>1979\u2019dan sonra 4 y\u0131ll\u0131k \u00f6\u011frenim s\u00fcresi ile MEB\u2019e ba\u011fl\u0131 Kaz\u0131m Karabekir Y\u00fcksek \u00d6\u011fretmen Okulu kurularak yeni bir d\u00fczenlemeye gidilmi\u015ftir. Bu y\u0131ldan itibaren B\u00f6l\u00fcm\u00fcm\u00fcz\u00fcn \u00e7ekirde\u011fini olu\u015fturan Sosyal Bilgiler (Co\u011frafya ve Tarih) yan\u0131nda, T\u00fcrk\u00e7e yerine T\u00fcrk Dili ve Edebiyat\u0131 \u00d6\u011fretmenli\u011fi Program\u0131 kurulmu\u015ftur.<\/p><p>20 Temmuz 1982 tarihinde Y\u00d6K\u2019e ba\u011fl\u0131 olarak Atat\u00fcrk \u00dcniversitesi b\u00fcnyesinde Kaz\u0131m Karabekir E\u011fitim Fak\u00fcltesi kuruldu. Bu fak\u00fcltenin Sosyal Bilgiler E\u011fitimi (Co\u011frafya ve Tarih) ile T\u00fcrk Dili ve Edebiyat\u0131 b\u00f6l\u00fcmleri \u00f6\u011fretmen yeti\u015ftirmeye devam ediyorlard\u0131.<\/p><p>1991 y\u0131l\u0131nda Sosyal Bilgiler E\u011fitimi B\u00f6l\u00fcm\u00fc b\u00fcnyesinde Felsefe Grubu E\u011fitimi Anabilim Dal\u0131 kuruldu.<\/p><p>1994 y\u0131l\u0131nda Co\u011frafya, Felsefe Grubu ve Tarih E\u011fitimi Anabilim Dallar\u0131 b\u00f6l\u00fcm stat\u00fcs\u00fc kazanm\u0131\u015flard\u0131.<\/p><p>1997 y\u0131l\u0131nda Y\u00d6K karar\u0131 ile Co\u011frafya E\u011fitimi, Felsefe Grubu E\u011fitimi, Tarih E\u011fitimi ve T\u00fcrk Dili ve Edebiyat\u0131 E\u011fitimi programlar\u0131 birle\u015ftirilerek Orta\u00f6\u011fretim Sosyal Alanlar E\u011fitimi B\u00f6l\u00fcm\u00fc olu\u015fturuldu. Daha \u00f6nce b\u00f6l\u00fcm olan bu programlar Anabilim Dal\u0131 stat\u00fcs\u00fcne indirilmi\u015ftir.<\/p><p>Ayn\u0131 y\u0131l ortaokullara \u00f6\u011fretmen yeti\u015ftirilmek \u00fczere Sosyal Bilgiler E\u011fitimi Anabilim Dal\u0131 (yeni olu\u015fturulan \u0130lk\u00f6\u011fretim B\u00f6l\u00fcm\u00fc\u2019ne ba\u011fl\u0131 olarak) ve T\u00fcrk\u00e7e E\u011fitimi B\u00f6l\u00fcm\u00fc kurulmu\u015ftur.<\/p><p>2016 y\u0131l\u0131nda Y\u00d6K taraf\u0131ndan yap\u0131lan yeni d\u00fczenleme ile Co\u011frafya E\u011fitimi Ana Bilim Dal\u0131, Felsefe Grubu E\u011fitimi Ana Bilim Dal\u0131, Tarih E\u011fitimi Ana Bilim Dal\u0131 ile T\u00fcrk Dili ve Edebiyat\u0131 E\u011fitimi Ana Bilim Dal\u0131, Sosyal Bilgiler E\u011fitimi Ana Bilim Dal\u0131 ve T\u00fcrk\u00e7e E\u011fitimi B\u00f6l\u00fcm\u00fc yeni kurulan Sosyal Bilimler ve T\u00fcrk\u00e7e E\u011fitimi B\u00f6l\u00fcm\u00fc\u2019ne ba\u011flanm\u0131\u015flard\u0131r.<\/p><p>2017 y\u0131l\u0131nda ise yine Y\u00d6K\u2019te al\u0131nan bir kararla b\u00f6l\u00fcm ad\u0131 T\u00fcrk\u00e7e ve Sosyal Bilimler E\u011fitimi B\u00f6l\u00fcm\u00fc olarak de\u011fi\u015ftirilmi\u015ftir.<\/p><p>Halen T\u00fcrk\u00e7e ve Sosyal Bilimler E\u011fitimi B\u00f6l\u00fcm\u00fc Co\u011frafya E\u011fitimi, Felsefe Grubu E\u011fitimi, Tarih E\u011fitimi, Sosyal Bilgiler E\u011fitimi, T\u00fcrk Dili ve Edebiyat\u0131 E\u011fitimi ve T\u00fcrk\u00e7e E\u011fitimi anabilim dallar\u0131ndan olu\u015fmaktad\u0131r ve b\u00fct\u00fcn bu anabilim dallar\u0131na lisans \u00f6\u011frencisi al\u0131nmaktad\u0131r.<\/p>\t\t\t\t\t\t\t\t<\/div>\n\t\t\t\t<\/div>\n\t\t\t\t\t<\/div>\n\t\t<\/div>\n\t\t\t\t\t<\/div>\n\t\t<\/section>\n\t\t\t\t<\/div>\n\t\t","protected":false},"excerpt":{"rendered":"<p>Tarih\u00e7e T\u00fcrk\u00e7e ve Sosyal Bilimler E\u011fitimi B\u00f6l\u00fcm\u00fc uzun bir tarihe ve e\u011fitim tecr\u00fcbesine sahiptir. \u00a0B\u00f6l\u00fcm\u00fcm\u00fcz\u00fcn ilk \u00e7ekirde\u011fini olu\u015fturan Sosyal Bilimler ve T\u00fcrk\u00e7e E\u011fitimi 1961 y\u0131l\u0131nda MEB\u2019e ba\u011fl\u0131 olarak kurulan Kaz\u0131m Karabekir E\u011fitim Enstit\u00fcs\u00fc\u2019n\u00fcn ilk programlar\u0131 aras\u0131nda yer alm\u0131\u015ft\u0131r. Enstit\u00fc, 1979 y\u0131l\u0131nda 4 y\u0131ll\u0131k Kaz\u0131m Karabekir Y\u00fcksek \u00d6\u011fretmen Okulu\u2019na d\u00f6n\u00fc\u015ft\u00fcr\u00fclm\u00fc\u015f ve b\u00f6ylece e\u011fitim s\u00fcresi 3 y\u0131ldan [&hellip;]<\/p>\n","protected":false},"author":1,"featured_media":0,"parent":0,"menu_order":0,"comment_status":"closed","ping_status":"closed","template":"","meta":{"footnotes":""},"class_list":["post-5638","page","type-page","status-publish","hentry"],"_links":{"self":[{"href":"https:\/\/atauni.edu.tr\/orta-ogretim-sosyal-alanlar-egitimi-bolumu\/wp-json\/wp\/v2\/pages\/5638","targetHints":{"allow":["GET"]}}],"collection":[{"href":"https:\/\/atauni.edu.tr\/orta-ogretim-sosyal-alanlar-egitimi-bolumu\/wp-json\/wp\/v2\/pages"}],"about":[{"href":"https:\/\/atauni.edu.tr\/orta-ogretim-sosyal-alanlar-egitimi-bolumu\/wp-json\/wp\/v2\/types\/page"}],"author":[{"embeddable":true,"href":"https:\/\/atauni.edu.tr\/orta-ogretim-sosyal-alanlar-egitimi-bolumu\/wp-json\/wp\/v2\/users\/1"}],"replies":[{"embeddable":true,"href":"https:\/\/atauni.edu.tr\/orta-ogretim-sosyal-alanlar-egitimi-bolumu\/wp-json\/wp\/v2\/comments?post=5638"}],"version-history":[{"count":34,"href":"https:\/\/atauni.edu.tr\/orta-ogretim-sosyal-alanlar-egitimi-bolumu\/wp-json\/wp\/v2\/pages\/5638\/revisions"}],"predecessor-version":[{"id":6209,"href":"https:\/\/atauni.edu.tr\/orta-ogretim-sosyal-alanlar-egitimi-bolumu\/wp-json\/wp\/v2\/pages\/5638\/revisions\/6209"}],"wp:attachment":[{"href":"https:\/\/atauni.edu.tr\/orta-ogretim-sosyal-alanlar-egitimi-bolumu\/wp-json\/wp\/v2\/media?parent=5638"}],"curies":[{"name":"wp","href":"https:\/\/api.w.org\/{rel}","templated":true}]}}