{"id":5638,"date":"2021-07-13T09:49:25","date_gmt":"2021-07-13T06:49:25","guid":{"rendered":"https:\/\/portaltest.atauni.edu.tr\/bilgisayar-muhendisligi\/?page_id=5638"},"modified":"2022-01-06T23:04:50","modified_gmt":"2022-01-06T20:04:50","slug":"tarihce","status":"publish","type":"page","link":"https:\/\/atauni.edu.tr\/ozel-kalem-mudurlugu\/tarihce\/","title":{"rendered":"Tarih\u00e7e"},"content":{"rendered":"\t\t<div data-elementor-type=\"wp-page\" data-elementor-id=\"5638\" class=\"elementor elementor-5638\" data-elementor-post-type=\"page\">\n\t\t\t\t\t\t<section class=\"elementor-section elementor-top-section elementor-element elementor-element-730d320 elementor-section-boxed elementor-section-height-default elementor-section-height-default\" data-id=\"730d320\" data-element_type=\"section\">\n\t\t\t\t\t\t<div class=\"elementor-container elementor-column-gap-default\">\n\t\t\t\t\t<div class=\"elementor-column elementor-col-100 elementor-top-column elementor-element elementor-element-753d0860\" data-id=\"753d0860\" data-element_type=\"column\">\n\t\t\t<div class=\"elementor-widget-wrap\">\n\t\t\t\t\t\t\t<\/div>\n\t\t<\/div>\n\t\t\t\t\t<\/div>\n\t\t<\/section>\n\t\t\t\t<section class=\"elementor-section elementor-top-section elementor-element elementor-element-9be811a elementor-section-boxed elementor-section-height-default elementor-section-height-default\" data-id=\"9be811a\" data-element_type=\"section\">\n\t\t\t\t\t\t<div class=\"elementor-container elementor-column-gap-default\">\n\t\t\t\t\t<div class=\"elementor-column elementor-col-100 elementor-top-column elementor-element elementor-element-1ed847b7\" data-id=\"1ed847b7\" data-element_type=\"column\">\n\t\t\t<div class=\"elementor-widget-wrap elementor-element-populated\">\n\t\t\t\t\t\t<div class=\"elementor-element elementor-element-4ce0d07f elementor-widget elementor-widget-heading\" data-id=\"4ce0d07f\" data-element_type=\"widget\" data-widget_type=\"heading.default\">\n\t\t\t\t<div class=\"elementor-widget-container\">\n\t\t\t\t\t<h2 class=\"elementor-heading-title elementor-size-default\">Hakk\u0131m\u0131zda<\/h2>\t\t\t\t<\/div>\n\t\t\t\t<\/div>\n\t\t\t\t<div class=\"elementor-element elementor-element-63260862 elementor-widget-divider--view-line elementor-widget elementor-widget-divider\" data-id=\"63260862\" data-element_type=\"widget\" data-widget_type=\"divider.default\">\n\t\t\t\t<div class=\"elementor-widget-container\">\n\t\t\t\t\t\t\t<div class=\"elementor-divider\">\n\t\t\t<span class=\"elementor-divider-separator\">\n\t\t\t\t\t\t<\/span>\n\t\t<\/div>\n\t\t\t\t\t\t<\/div>\n\t\t\t\t<\/div>\n\t\t\t\t\t<\/div>\n\t\t<\/div>\n\t\t\t\t\t<\/div>\n\t\t<\/section>\n\t\t\t\t<section class=\"elementor-section elementor-top-section elementor-element elementor-element-681db8b elementor-section-boxed elementor-section-height-default elementor-section-height-default\" data-id=\"681db8b\" data-element_type=\"section\">\n\t\t\t\t\t\t<div class=\"elementor-container elementor-column-gap-default\">\n\t\t\t\t\t<div class=\"elementor-column elementor-col-100 elementor-top-column elementor-element elementor-element-ad4dac5\" data-id=\"ad4dac5\" data-element_type=\"column\">\n\t\t\t<div class=\"elementor-widget-wrap elementor-element-populated\">\n\t\t\t\t\t\t<div class=\"elementor-element elementor-element-2f96b3d elementor-widget elementor-widget-text-editor\" data-id=\"2f96b3d\" data-element_type=\"widget\" data-widget_type=\"text-editor.default\">\n\t\t\t\t<div class=\"elementor-widget-container\">\n\t\t\t\t\t\t\t\t\t<ul style=\"font-family: SSS, sans-serif;color: #000000;font-size: 12px;text-align: start\">\n<li><b><u>G\u00d6REV ve SORUMLULUKLAR<\/u><\/b><\/li>\n<li>Rekt\u00f6rl\u00fck Makam\u0131n\u0131n etkin ve verimli \u00e7al\u0131\u015fabilece\u011fi ortam\u0131 sa\u011flamak, verilen talimatlar do\u011frultusunda g\u00fcnl\u00fck \u00e7al\u0131\u015fma program\u0131n\u0131 haz\u0131rlamak, yapacaklar\u0131 g\u00f6r\u00fc\u015fmeleri d\u00fczenlemek, yurt i\u00e7i ve yurt d\u0131\u015f\u0131 g\u00f6revlerini organize etmek, temsil ve protokol hizmetlerinin y\u00fcr\u00fct\u00fclmesini sa\u011flamak,<\/li>\n<li>Makam\u0131n i\u015f ve i\u015flemlerini y\u00fcr\u00fctmek, emir ve talimatlar\u0131n\u0131 ilgililere duyurmak, takip etmek, istenilen bilgi ve belgeleri kurum i\u00e7i ve kurum d\u0131\u015f\u0131ndan zaman\u0131nda temin ederek Makama sunmak,<\/li>\n<li>Rekt\u00f6rl\u00fck Makam\u0131n\u0131n t\u00fcm telefon g\u00f6r\u00fc\u015fmelerini sa\u011flamak ve randevu taleplerini iletmek,<\/li>\n<li>Rekt\u00f6rl\u00fck Makam\u0131n\u0131n emirleri do\u011frultusunda birimlerin \u00e7al\u0131\u015fmalar\u0131n\u0131n izlenmesi ve takibini yapmak.,<\/li>\n<li>Makama imza i\u00e7in sunulan yaz\u0131lar\u0131, yaz\u0131\u015fma kurallar\u0131 a\u00e7\u0131s\u0131ndan kontrol etmek, varsa gerekli d\u00fczeltmelerin yap\u0131lmas\u0131n\u0131 ve imzalanan, havale edilen ya da i\u015fi bitenlerin ilgili yerlere g\u00f6nderilmesini sa\u011flamak,<\/li>\n<li>Makamca istenilen ya da Makama sunulan konularla ilgili ara\u015ft\u0131rma ve incelemeleri yapmak, tamamlay\u0131c\u0131 bilgi ve belgeleri sa\u011flamak,<\/li>\n<li>\u00d6zel Kalem Birimi ile ilgili konularda kurum i\u00e7i rutin yaz\u0131\u015fmalar\u0131 yapmak; kay\u0131t, havale, dosyalama ve takip i\u015fleri ile Makam\u0131n tebrik, te\u015fekk\u00fcr, ba\u015fsa\u011fl\u0131\u011f\u0131 vb. yaz\u0131\u015fmalar\u0131n\u0131 y\u00fcr\u00fctmek,<\/li>\n<li>\u00d6zel Kalem Birimine ait birim faaliyet raporunu haz\u0131rlamak,<\/li>\n<li>\u00d6zel Kalem M\u00fcd\u00fcr\u00fcnce \u00f6zel kalem biriminde \u00e7al\u0131\u015fan personelin g\u00f6rev da\u011f\u0131l\u0131m\u0131n\u0131 yapmak, kontrol etmek, \u00e7al\u0131\u015fmalar\u0131n\u0131 d\u00fczenlemek, personelin i\u015f veriminin artt\u0131r\u0131lmas\u0131, e\u011fitimi, ve yeti\u015ftirilmesi i\u00e7in gerekli \u00e7al\u0131\u015fmalar\u0131 yapmak,<\/li>\n<li>\u00d6zel Kalem Biriminin ar\u015fivinin tertip ve d\u00fczenini sa\u011flamak, saklanmas\u0131 gereken her t\u00fcrl\u00fc yaz\u0131 ve gizli evrak\u0131n d\u00fczenli bir \u015fekilde dosyalanmas\u0131n\u0131, ar\u015fivlenmesini sa\u011flamak,<\/li>\n<li>Makam taraf\u0131ndan verilecek di\u011fer i\u015fleri yapmak.<\/li>\n<\/ul>\t\t\t\t\t\t\t\t<\/div>\n\t\t\t\t<\/div>\n\t\t\t\t\t<\/div>\n\t\t<\/div>\n\t\t\t\t\t<\/div>\n\t\t<\/section>\n\t\t\t\t<\/div>\n\t\t","protected":false},"excerpt":{"rendered":"<p>Hakk\u0131m\u0131zda G\u00d6REV ve SORUMLULUKLAR Rekt\u00f6rl\u00fck Makam\u0131n\u0131n etkin ve verimli \u00e7al\u0131\u015fabilece\u011fi ortam\u0131 sa\u011flamak, verilen talimatlar do\u011frultusunda g\u00fcnl\u00fck \u00e7al\u0131\u015fma program\u0131n\u0131 haz\u0131rlamak, yapacaklar\u0131 g\u00f6r\u00fc\u015fmeleri d\u00fczenlemek, yurt i\u00e7i ve yurt d\u0131\u015f\u0131 g\u00f6revlerini organize etmek, temsil ve protokol hizmetlerinin y\u00fcr\u00fct\u00fclmesini sa\u011flamak, Makam\u0131n i\u015f ve i\u015flemlerini y\u00fcr\u00fctmek, emir ve talimatlar\u0131n\u0131 ilgililere duyurmak, takip etmek, istenilen bilgi ve belgeleri kurum i\u00e7i ve [&hellip;]<\/p>\n","protected":false},"author":1,"featured_media":0,"parent":0,"menu_order":0,"comment_status":"closed","ping_status":"closed","template":"","meta":{"footnotes":""},"class_list":["post-5638","page","type-page","status-publish","hentry"],"_links":{"self":[{"href":"https:\/\/atauni.edu.tr\/ozel-kalem-mudurlugu\/wp-json\/wp\/v2\/pages\/5638","targetHints":{"allow":["GET"]}}],"collection":[{"href":"https:\/\/atauni.edu.tr\/ozel-kalem-mudurlugu\/wp-json\/wp\/v2\/pages"}],"about":[{"href":"https:\/\/atauni.edu.tr\/ozel-kalem-mudurlugu\/wp-json\/wp\/v2\/types\/page"}],"author":[{"embeddable":true,"href":"https:\/\/atauni.edu.tr\/ozel-kalem-mudurlugu\/wp-json\/wp\/v2\/users\/1"}],"replies":[{"embeddable":true,"href":"https:\/\/atauni.edu.tr\/ozel-kalem-mudurlugu\/wp-json\/wp\/v2\/comments?post=5638"}],"version-history":[{"count":25,"href":"https:\/\/atauni.edu.tr\/ozel-kalem-mudurlugu\/wp-json\/wp\/v2\/pages\/5638\/revisions"}],"predecessor-version":[{"id":6170,"href":"https:\/\/atauni.edu.tr\/ozel-kalem-mudurlugu\/wp-json\/wp\/v2\/pages\/5638\/revisions\/6170"}],"wp:attachment":[{"href":"https:\/\/atauni.edu.tr\/ozel-kalem-mudurlugu\/wp-json\/wp\/v2\/media?parent=5638"}],"curies":[{"name":"wp","href":"https:\/\/api.w.org\/{rel}","templated":true}]}}