{"id":5682,"date":"2021-07-13T10:10:01","date_gmt":"2021-07-13T07:10:01","guid":{"rendered":"https:\/\/portaltest.atauni.edu.tr\/bilgisayar-muhendisligi\/?page_id=5682"},"modified":"2022-08-05T16:16:48","modified_gmt":"2022-08-05T13:16:48","slug":"misyon-vizyon-ve-temel-degerler","status":"publish","type":"page","link":"https:\/\/atauni.edu.tr\/pasinler-meslek-yuksekokulu\/misyon-vizyon-ve-temel-degerler\/","title":{"rendered":"Misyon, Vizyon ve Temel De\u011ferler"},"content":{"rendered":"\t\t<div data-elementor-type=\"wp-page\" data-elementor-id=\"5682\" class=\"elementor elementor-5682\" data-elementor-post-type=\"page\">\n\t\t\t\t\t\t<section class=\"elementor-section elementor-top-section elementor-element elementor-element-730d320 elementor-section-boxed elementor-section-height-default elementor-section-height-default\" data-id=\"730d320\" data-element_type=\"section\">\n\t\t\t\t\t\t<div class=\"elementor-container elementor-column-gap-default\">\n\t\t\t\t\t<div class=\"elementor-column elementor-col-100 elementor-top-column elementor-element elementor-element-753d0860\" data-id=\"753d0860\" data-element_type=\"column\">\n\t\t\t<div class=\"elementor-widget-wrap\">\n\t\t\t\t\t\t\t<\/div>\n\t\t<\/div>\n\t\t\t\t\t<\/div>\n\t\t<\/section>\n\t\t\t\t<section class=\"elementor-section elementor-top-section elementor-element elementor-element-9be811a elementor-section-boxed elementor-section-height-default elementor-section-height-default\" data-id=\"9be811a\" data-element_type=\"section\">\n\t\t\t\t\t\t<div class=\"elementor-container elementor-column-gap-default\">\n\t\t\t\t\t<div class=\"elementor-column elementor-col-100 elementor-top-column elementor-element elementor-element-1ed847b7\" data-id=\"1ed847b7\" data-element_type=\"column\">\n\t\t\t<div class=\"elementor-widget-wrap elementor-element-populated\">\n\t\t\t\t\t\t<div class=\"elementor-element elementor-element-4ce0d07f elementor-widget elementor-widget-heading\" data-id=\"4ce0d07f\" data-element_type=\"widget\" data-widget_type=\"heading.default\">\n\t\t\t\t<div class=\"elementor-widget-container\">\n\t\t\t\t\t<h2 class=\"elementor-heading-title elementor-size-default\">Misyon, Vizyon ve Temel De\u011ferler<\/h2>\t\t\t\t<\/div>\n\t\t\t\t<\/div>\n\t\t\t\t<div class=\"elementor-element elementor-element-63260862 elementor-widget-divider--view-line elementor-widget elementor-widget-divider\" data-id=\"63260862\" data-element_type=\"widget\" data-widget_type=\"divider.default\">\n\t\t\t\t<div class=\"elementor-widget-container\">\n\t\t\t\t\t\t\t<div class=\"elementor-divider\">\n\t\t\t<span class=\"elementor-divider-separator\">\n\t\t\t\t\t\t<\/span>\n\t\t<\/div>\n\t\t\t\t\t\t<\/div>\n\t\t\t\t<\/div>\n\t\t\t\t\t<\/div>\n\t\t<\/div>\n\t\t\t\t\t<\/div>\n\t\t<\/section>\n\t\t\t\t<section class=\"elementor-section elementor-top-section elementor-element elementor-element-681db8b elementor-section-boxed elementor-section-height-default elementor-section-height-default\" data-id=\"681db8b\" data-element_type=\"section\">\n\t\t\t\t\t\t<div class=\"elementor-container elementor-column-gap-default\">\n\t\t\t\t\t<div class=\"elementor-column elementor-col-100 elementor-top-column elementor-element elementor-element-ad4dac5\" data-id=\"ad4dac5\" data-element_type=\"column\">\n\t\t\t<div class=\"elementor-widget-wrap elementor-element-populated\">\n\t\t\t\t\t\t<div class=\"elementor-element elementor-element-2f96b3d elementor-widget elementor-widget-text-editor\" data-id=\"2f96b3d\" data-element_type=\"widget\" data-widget_type=\"text-editor.default\">\n\t\t\t\t<div class=\"elementor-widget-container\">\n\t\t\t\t\t\t\t\t\t<div><h2>Vizyon<\/h2><p><em>G\u00fcvenli bir \u00f6\u011frenme ortam\u0131nda, \u00a0b\u00fct\u00fcnle\u015fik akademik ve mesleki teknik becerileri kazand\u0131rmak, s\u00fcrekli de\u011fi\u015fen \u00a0k\u00fcresel bir toplumda uluslararas\u0131 standartlarda e\u011fitim, \u00e7e\u015fitli kariyer \u00a0f\u0131rsatlar\u0131 ve bireysel ba\u015far\u0131lara ula\u015fmak i\u00e7in her \u00f6\u011frenciye imk\u00e2n vermek.\u00a0<\/em><\/p><\/div><div><h2>Misyon<\/h2><p style=\"margin-bottom: 10px\"><em>\u0130nsan hak ve \u00f6zg\u00fcrl\u00fcklerine sayg\u0131l\u0131, do\u011faya, \u00fclke ve d\u00fcnya sorunlar\u0131na \u00a0duyarl\u0131, Atat\u00fcrk ilkelerine ba\u011fl\u0131, kamu yarar\u0131n\u0131 g\u00f6zeten, hedefleri olan, \u00a0mesle\u011finde uzman, inisiyatif sahibi, farkl\u0131 k\u00fclt\u00fcr ve anlay\u0131\u015ftaki insanlarla \u00a0ileti\u015fim kurabilen, \u00f6\u011frenmeyi \u00f6\u011frenmi\u015f, bilimsel anlay\u0131\u015fl\u0131, ara\u015ft\u0131rmac\u0131 ve \u00a0sorgulay\u0131c\u0131, \u00f6zg\u00fcr ve ele\u015ftirel d\u00fc\u015f\u00fcnen ve d\u00fc\u015f\u00fcncelerini uygar bir \u015fekilde \u00a0ifade edebilen, b\u00f6lgesel kalk\u0131nmaya katk\u0131da bulunacak \u00a0nitelikli insan \u00a0g\u00fcc\u00fc yeti\u015ftirmek.\u00a0<\/em><\/p><h2>Hedef<\/h2><p style=\"margin-bottom: 10px\"><em>Mesleki Teknik E\u011fitimde toplumun ve i\u015f d\u00fcnyas\u0131n\u0131n ihtiya\u00e7, istek ve \u00a0beklentilerini s\u00fcrekli kar\u015f\u0131layacak \u015fekilde kurumun geli\u015fmesini sa\u011flamak, \u00a0mezunlara yerel, ulusal ve uluslararas\u0131 ortamlarda istihdam edilebilme \u00a0niteliklerini kazand\u0131rmak, uluslararas\u0131 birikimin \u00fclkeye aktar\u0131lmas\u0131na katk\u0131da \u00a0bulunmak, mesleki ve teknik y\u00fcksek\u00f6\u011fretim ba\u015fta olmak \u00fczere ulusal politikalar\u0131 \u00a0ve stratejilerinin olu\u015fturulmas\u0131nda etkin rol almakt\u0131r. Meslek alan\u0131nda \u00a0end\u00fcstrinin istedi\u011fi bilgi ve beceriye sahip \u00fcst\u00fcn nitelikli eleman ihtiyac\u0131n\u0131 \u00a0kar\u015f\u0131layan, mesleki e\u011fitim ve uygulama alanlar\u0131nda bilimsel ara\u015ft\u0131rmalar yapan \u00a0ve \u00fclkemizdeki mesleki e\u011fitimin sorunlar\u0131n\u0131n \u00e7\u00f6z\u00fcm\u00fcne katk\u0131da bulunan bir kurum \u00a0olmakt\u0131r. \u00a0 \u00a0 \u00a0 \u00a0 \u00a0 \u00a0<\/em><\/p><p style=\"margin-bottom: 10px\" align=\"right\"><em>\u00a0<\/em><\/p><\/div>\t\t\t\t\t\t\t\t<\/div>\n\t\t\t\t<\/div>\n\t\t\t\t\t<\/div>\n\t\t<\/div>\n\t\t\t\t\t<\/div>\n\t\t<\/section>\n\t\t\t\t<\/div>\n\t\t","protected":false},"excerpt":{"rendered":"<p>Misyon, Vizyon ve Temel De\u011ferler Vizyon G\u00fcvenli bir \u00f6\u011frenme ortam\u0131nda, \u00a0b\u00fct\u00fcnle\u015fik akademik ve mesleki teknik becerileri kazand\u0131rmak, s\u00fcrekli de\u011fi\u015fen \u00a0k\u00fcresel bir toplumda uluslararas\u0131 standartlarda e\u011fitim, \u00e7e\u015fitli kariyer \u00a0f\u0131rsatlar\u0131 ve bireysel ba\u015far\u0131lara ula\u015fmak i\u00e7in her \u00f6\u011frenciye imk\u00e2n vermek.\u00a0 Misyon \u0130nsan hak ve \u00f6zg\u00fcrl\u00fcklerine sayg\u0131l\u0131, do\u011faya, \u00fclke ve d\u00fcnya sorunlar\u0131na \u00a0duyarl\u0131, Atat\u00fcrk ilkelerine ba\u011fl\u0131, kamu yarar\u0131n\u0131 g\u00f6zeten, [&hellip;]<\/p>\n","protected":false},"author":1,"featured_media":0,"parent":0,"menu_order":0,"comment_status":"closed","ping_status":"closed","template":"elementor_header_footer","meta":{"footnotes":""},"class_list":["post-5682","page","type-page","status-publish","hentry"],"_links":{"self":[{"href":"https:\/\/atauni.edu.tr\/pasinler-meslek-yuksekokulu\/wp-json\/wp\/v2\/pages\/5682","targetHints":{"allow":["GET"]}}],"collection":[{"href":"https:\/\/atauni.edu.tr\/pasinler-meslek-yuksekokulu\/wp-json\/wp\/v2\/pages"}],"about":[{"href":"https:\/\/atauni.edu.tr\/pasinler-meslek-yuksekokulu\/wp-json\/wp\/v2\/types\/page"}],"author":[{"embeddable":true,"href":"https:\/\/atauni.edu.tr\/pasinler-meslek-yuksekokulu\/wp-json\/wp\/v2\/users\/1"}],"replies":[{"embeddable":true,"href":"https:\/\/atauni.edu.tr\/pasinler-meslek-yuksekokulu\/wp-json\/wp\/v2\/comments?post=5682"}],"version-history":[{"count":17,"href":"https:\/\/atauni.edu.tr\/pasinler-meslek-yuksekokulu\/wp-json\/wp\/v2\/pages\/5682\/revisions"}],"predecessor-version":[{"id":6893,"href":"https:\/\/atauni.edu.tr\/pasinler-meslek-yuksekokulu\/wp-json\/wp\/v2\/pages\/5682\/revisions\/6893"}],"wp:attachment":[{"href":"https:\/\/atauni.edu.tr\/pasinler-meslek-yuksekokulu\/wp-json\/wp\/v2\/media?parent=5682"}],"curies":[{"name":"wp","href":"https:\/\/api.w.org\/{rel}","templated":true}]}}