{"id":6652,"date":"2022-02-17T13:04:50","date_gmt":"2022-02-17T10:04:50","guid":{"rendered":"https:\/\/birimler.atauni.edu.tr\/pasinler-meslek-yuksekokulu\/?page_id=6652"},"modified":"2025-03-24T15:16:23","modified_gmt":"2025-03-24T12:16:23","slug":"buro-yonetimi-ve-yonetici-asistanligi","status":"publish","type":"page","link":"https:\/\/atauni.edu.tr\/pasinler-meslek-yuksekokulu\/buro-yonetimi-ve-yonetici-asistanligi\/","title":{"rendered":"B\u00fcro Y\u00f6netimi ve Y\u00f6netici Asistanl\u0131\u011f\u0131 Program\u0131"},"content":{"rendered":"\t\t<div data-elementor-type=\"wp-page\" data-elementor-id=\"6652\" class=\"elementor elementor-6652\" data-elementor-post-type=\"page\">\n\t\t\t\t\t\t<section class=\"elementor-section elementor-top-section elementor-element elementor-element-0d9badb elementor-section-boxed elementor-section-height-default elementor-section-height-default\" data-id=\"0d9badb\" data-element_type=\"section\">\n\t\t\t\t\t\t<div class=\"elementor-container elementor-column-gap-default\">\n\t\t\t\t\t<div class=\"elementor-column elementor-col-100 elementor-top-column elementor-element elementor-element-82c593c\" data-id=\"82c593c\" data-element_type=\"column\">\n\t\t\t<div class=\"elementor-widget-wrap elementor-element-populated\">\n\t\t\t\t\t\t<div class=\"elementor-element elementor-element-38d662a elementor-tabs-view-horizontal elementor-widget elementor-widget-tabs\" data-id=\"38d662a\" data-element_type=\"widget\" data-widget_type=\"tabs.default\">\n\t\t\t\t<div class=\"elementor-widget-container\">\n\t\t\t\t\t\t\t<div class=\"elementor-tabs\">\n\t\t\t<div class=\"elementor-tabs-wrapper\" role=\"tablist\" >\n\t\t\t\t\t\t\t\t\t<div id=\"elementor-tab-title-5951\" class=\"elementor-tab-title elementor-tab-desktop-title\" aria-selected=\"true\" data-tab=\"1\" role=\"tab\" tabindex=\"0\" aria-controls=\"elementor-tab-content-5951\" aria-expanded=\"false\">B\u00f6l\u00fcm Tan\u0131t\u0131m<\/div>\n\t\t\t\t\t\t\t\t\t<div id=\"elementor-tab-title-5952\" class=\"elementor-tab-title elementor-tab-desktop-title\" aria-selected=\"false\" data-tab=\"2\" role=\"tab\" tabindex=\"-1\" aria-controls=\"elementor-tab-content-5952\" aria-expanded=\"false\">B\u00f6l\u00fcm Vizyon &amp; Misyon<\/div>\n\t\t\t\t\t\t\t\t\t<div id=\"elementor-tab-title-5953\" class=\"elementor-tab-title elementor-tab-desktop-title\" aria-selected=\"false\" data-tab=\"3\" role=\"tab\" tabindex=\"-1\" aria-controls=\"elementor-tab-content-5953\" aria-expanded=\"false\">Y\u00f6netim \/ Akademisyen<\/div>\n\t\t\t\t\t\t\t\t\t<div id=\"elementor-tab-title-5954\" class=\"elementor-tab-title elementor-tab-desktop-title\" aria-selected=\"false\" data-tab=\"4\" role=\"tab\" tabindex=\"-1\" aria-controls=\"elementor-tab-content-5954\" aria-expanded=\"false\">S\u0131k\u00e7a Sorulan Sorular<\/div>\n\t\t\t\t\t\t\t\t\t<div id=\"elementor-tab-title-5955\" class=\"elementor-tab-title elementor-tab-desktop-title\" aria-selected=\"false\" data-tab=\"5\" role=\"tab\" tabindex=\"-1\" aria-controls=\"elementor-tab-content-5955\" aria-expanded=\"false\">Staj \u0130\u015flemleri<\/div>\n\t\t\t\t\t\t\t\t\t<div id=\"elementor-tab-title-5956\" class=\"elementor-tab-title elementor-tab-desktop-title\" aria-selected=\"false\" data-tab=\"6\" role=\"tab\" tabindex=\"-1\" aria-controls=\"elementor-tab-content-5956\" aria-expanded=\"false\">Dilek\u00e7e ve Formlar<\/div>\n\t\t\t\t\t\t\t<\/div>\n\t\t\t<div class=\"elementor-tabs-content-wrapper\" role=\"tablist\" aria-orientation=\"vertical\">\n\t\t\t\t\t\t\t\t\t<div class=\"elementor-tab-title elementor-tab-mobile-title\" aria-selected=\"true\" data-tab=\"1\" role=\"tab\" tabindex=\"0\" aria-controls=\"elementor-tab-content-5951\" aria-expanded=\"false\">B\u00f6l\u00fcm Tan\u0131t\u0131m<\/div>\n\t\t\t\t\t<div id=\"elementor-tab-content-5951\" class=\"elementor-tab-content elementor-clearfix\" data-tab=\"1\" role=\"tabpanel\" aria-labelledby=\"elementor-tab-title-5951\" tabindex=\"0\" hidden=\"false\"><p>Program\u0131n temel amac\u0131, modern i\u015f d\u00fcnyas\u0131n\u0131n gereksinimlerine uygun, yenilik\u00e7i, donan\u0131ml\u0131 ve profesyonel becerilere sahip b\u00fcro y\u00f6neticileri ve y\u00f6netici asistanlar\u0131 yeti\u015ftirmektir. Bu kapsamda b\u00f6l\u00fcm m\u00fcfredatlar\u0131, Uluslararas\u0131 Genel E\u011fitim Standartlar\u0131 ve Uluslararas\u0131 Mesleki E\u011fitim Standartlar\u0131 esas al\u0131narak tasarlanm\u0131\u015ft\u0131r.<\/p><p>B\u00f6l\u00fcm m\u00fcfredatlar\u0131, \u00f6\u011frencilerin dikey ge\u00e7i\u015f yapabilecekleri lisans programlar\u0131n\u0131n ilk d\u00f6rt d\u00f6nemine ait ders kredileri ve i\u00e7erikleri incelenerek revize edilmi\u015ftir. Bu sayede \u00f6\u011frencilerin akademik kariyerlerini daha kolay \u015fekilde s\u00fcrd\u00fcrebilmeleri ama\u00e7lanm\u0131\u015ft\u0131r.<\/p><p>B\u00f6l\u00fcm\u00fcm\u00fcz, \u00fcretti\u011fi bilgi, sundu\u011fu e\u011fitim ve hizmet ile yaln\u0131zca ulusal d\u00fczeyde de\u011fil, uluslararas\u0131 standartlarda da yetkin meslek elemanlar\u0131 yeti\u015ftirmeyi ama\u00e7lamaktad\u0131r. B\u00fcro y\u00f6netimi ve y\u00f6neticilik asistanl\u0131\u011f\u0131 alan\u0131nda profesyonel becerilere sahip, teknolojiye h\u00e2kim ve i\u015f d\u00fcnyas\u0131n\u0131n beklentilerine uygun bireyler yeti\u015ftirmek, program\u0131m\u0131z\u0131n temel hedefleri aras\u0131ndad\u0131r.<\/p><\/div>\n\t\t\t\t\t\t\t\t\t<div class=\"elementor-tab-title elementor-tab-mobile-title\" aria-selected=\"false\" data-tab=\"2\" role=\"tab\" tabindex=\"-1\" aria-controls=\"elementor-tab-content-5952\" aria-expanded=\"false\">B\u00f6l\u00fcm Vizyon &amp; Misyon<\/div>\n\t\t\t\t\t<div id=\"elementor-tab-content-5952\" class=\"elementor-tab-content elementor-clearfix\" data-tab=\"2\" role=\"tabpanel\" aria-labelledby=\"elementor-tab-title-5952\" tabindex=\"0\" hidden=\"hidden\"><p><strong>Vizyon<\/strong><\/p><p>B\u00fcro Y\u00f6netimi ve Y\u00f6netici Asistanl\u0131\u011f\u0131 Program\u0131 olarak vizyonumuz, sekt\u00f6r\u00fcn ihtiya\u00e7lar\u0131na uygun, nitelikli i\u015f g\u00fcc\u00fc yeti\u015ftiren, ulusal ve uluslararas\u0131 d\u00fczeyde tan\u0131nan, yenilik\u00e7i ve \u00e7a\u011fda\u015f bir e\u011fitim program\u0131 sunmakt\u0131r. Dijital d\u00f6n\u00fc\u015f\u00fcm, s\u00fcrd\u00fcr\u00fclebilir y\u00f6netim anlay\u0131\u015f\u0131 ve \u00e7a\u011fda\u015f i\u015f y\u00f6netimi uygulamalar\u0131n\u0131 e\u011fitim s\u00fcrecine entegre ederek, mezunlar\u0131m\u0131z\u0131n rekabet\u00e7i i\u015f d\u00fcnyas\u0131nda aranan profesyoneller olmalar\u0131n\u0131 sa\u011flamak temel vizyonumuzdur.<\/p><p><strong>Misyon<\/strong><\/p><p>B\u00fcro Y\u00f6netimi ve Y\u00f6netici Asistanl\u0131\u011f\u0131 Program\u0131 olarak misyonumuz, g\u00fcncel teknolojik geli\u015fmelere uyum sa\u011flayan, etik de\u011ferlere ba\u011fl\u0131, analitik d\u00fc\u015f\u00fcnebilen ve profesyonel i\u015f d\u00fcnyas\u0131na entegre olabilecek meslek elemanlar\u0131 yeti\u015ftirmektir. \u00d6\u011frencilerimize modern b\u00fcro y\u00f6netimi, etkin ileti\u015fim, organizasyon becerileri ve dijitalle\u015fen i\u015f s\u00fcre\u00e7lerine uyum sa\u011flama konular\u0131nda yetkinlik kazand\u0131rarak, onlar\u0131n i\u015f hayat\u0131nda ba\u015far\u0131l\u0131 bireyler olmalar\u0131na katk\u0131 sa\u011flamay\u0131 hedefliyoruz.<\/p><\/div>\n\t\t\t\t\t\t\t\t\t<div class=\"elementor-tab-title elementor-tab-mobile-title\" aria-selected=\"false\" data-tab=\"3\" role=\"tab\" tabindex=\"-1\" aria-controls=\"elementor-tab-content-5953\" aria-expanded=\"false\">Y\u00f6netim \/ Akademisyen<\/div>\n\t\t\t\t\t<div id=\"elementor-tab-content-5953\" class=\"elementor-tab-content elementor-clearfix\" data-tab=\"3\" role=\"tabpanel\" aria-labelledby=\"elementor-tab-title-5953\" tabindex=\"0\" hidden=\"hidden\"><p><strong>B\u00f6l\u00fcm Ba\u015fkan\u0131:<\/strong><\/p><p>\u00d6\u011fr. G\u00f6r. Dr. Murat KURNU\u00c7<\/p><\/div>\n\t\t\t\t\t\t\t\t\t<div class=\"elementor-tab-title elementor-tab-mobile-title\" aria-selected=\"false\" data-tab=\"4\" role=\"tab\" tabindex=\"-1\" aria-controls=\"elementor-tab-content-5954\" aria-expanded=\"false\">S\u0131k\u00e7a Sorulan Sorular<\/div>\n\t\t\t\t\t<div id=\"elementor-tab-content-5954\" class=\"elementor-tab-content elementor-clearfix\" data-tab=\"4\" role=\"tabpanel\" aria-labelledby=\"elementor-tab-title-5954\" tabindex=\"0\" hidden=\"hidden\"><p><strong>Bu programdan 4 y\u0131ll\u0131k fak\u00fcltelere ge\u00e7i\u015f imkan\u0131 var m\u0131d\u0131r?<\/strong><\/p><p>B\u00f6l\u00fcm\u00fcm\u00fczden Dikey Ge\u00e7i\u015f S\u0131nav\u0131 ile, Halkla \u0130li\u015fkiler ve Tan\u0131t\u0131m, \u0130\u015fletme Bilgi Y\u00f6netimi, Sa\u011fl\u0131k\u00a0Y\u00f6netimi, Y\u00f6netim Bili\u015fim Sistemleri, \u00c7al\u0131\u015fma Ekonomisi ve End\u00fcstri \u0130li\u015fkileri, \u0130ktisat, Kamu Y\u00f6netimi, Maliye, Uluslararas\u0131 \u0130li\u015fkiler, \u0130\u015fletme, Konaklama \u0130\u015fletmecili\u011fi gibi lisans programlar\u0131na ge\u00e7i\u015f yapabilmektedirler.<\/p><\/div>\n\t\t\t\t\t\t\t\t\t<div class=\"elementor-tab-title elementor-tab-mobile-title\" aria-selected=\"false\" data-tab=\"5\" role=\"tab\" tabindex=\"-1\" aria-controls=\"elementor-tab-content-5955\" aria-expanded=\"false\">Staj \u0130\u015flemleri<\/div>\n\t\t\t\t\t<div id=\"elementor-tab-content-5955\" class=\"elementor-tab-content elementor-clearfix\" data-tab=\"5\" role=\"tabpanel\" aria-labelledby=\"elementor-tab-title-5955\" tabindex=\"0\" hidden=\"hidden\"><p>Zorunlu Staj yapacak \u00f6\u011frencilerimiz Pasinler MYO Staj sayfas\u0131nda ilgili y\u00f6nerge ve yol haritas\u0131 payla\u015f\u0131lm\u0131\u015ft\u0131r. Y\u00f6nerge ve yol haritas\u0131 hakk\u0131nda bilgi i\u00e7in\u00a0<a href=\"https:\/\/birimler.atauni.edu.tr\/pasinler-meslek-yuksekokulu\/staj\/\">t\u0131klay\u0131n\u0131z.<\/a><\/p><\/div>\n\t\t\t\t\t\t\t\t\t<div class=\"elementor-tab-title elementor-tab-mobile-title\" aria-selected=\"false\" data-tab=\"6\" role=\"tab\" tabindex=\"-1\" aria-controls=\"elementor-tab-content-5956\" aria-expanded=\"false\">Dilek\u00e7e ve Formlar<\/div>\n\t\t\t\t\t<div id=\"elementor-tab-content-5956\" class=\"elementor-tab-content elementor-clearfix\" data-tab=\"6\" role=\"tabpanel\" aria-labelledby=\"elementor-tab-title-5956\" tabindex=\"0\" hidden=\"hidden\"><ul><li><a href=\"http:\/\/birimler.atauni.edu.tr\/pasinler-meslek-yuksekokulu\/wp-content\/uploads\/sites\/444\/2021\/12\/agno_baraj_dilekcesi.pdf\">AGNO Baraj S\u0131nav\u0131 Ba\u015fvuru Dilek\u00e7esi<\/a><\/li><li><a href=\"http:\/\/birimler.atauni.edu.tr\/pasinler-meslek-yuksekokulu\/wp-content\/uploads\/sites\/444\/2021\/12\/azami_sure_sinav_formu.doc\">Azami S\u00fcre S\u0131nav Formu<\/a><\/li><li><a href=\"http:\/\/birimler.atauni.edu.tr\/pasinler-meslek-yuksekokulu\/wp-content\/uploads\/sites\/444\/2020\/07\/ders_eslestirme_formu.docx\">Ders E\u015fle\u015ftirme Formu<\/a><\/li><li><a href=\"http:\/\/birimler.atauni.edu.tr\/pasinler-meslek-yuksekokulu\/wp-content\/uploads\/sites\/444\/2020\/07\/dersmuafiyetdilekcesi.docx\">Ders Muafiyet Dilek\u00e7esi<\/a><\/li><li><a href=\"http:\/\/birimler.atauni.edu.tr\/pasinler-meslek-yuksekokulu\/wp-content\/uploads\/sites\/444\/2020\/07\/farkliokuldandersdilekcesi.docx\">Farkl\u0131 Okuldan Ders E\u015fle\u015ftirme Dilek\u00e7esi<\/a><\/li><li><a href=\"http:\/\/birimler.atauni.edu.tr\/pasinler-meslek-yuksekokulu\/wp-content\/uploads\/sites\/444\/2020\/07\/kayitdondurmadilekcesi.pdf\">Kay\u0131t Dondurma Dilek\u00e7esi<\/a><\/li><li><a href=\"http:\/\/birimler.atauni.edu.tr\/pasinler-meslek-yuksekokulu\/wp-content\/uploads\/sites\/444\/2020\/07\/mazeretsinavdilekcesi.pdf\">Mazeret S\u0131nav Dilek\u00e7esi<\/a><\/li><li><a href=\"http:\/\/birimler.atauni.edu.tr\/pasinler-meslek-yuksekokulu\/wp-content\/uploads\/sites\/444\/2020\/07\/stajmuafiyetdilekcesi.docx\">Staj Muafiyet Dilek\u00e7esi<\/a><\/li><li><a href=\"http:\/\/birimler.atauni.edu.tr\/pasinler-meslek-yuksekokulu\/wp-content\/uploads\/sites\/444\/2020\/07\/tekderssinavdilekcesi.pdf\">Tek Ders S\u0131nav Dilek\u00e7esi<\/a><\/li><li><a href=\"https:\/\/birimler.atauni.edu.tr\/pasinler-meslek-yuksekokulu\/yu%cc%88z-yu%cc%88ze-staj-di%cc%87lekc%cc%a7esi%cc%87\/\">Y\u00fcz Y\u00fcze Staj Dilek\u00e7esi<\/a><\/li><\/ul><p>*Staj i\u015flemleri ve dilek\u00e7e ve formlar ba\u015fl\u0131\u011f\u0131ndaki ba\u011flant\u0131lar bankac\u0131l\u0131k ve sigortac\u0131l\u0131k program\u0131ndan eklenebilir.<\/p><\/div>\n\t\t\t\t\t\t\t<\/div>\n\t\t<\/div>\n\t\t\t\t\t\t<\/div>\n\t\t\t\t<\/div>\n\t\t\t\t\t<\/div>\n\t\t<\/div>\n\t\t\t\t\t<\/div>\n\t\t<\/section>\n\t\t\t\t<\/div>\n\t\t","protected":false},"excerpt":{"rendered":"<p>B\u00f6l\u00fcm Tan\u0131t\u0131m B\u00f6l\u00fcm Vizyon &amp; Misyon Y\u00f6netim \/ Akademisyen S\u0131k\u00e7a Sorulan Sorular Staj \u0130\u015flemleri Dilek\u00e7e ve Formlar B\u00f6l\u00fcm Tan\u0131t\u0131m Program\u0131n temel amac\u0131, modern i\u015f d\u00fcnyas\u0131n\u0131n gereksinimlerine uygun, yenilik\u00e7i, donan\u0131ml\u0131 ve profesyonel becerilere sahip b\u00fcro y\u00f6neticileri ve y\u00f6netici asistanlar\u0131 yeti\u015ftirmektir. Bu kapsamda b\u00f6l\u00fcm m\u00fcfredatlar\u0131, Uluslararas\u0131 Genel E\u011fitim Standartlar\u0131 ve Uluslararas\u0131 Mesleki E\u011fitim Standartlar\u0131 esas al\u0131narak tasarlanm\u0131\u015ft\u0131r. [&hellip;]<\/p>\n","protected":false},"author":410,"featured_media":0,"parent":0,"menu_order":0,"comment_status":"closed","ping_status":"closed","template":"","meta":{"footnotes":""},"class_list":["post-6652","page","type-page","status-publish","hentry"],"_links":{"self":[{"href":"https:\/\/atauni.edu.tr\/pasinler-meslek-yuksekokulu\/wp-json\/wp\/v2\/pages\/6652","targetHints":{"allow":["GET"]}}],"collection":[{"href":"https:\/\/atauni.edu.tr\/pasinler-meslek-yuksekokulu\/wp-json\/wp\/v2\/pages"}],"about":[{"href":"https:\/\/atauni.edu.tr\/pasinler-meslek-yuksekokulu\/wp-json\/wp\/v2\/types\/page"}],"author":[{"embeddable":true,"href":"https:\/\/atauni.edu.tr\/pasinler-meslek-yuksekokulu\/wp-json\/wp\/v2\/users\/410"}],"replies":[{"embeddable":true,"href":"https:\/\/atauni.edu.tr\/pasinler-meslek-yuksekokulu\/wp-json\/wp\/v2\/comments?post=6652"}],"version-history":[{"count":17,"href":"https:\/\/atauni.edu.tr\/pasinler-meslek-yuksekokulu\/wp-json\/wp\/v2\/pages\/6652\/revisions"}],"predecessor-version":[{"id":7924,"href":"https:\/\/atauni.edu.tr\/pasinler-meslek-yuksekokulu\/wp-json\/wp\/v2\/pages\/6652\/revisions\/7924"}],"wp:attachment":[{"href":"https:\/\/atauni.edu.tr\/pasinler-meslek-yuksekokulu\/wp-json\/wp\/v2\/media?parent=6652"}],"curies":[{"name":"wp","href":"https:\/\/api.w.org\/{rel}","templated":true}]}}