{"id":5682,"date":"2021-07-13T10:10:01","date_gmt":"2021-07-13T07:10:01","guid":{"rendered":"https:\/\/portaltest.atauni.edu.tr\/bilgisayar-muhendisligi\/?page_id=5682"},"modified":"2026-02-02T13:32:30","modified_gmt":"2026-02-02T10:32:30","slug":"misyon-vizyon-ve-temel-degerler","status":"publish","type":"page","link":"https:\/\/atauni.edu.tr\/personel-daire-baskanligi\/misyon-vizyon-ve-temel-degerler\/","title":{"rendered":"Misyon, Vizyon ve Temel De\u011ferler"},"content":{"rendered":"\t\t<div data-elementor-type=\"wp-page\" data-elementor-id=\"5682\" class=\"elementor elementor-5682\" data-elementor-post-type=\"page\">\n\t\t\t\t\t\t<section class=\"elementor-section elementor-top-section elementor-element elementor-element-730d320 elementor-section-boxed elementor-section-height-default elementor-section-height-default\" data-id=\"730d320\" data-element_type=\"section\">\n\t\t\t\t\t\t<div class=\"elementor-container elementor-column-gap-default\">\n\t\t\t\t\t<div class=\"elementor-column elementor-col-100 elementor-top-column elementor-element elementor-element-753d0860\" data-id=\"753d0860\" data-element_type=\"column\">\n\t\t\t<div class=\"elementor-widget-wrap elementor-element-populated\">\n\t\t\t\t\t\t<div class=\"elementor-element elementor-element-bb98664 elementor-widget elementor-widget-spacer\" data-id=\"bb98664\" data-element_type=\"widget\" data-widget_type=\"spacer.default\">\n\t\t\t\t<div class=\"elementor-widget-container\">\n\t\t\t\t\t\t\t<div class=\"elementor-spacer\">\n\t\t\t<div class=\"elementor-spacer-inner\"><\/div>\n\t\t<\/div>\n\t\t\t\t\t\t<\/div>\n\t\t\t\t<\/div>\n\t\t\t\t\t<\/div>\n\t\t<\/div>\n\t\t\t\t\t<\/div>\n\t\t<\/section>\n\t\t\t\t<section class=\"elementor-section elementor-top-section elementor-element elementor-element-6f237aa elementor-section-boxed elementor-section-height-default elementor-section-height-default\" data-id=\"6f237aa\" data-element_type=\"section\">\n\t\t\t\t\t\t<div class=\"elementor-container elementor-column-gap-default\">\n\t\t\t\t\t<div class=\"elementor-column elementor-col-100 elementor-top-column elementor-element elementor-element-b49aa57\" data-id=\"b49aa57\" data-element_type=\"column\">\n\t\t\t<div class=\"elementor-widget-wrap elementor-element-populated\">\n\t\t\t\t\t\t<div class=\"elementor-element elementor-element-a3792fc elementor-widget elementor-widget-heading\" data-id=\"a3792fc\" data-element_type=\"widget\" data-widget_type=\"heading.default\">\n\t\t\t\t<div class=\"elementor-widget-container\">\n\t\t\t\t\t<h2 class=\"elementor-heading-title elementor-size-default\">Misyonumuz<\/h2>\t\t\t\t<\/div>\n\t\t\t\t<\/div>\n\t\t\t\t<div class=\"elementor-element elementor-element-51a8f3c elementor-widget-divider--view-line elementor-widget elementor-widget-divider\" data-id=\"51a8f3c\" data-element_type=\"widget\" data-widget_type=\"divider.default\">\n\t\t\t\t<div class=\"elementor-widget-container\">\n\t\t\t\t\t\t\t<div class=\"elementor-divider\">\n\t\t\t<span class=\"elementor-divider-separator\">\n\t\t\t\t\t\t<\/span>\n\t\t<\/div>\n\t\t\t\t\t\t<\/div>\n\t\t\t\t<\/div>\n\t\t\t\t\t<\/div>\n\t\t<\/div>\n\t\t\t\t\t<\/div>\n\t\t<\/section>\n\t\t\t\t<section class=\"elementor-section elementor-top-section elementor-element elementor-element-192e38b elementor-section-boxed elementor-section-height-default elementor-section-height-default\" data-id=\"192e38b\" data-element_type=\"section\">\n\t\t\t\t\t\t<div class=\"elementor-container elementor-column-gap-default\">\n\t\t\t\t\t<div class=\"elementor-column elementor-col-100 elementor-top-column elementor-element elementor-element-d682961\" data-id=\"d682961\" data-element_type=\"column\">\n\t\t\t<div class=\"elementor-widget-wrap elementor-element-populated\">\n\t\t\t\t\t\t<div class=\"elementor-element elementor-element-374c294 elementor-widget__width-initial elementor-widget elementor-widget-text-editor\" data-id=\"374c294\" data-element_type=\"widget\" data-widget_type=\"text-editor.default\">\n\t\t\t\t<div class=\"elementor-widget-container\">\n\t\t\t\t\t\t\t\t\t<p>\u00dcniversitemiz Personel Dairesi Ba\u015fkanl\u0131\u011f\u0131; 124 Say\u0131l\u0131 Y\u00fcksek\u00f6\u011fretim \u00dcst Kurulu\u015flar\u0131 ile Y\u00fcksek\u00f6\u011fretim Kurumlar\u0131n\u0131n \u0130dari Te\u015fkilatlanmas\u0131 Hakk\u0131ndaki Kanun H\u00fckm\u00fcndeki Kararnamenin 29. maddesi ile 2547 say\u0131l\u0131 Y\u00fcksek\u00f6\u011fretim Kanununun 51. maddesine g\u00f6re kurulan idari bir te\u015fkilatt\u0131r.<\/p><p>\u00dcniversitemizin insan g\u00fcc\u00fc planlamas\u0131 ve personel politikalar\u0131 ile ilgili \u00e7al\u0131\u015fmalar yapmak, personel sistemlerinin geli\u015ftirilmesi ile ilgili \u00f6nerilerde bulunmak, yasal d\u00fczenlemeler \u00e7er\u00e7evesinde \u00a0insan kaynaklar\u0131 ihtiyac\u0131n\u0131 do\u011fru planlamak, \u00e7al\u0131\u015fanlar\u0131m\u0131z\u0131n; \u00f6zl\u00fck, tahakkuk ve g\u00f6revlendirme i\u015flemlerini, en h\u0131zl\u0131 ve en do\u011fru \u015fekilde yerine getirmek, yeni yay\u0131mlanan mevzuatlar\u0131 do\u011fru yorumlamak ve uygulamaya ge\u00e7irmek, gizlilik ilkesini de g\u00f6zeterek \u00e7al\u0131\u015fan haklar\u0131n\u0131 korumak ve \u00dcniversitemizin di\u011fer birimleriyle g\u00fc\u00e7l\u00fc ili\u015fkiler kurarak birlikte hareket etmeyi sa\u011flamak ve memnuniyeti artt\u0131rmak Ba\u015fkanl\u0131\u011f\u0131m\u0131z\u0131n ba\u015fl\u0131ca g\u00f6revlerindendir.<\/p><p>Ayr\u0131ca Personel Daire Ba\u015fkanl\u0131\u011f\u0131; E\u011fitim programlar\u0131 ile personeli geli\u015ftirmeye y\u00f6nelik \u00e7al\u0131\u015fmalar yapmak ve personelimizin g\u00f6revlerini yerine getirirken liyakat, kariyer ilkeleri ile yetkinlik bazl\u0131 performanslar\u0131na da dikkat ederek kurum i\u00e7erisinde y\u00fckselmelerini ve bu sayede g\u00f6revlerindeki i\u015f tatminlerini, kat\u0131l\u0131mlar\u0131n\u0131 ve kuruma olan ba\u011fl\u0131l\u0131klar\u0131n\u0131 g\u00fc\u00e7lendirmek i\u00e7in gerekli \u00e7al\u0131\u015fmalar\u0131 yapmaktad\u0131r.<\/p>\t\t\t\t\t\t\t\t<\/div>\n\t\t\t\t<\/div>\n\t\t\t\t\t<\/div>\n\t\t<\/div>\n\t\t\t\t\t<\/div>\n\t\t<\/section>\n\t\t\t\t<section class=\"elementor-section elementor-top-section elementor-element elementor-element-41c06cb elementor-section-boxed elementor-section-height-default elementor-section-height-default\" data-id=\"41c06cb\" data-element_type=\"section\">\n\t\t\t\t\t\t<div class=\"elementor-container elementor-column-gap-default\">\n\t\t\t\t\t<div class=\"elementor-column elementor-col-100 elementor-top-column elementor-element elementor-element-9550ab9\" data-id=\"9550ab9\" data-element_type=\"column\">\n\t\t\t<div class=\"elementor-widget-wrap elementor-element-populated\">\n\t\t\t\t\t\t<div class=\"elementor-element elementor-element-f57f5c8 elementor-widget elementor-widget-heading\" data-id=\"f57f5c8\" data-element_type=\"widget\" data-widget_type=\"heading.default\">\n\t\t\t\t<div class=\"elementor-widget-container\">\n\t\t\t\t\t<h2 class=\"elementor-heading-title elementor-size-default\">Vizyonumuz<\/h2>\t\t\t\t<\/div>\n\t\t\t\t<\/div>\n\t\t\t\t<div class=\"elementor-element elementor-element-22f9fe4 elementor-widget-divider--view-line elementor-widget elementor-widget-divider\" data-id=\"22f9fe4\" data-element_type=\"widget\" data-widget_type=\"divider.default\">\n\t\t\t\t<div class=\"elementor-widget-container\">\n\t\t\t\t\t\t\t<div class=\"elementor-divider\">\n\t\t\t<span class=\"elementor-divider-separator\">\n\t\t\t\t\t\t<\/span>\n\t\t<\/div>\n\t\t\t\t\t\t<\/div>\n\t\t\t\t<\/div>\n\t\t\t\t\t<\/div>\n\t\t<\/div>\n\t\t\t\t\t<\/div>\n\t\t<\/section>\n\t\t\t\t<section class=\"elementor-section elementor-top-section elementor-element elementor-element-16f065a elementor-section-boxed elementor-section-height-default elementor-section-height-default\" data-id=\"16f065a\" data-element_type=\"section\">\n\t\t\t\t\t\t<div class=\"elementor-container elementor-column-gap-default\">\n\t\t\t\t\t<div class=\"elementor-column elementor-col-100 elementor-top-column elementor-element elementor-element-2cfaf98\" data-id=\"2cfaf98\" data-element_type=\"column\">\n\t\t\t<div class=\"elementor-widget-wrap elementor-element-populated\">\n\t\t\t\t\t\t<div class=\"elementor-element elementor-element-df702d7 elementor-widget__width-initial elementor-widget elementor-widget-text-editor\" data-id=\"df702d7\" data-element_type=\"widget\" data-widget_type=\"text-editor.default\">\n\t\t\t\t<div class=\"elementor-widget-container\">\n\t\t\t\t\t\t\t\t\t<p>G\u00f6rev tan\u0131m\u0131 kapsam\u0131nda verdi\u011fi hizmetlerde kaliteyi s\u00fcrekli iyile\u015ftirmeye \u00e7al\u0131\u015fmak, \u00e7al\u0131\u015fmalar\u0131m\u0131zda yeniliklere a\u00e7\u0131k, b\u00fct\u00fcnle\u015ftirici bir bak\u0131\u015f a\u00e7\u0131s\u0131yla, verimli, d\u00fczenli, uyumlu ve koordineli bir tak\u0131m ruhunu yans\u0131tmak,<\/p><p>\u0130nsan haklar\u0131na \u00f6nem veren bir anlay\u0131\u015fla giri\u015fimci, ya\u015fan\u0131lan h\u0131zl\u0131 teknolojik de\u011fi\u015fimlerle \u00e7al\u0131\u015fanlar\u0131m\u0131z\u0131n ihtiya\u00e7lar\u0131n\u0131, e\u011fitimlerini ve geli\u015fimlerinin sa\u011flanmas\u0131n\u0131 hedefleyen; \u00e7a\u011fda\u015f, dinamik, sorumluluk bilinci ile etik anlay\u0131\u015f i\u00e7inde hizmet sunmakt\u0131r.<\/p><p>\u00dcniversitemizin, ara\u015ft\u0131ran, \u00f6\u011frenen, \u00f6\u011frendi\u011fini uygulayan, sorunlar\u0131 \u00e7\u00f6zen, payla\u015fan, \u00fcreten, kendini geli\u015ftirmi\u015f, \u00e7al\u0131\u015fanlar\u0131 mutlu bir \u00dcniversite olmas\u0131n\u0131 sa\u011flamak.<\/p><p>Ya\u015fan\u0131lan h\u0131zl\u0131 de\u011fi\u015fim s\u00fcrecinde \u00e7al\u0131\u015fanlar\u0131m\u0131z\u0131n ihtiya\u00e7lar\u0131, e\u011fitimleri ve geli\u015fimlerinin sa\u011flanmas\u0131 gibi hususlara \u00f6nem veren, personel ile ili\u015fkileri geli\u015ftirici, b\u00fct\u00fcnle\u015ftirici ve i\u015fbirli\u011fine dayal\u0131, t\u0131kan\u0131klar\u0131n a\u015f\u0131lmas\u0131nda personelin kat\u0131l\u0131m\u0131na ba\u015fvuran, modern bir y\u00f6netim anlay\u0131\u015f\u0131na i\u015flerlik kazand\u0131rmakt\u0131r.<\/p>\t\t\t\t\t\t\t\t<\/div>\n\t\t\t\t<\/div>\n\t\t\t\t\t<\/div>\n\t\t<\/div>\n\t\t\t\t\t<\/div>\n\t\t<\/section>\n\t\t\t\t<section class=\"elementor-section elementor-top-section elementor-element elementor-element-2de520f elementor-section-boxed elementor-section-height-default elementor-section-height-default\" data-id=\"2de520f\" data-element_type=\"section\">\n\t\t\t\t\t\t<div class=\"elementor-container elementor-column-gap-default\">\n\t\t\t\t\t<div class=\"elementor-column elementor-col-100 elementor-top-column elementor-element elementor-element-61e58a7\" data-id=\"61e58a7\" data-element_type=\"column\">\n\t\t\t<div class=\"elementor-widget-wrap elementor-element-populated\">\n\t\t\t\t\t\t<div class=\"elementor-element elementor-element-d48a215 elementor-widget elementor-widget-spacer\" data-id=\"d48a215\" data-element_type=\"widget\" data-widget_type=\"spacer.default\">\n\t\t\t\t<div class=\"elementor-widget-container\">\n\t\t\t\t\t\t\t<div class=\"elementor-spacer\">\n\t\t\t<div class=\"elementor-spacer-inner\"><\/div>\n\t\t<\/div>\n\t\t\t\t\t\t<\/div>\n\t\t\t\t<\/div>\n\t\t\t\t\t<\/div>\n\t\t<\/div>\n\t\t\t\t\t<\/div>\n\t\t<\/section>\n\t\t\t\t<\/div>\n\t\t","protected":false},"excerpt":{"rendered":"<p>Misyonumuz \u00dcniversitemiz Personel Dairesi Ba\u015fkanl\u0131\u011f\u0131; 124 Say\u0131l\u0131 Y\u00fcksek\u00f6\u011fretim \u00dcst Kurulu\u015flar\u0131 ile Y\u00fcksek\u00f6\u011fretim Kurumlar\u0131n\u0131n \u0130dari Te\u015fkilatlanmas\u0131 Hakk\u0131ndaki Kanun H\u00fckm\u00fcndeki Kararnamenin 29. maddesi ile 2547 say\u0131l\u0131 Y\u00fcksek\u00f6\u011fretim Kanununun 51. maddesine g\u00f6re kurulan idari bir te\u015fkilatt\u0131r. \u00dcniversitemizin insan g\u00fcc\u00fc planlamas\u0131 ve personel politikalar\u0131 ile ilgili \u00e7al\u0131\u015fmalar yapmak, personel sistemlerinin geli\u015ftirilmesi ile ilgili \u00f6nerilerde bulunmak, yasal d\u00fczenlemeler \u00e7er\u00e7evesinde \u00a0insan [&hellip;]<\/p>\n","protected":false},"author":1,"featured_media":0,"parent":0,"menu_order":0,"comment_status":"closed","ping_status":"closed","template":"elementor_header_footer","meta":{"footnotes":""},"class_list":["post-5682","page","type-page","status-publish","hentry"],"_links":{"self":[{"href":"https:\/\/atauni.edu.tr\/personel-daire-baskanligi\/wp-json\/wp\/v2\/pages\/5682","targetHints":{"allow":["GET"]}}],"collection":[{"href":"https:\/\/atauni.edu.tr\/personel-daire-baskanligi\/wp-json\/wp\/v2\/pages"}],"about":[{"href":"https:\/\/atauni.edu.tr\/personel-daire-baskanligi\/wp-json\/wp\/v2\/types\/page"}],"author":[{"embeddable":true,"href":"https:\/\/atauni.edu.tr\/personel-daire-baskanligi\/wp-json\/wp\/v2\/users\/1"}],"replies":[{"embeddable":true,"href":"https:\/\/atauni.edu.tr\/personel-daire-baskanligi\/wp-json\/wp\/v2\/comments?post=5682"}],"version-history":[{"count":29,"href":"https:\/\/atauni.edu.tr\/personel-daire-baskanligi\/wp-json\/wp\/v2\/pages\/5682\/revisions"}],"predecessor-version":[{"id":7018,"href":"https:\/\/atauni.edu.tr\/personel-daire-baskanligi\/wp-json\/wp\/v2\/pages\/5682\/revisions\/7018"}],"wp:attachment":[{"href":"https:\/\/atauni.edu.tr\/personel-daire-baskanligi\/wp-json\/wp\/v2\/media?parent=5682"}],"curies":[{"name":"wp","href":"https:\/\/api.w.org\/{rel}","templated":true}]}}