{"id":5638,"date":"2021-07-13T09:49:25","date_gmt":"2021-07-13T06:49:25","guid":{"rendered":"https:\/\/portaltest.atauni.edu.tr\/bilgisayar-muhendisligi\/?page_id=5638"},"modified":"2023-10-04T15:50:45","modified_gmt":"2023-10-04T12:50:45","slug":"tarihce","status":"publish","type":"page","link":"https:\/\/atauni.edu.tr\/peyzaj-mimarligi-bolumu\/tarihce\/","title":{"rendered":"Tarih\u00e7e"},"content":{"rendered":"\t\t<div data-elementor-type=\"wp-page\" data-elementor-id=\"5638\" class=\"elementor elementor-5638\" data-elementor-post-type=\"page\">\n\t\t\t\t\t\t<section class=\"elementor-section elementor-top-section elementor-element elementor-element-730d320 elementor-section-boxed elementor-section-height-default elementor-section-height-default\" data-id=\"730d320\" data-element_type=\"section\">\n\t\t\t\t\t\t<div class=\"elementor-container elementor-column-gap-default\">\n\t\t\t\t\t<div class=\"elementor-column elementor-col-100 elementor-top-column elementor-element elementor-element-753d0860\" data-id=\"753d0860\" data-element_type=\"column\">\n\t\t\t<div class=\"elementor-widget-wrap\">\n\t\t\t\t\t\t\t<\/div>\n\t\t<\/div>\n\t\t\t\t\t<\/div>\n\t\t<\/section>\n\t\t\t\t<section class=\"elementor-section elementor-top-section elementor-element elementor-element-9be811a elementor-section-boxed elementor-section-height-default elementor-section-height-default\" data-id=\"9be811a\" data-element_type=\"section\">\n\t\t\t\t\t\t<div class=\"elementor-container elementor-column-gap-default\">\n\t\t\t\t\t<div class=\"elementor-column elementor-col-100 elementor-top-column elementor-element elementor-element-1ed847b7\" data-id=\"1ed847b7\" data-element_type=\"column\">\n\t\t\t<div class=\"elementor-widget-wrap elementor-element-populated\">\n\t\t\t\t\t\t<div class=\"elementor-element elementor-element-4ce0d07f elementor-widget elementor-widget-heading\" data-id=\"4ce0d07f\" data-element_type=\"widget\" data-widget_type=\"heading.default\">\n\t\t\t\t<div class=\"elementor-widget-container\">\n\t\t\t\t\t<h2 class=\"elementor-heading-title elementor-size-default\">Tarih\u00e7e<\/h2>\t\t\t\t<\/div>\n\t\t\t\t<\/div>\n\t\t\t\t<div class=\"elementor-element elementor-element-63260862 elementor-widget-divider--view-line elementor-widget elementor-widget-divider\" data-id=\"63260862\" data-element_type=\"widget\" data-widget_type=\"divider.default\">\n\t\t\t\t<div class=\"elementor-widget-container\">\n\t\t\t\t\t\t\t<div class=\"elementor-divider\">\n\t\t\t<span class=\"elementor-divider-separator\">\n\t\t\t\t\t\t<\/span>\n\t\t<\/div>\n\t\t\t\t\t\t<\/div>\n\t\t\t\t<\/div>\n\t\t\t\t\t<\/div>\n\t\t<\/div>\n\t\t\t\t\t<\/div>\n\t\t<\/section>\n\t\t\t\t<section class=\"elementor-section elementor-top-section elementor-element elementor-element-681db8b elementor-section-boxed elementor-section-height-default elementor-section-height-default\" data-id=\"681db8b\" data-element_type=\"section\">\n\t\t\t\t\t\t<div class=\"elementor-container elementor-column-gap-default\">\n\t\t\t\t\t<div class=\"elementor-column elementor-col-100 elementor-top-column elementor-element elementor-element-ad4dac5\" data-id=\"ad4dac5\" data-element_type=\"column\">\n\t\t\t<div class=\"elementor-widget-wrap elementor-element-populated\">\n\t\t\t\t\t\t<div class=\"elementor-element elementor-element-2f96b3d elementor-widget elementor-widget-text-editor\" data-id=\"2f96b3d\" data-element_type=\"widget\" data-widget_type=\"text-editor.default\">\n\t\t\t\t<div class=\"elementor-widget-container\">\n\t\t\t\t\t\t\t\t\t<div><h2><span style=\"letter-spacing: 0px;color: #242c5c\">Tarih\u00e7emiz<\/span><\/h2><p><span style=\"color: #242c5c\"><span style=\"font-size: 17px;letter-spacing: 0px\"><b>Peyzaj Mimarl\u0131\u011f\u0131 B\u00f6l\u00fcm\u00fc,<\/b><\/span><span style=\"font-size: 17px;letter-spacing: 0px\">\u00a0<\/span><span style=\"font-family: var( --e-global-typography-text-font-family ), Sans-serif;font-weight: var( --e-global-typography-text-font-weight );letter-spacing: 0px\">1990 y\u0131l\u0131nda Ziraat Fak\u00fcltesi b\u00fcnyesinde kurulmu\u015f olup ilk b\u00f6l\u00fcm ba\u015fkanl\u0131\u011f\u0131n\u0131 Prof. Dr. Kamuran G\u00fc\u00e7l\u00fc yapm\u0131\u015f, takiben Prof. Dr. M. Ilgar K\u0131rz\u0131o\u011flu, Prof. Dr. Hasan Y\u0131lmaz, Prof. Dr. Sevgi Y\u0131lmaz ve Prof. Dr. Serkan \u00d6ZER b\u00f6l\u00fcm ba\u015fkanl\u0131\u011f\u0131 g\u00f6revinde bulunmu\u015flard\u0131r. \u015eu anda Prof. Dr. Faris KARAHAN b\u00f6l\u00fcm ba\u015fkanl\u0131\u011f\u0131 g\u00f6revini devam ettirmektedir. E\u011fitim hayat\u0131na 20 \u00f6\u011frenci ile ba\u015flayan b\u00f6l\u00fcm, 1991 y\u0131l\u0131nda ilk \u00f6\u011frencilerini alm\u0131\u015f, ilk mezunlar\u0131n\u0131 ise 1995 y\u0131l\u0131nda vermi\u015ftir. 1998 y\u0131l\u0131nda \u00f6\u011frenci kontenjan\u0131 30\u2019a, 2006 y\u0131l\u0131nda 40\u2019a, 2018 y\u0131l\u0131na ise 80\u2019e \u00e7\u0131kart\u0131lm\u0131\u015ft\u0131r. 2023 y\u0131l\u0131 dahil 29 d\u00f6nem mezun veren b\u00f6l\u00fcm\u00fcm\u00fcz bu s\u00fcre i\u00e7erisinde 800\u2019 e yak\u0131n peyzaj mimar\u0131n\u0131 mesle\u011fe kazand\u0131rm\u0131\u015ft\u0131r. Mimarl\u0131k ve Tasar\u0131m Fak\u00fcltesinin 2010 y\u0131l\u0131nda kurulmas\u0131n\u0131n ard\u0131ndan Ziraat Fak\u00fcltesi b\u00fcnyesinde bulunan Peyzaj Mimarl\u0131\u011f\u0131 B\u00f6l\u00fcm\u00fc, 2011 y\u0131l\u0131 i\u00e7erisinde Mimarl\u0131k ve Tasar\u0131m Fak\u00fcltesi\u2019ne aktar\u0131lm\u0131\u015ft\u0131r ve 2016-2017 akademik y\u0131l\u0131 itibariyle yeni binas\u0131nda e\u011fitim-\u00f6\u011fretime devam etmektedir. <\/span><\/span><\/p><p><span style=\"color: #242c5c\"><span style=\"font-family: var( --e-global-typography-text-font-family ), Sans-serif;font-weight: var( --e-global-typography-text-font-weight );letter-spacing: 0px\">9 Profes\u00f6r, 2 Do\u00e7ent, 1 Dr. \u00d6\u011fr. \u00dcyesi 5 Ara\u015ft\u0131rma G\u00f6revlisi ve 1 \u00d6\u011fretim G\u00f6revlisinin g\u00f6rev yapt\u0131\u011f\u0131 b\u00f6l\u00fcm, y\u00fcksek lisans ve doktora d\u00fczeyinde de e\u011fitim vermektedir.\u00a0<\/span><\/span><\/p><\/div>\t\t\t\t\t\t\t\t<\/div>\n\t\t\t\t<\/div>\n\t\t\t\t\t<\/div>\n\t\t<\/div>\n\t\t\t\t\t<\/div>\n\t\t<\/section>\n\t\t\t\t<\/div>\n\t\t","protected":false},"excerpt":{"rendered":"<p>Tarih\u00e7e Tarih\u00e7emiz Peyzaj Mimarl\u0131\u011f\u0131 B\u00f6l\u00fcm\u00fc,\u00a01990 y\u0131l\u0131nda Ziraat Fak\u00fcltesi b\u00fcnyesinde kurulmu\u015f olup ilk b\u00f6l\u00fcm ba\u015fkanl\u0131\u011f\u0131n\u0131 Prof. Dr. Kamuran G\u00fc\u00e7l\u00fc yapm\u0131\u015f, takiben Prof. Dr. M. Ilgar K\u0131rz\u0131o\u011flu, Prof. Dr. Hasan Y\u0131lmaz, Prof. Dr. Sevgi Y\u0131lmaz ve Prof. Dr. Serkan \u00d6ZER b\u00f6l\u00fcm ba\u015fkanl\u0131\u011f\u0131 g\u00f6revinde bulunmu\u015flard\u0131r. \u015eu anda Prof. Dr. Faris KARAHAN b\u00f6l\u00fcm ba\u015fkanl\u0131\u011f\u0131 g\u00f6revini devam ettirmektedir. E\u011fitim hayat\u0131na [&hellip;]<\/p>\n","protected":false},"author":1,"featured_media":0,"parent":0,"menu_order":0,"comment_status":"closed","ping_status":"closed","template":"","meta":{"footnotes":""},"class_list":["post-5638","page","type-page","status-publish","hentry"],"_links":{"self":[{"href":"https:\/\/atauni.edu.tr\/peyzaj-mimarligi-bolumu\/wp-json\/wp\/v2\/pages\/5638","targetHints":{"allow":["GET"]}}],"collection":[{"href":"https:\/\/atauni.edu.tr\/peyzaj-mimarligi-bolumu\/wp-json\/wp\/v2\/pages"}],"about":[{"href":"https:\/\/atauni.edu.tr\/peyzaj-mimarligi-bolumu\/wp-json\/wp\/v2\/types\/page"}],"author":[{"embeddable":true,"href":"https:\/\/atauni.edu.tr\/peyzaj-mimarligi-bolumu\/wp-json\/wp\/v2\/users\/1"}],"replies":[{"embeddable":true,"href":"https:\/\/atauni.edu.tr\/peyzaj-mimarligi-bolumu\/wp-json\/wp\/v2\/comments?post=5638"}],"version-history":[{"count":52,"href":"https:\/\/atauni.edu.tr\/peyzaj-mimarligi-bolumu\/wp-json\/wp\/v2\/pages\/5638\/revisions"}],"predecessor-version":[{"id":7467,"href":"https:\/\/atauni.edu.tr\/peyzaj-mimarligi-bolumu\/wp-json\/wp\/v2\/pages\/5638\/revisions\/7467"}],"wp:attachment":[{"href":"https:\/\/atauni.edu.tr\/peyzaj-mimarligi-bolumu\/wp-json\/wp\/v2\/media?parent=5638"}],"curies":[{"name":"wp","href":"https:\/\/api.w.org\/{rel}","templated":true}]}}