{"id":6420,"date":"2024-12-04T12:20:17","date_gmt":"2024-12-04T09:20:17","guid":{"rendered":"https:\/\/birimler.atauni.edu.tr\/prestij-ana-bilim-dali\/?page_id=6420"},"modified":"2025-02-06T09:33:15","modified_gmt":"2025-02-06T06:33:15","slug":"kurullar","status":"publish","type":"page","link":"https:\/\/atauni.edu.tr\/prestij-ana-bilim-dali\/kurullar\/","title":{"rendered":"Kurullar"},"content":{"rendered":"\t\t<div data-elementor-type=\"wp-page\" data-elementor-id=\"6420\" class=\"elementor elementor-6420\" data-elementor-post-type=\"page\">\n\t\t\t\t\t\t<section class=\"elementor-section elementor-top-section elementor-element elementor-element-bd315ba elementor-section-boxed elementor-section-height-default elementor-section-height-default\" data-id=\"bd315ba\" data-element_type=\"section\">\n\t\t\t\t\t\t<div class=\"elementor-container elementor-column-gap-default\">\n\t\t\t\t\t<div class=\"elementor-column elementor-col-100 elementor-top-column elementor-element elementor-element-0cd263c\" data-id=\"0cd263c\" data-element_type=\"column\">\n\t\t\t<div class=\"elementor-widget-wrap elementor-element-populated\">\n\t\t\t\t\t\t<div class=\"elementor-element elementor-element-79e8d19 elementor-widget elementor-widget-heading\" data-id=\"79e8d19\" data-element_type=\"widget\" data-widget_type=\"heading.default\">\n\t\t\t\t<div class=\"elementor-widget-container\">\n\t\t\t\t\t<h2 class=\"elementor-heading-title elementor-size-default\">Kurullar<\/h2>\t\t\t\t<\/div>\n\t\t\t\t<\/div>\n\t\t\t\t<div class=\"elementor-element elementor-element-28e460b elementor-widget-divider--view-line elementor-widget elementor-widget-divider\" data-id=\"28e460b\" data-element_type=\"widget\" data-widget_type=\"divider.default\">\n\t\t\t\t<div class=\"elementor-widget-container\">\n\t\t\t\t\t\t\t<div class=\"elementor-divider\">\n\t\t\t<span class=\"elementor-divider-separator\">\n\t\t\t\t\t\t<\/span>\n\t\t<\/div>\n\t\t\t\t\t\t<\/div>\n\t\t\t\t<\/div>\n\t\t\t\t\t<\/div>\n\t\t<\/div>\n\t\t\t\t\t<\/div>\n\t\t<\/section>\n\t\t\t\t<section class=\"elementor-section elementor-top-section elementor-element elementor-element-04f0d58 elementor-section-boxed elementor-section-height-default elementor-section-height-default\" data-id=\"04f0d58\" data-element_type=\"section\">\n\t\t\t\t\t\t<div class=\"elementor-container elementor-column-gap-default\">\n\t\t\t\t\t<div class=\"elementor-column elementor-col-100 elementor-top-column elementor-element elementor-element-f46493a\" data-id=\"f46493a\" data-element_type=\"column\">\n\t\t\t<div class=\"elementor-widget-wrap elementor-element-populated\">\n\t\t\t\t\t\t<div class=\"elementor-element elementor-element-cf4a0c8 elementor-widget elementor-widget-accordion\" data-id=\"cf4a0c8\" data-element_type=\"widget\" data-widget_type=\"accordion.default\">\n\t\t\t\t<div class=\"elementor-widget-container\">\n\t\t\t\t\t\t\t<div class=\"elementor-accordion\">\n\t\t\t\t\t\t\t<div class=\"elementor-accordion-item\">\n\t\t\t\t\t<div id=\"elementor-tab-title-2171\" class=\"elementor-tab-title\" data-tab=\"1\" role=\"button\" aria-controls=\"elementor-tab-content-2171\" aria-expanded=\"false\">\n\t\t\t\t\t\t\t\t\t\t\t\t\t<span class=\"elementor-accordion-icon elementor-accordion-icon-left\" aria-hidden=\"true\">\n\t\t\t\t\t\t\t\t\t\t\t\t\t\t\t<span class=\"elementor-accordion-icon-closed\"><i class=\"fas fa-plus\"><\/i><\/span>\n\t\t\t\t\t\t\t\t<span class=\"elementor-accordion-icon-opened\"><i class=\"fas fa-minus\"><\/i><\/span>\n\t\t\t\t\t\t\t\t\t\t\t\t\t\t<\/span>\n\t\t\t\t\t\t\t\t\t\t\t\t<a class=\"elementor-accordion-title\" tabindex=\"0\">Enstit\u00fc Kurulu<\/a>\n\t\t\t\t\t<\/div>\n\t\t\t\t\t<div id=\"elementor-tab-content-2171\" class=\"elementor-tab-content elementor-clearfix\" data-tab=\"1\" role=\"region\" aria-labelledby=\"elementor-tab-title-2171\"><ul><li><strong>Prof. Dr. Refik D\u0130LBER<\/strong> &#8211; Enstit\u00fc M\u00fcd\u00fcr\u00fc<\/li><li><strong>Do\u00e7. Dr. G\u00fcrkan YILDIRIM<\/strong> &#8211; Enstit\u00fc M\u00fcd\u00fcr Yard\u0131mc\u0131s\u0131<\/li><li><strong>Do\u00e7. Dr. Aynur KARABACAK \u00c7EL\u0130K<\/strong> &#8211; Enstit\u00fc M\u00fcd\u00fcr Yard\u0131mc\u0131s\u0131<\/li><li><strong>Do\u00e7. Dr. Serkan YILDIRIM<\/strong> &#8211; Bilgisayar ve \u00d6\u011fretim Teknolojileri E\u011fitimi Ana Bilim Dal\u0131 Ba\u015fkan\u0131<\/li><li><strong>Prof. Dr. Adnan K\u00dc\u00c7\u00dcKO\u011eLU<\/strong> &#8211; E\u011fitim Bilimleri Ana Bilim Dal\u0131 Ba\u015fkan\u0131<\/li><li><strong>Prof. Dr. Muhammet Emin KAYSER\u0130L\u0130<\/strong> &#8211; G\u00fczel Sanatlar E\u011fitimi Ana Bilim Dal\u0131 Ba\u015fkan\u0131<\/li><li><strong>Prof. Dr. Ahmet G\u00dcRSES<\/strong> &#8211; Matematik ve Fen Bilimleri E\u011fitimi Ana Bilim Dal\u0131 Ba\u015fkan\u0131<\/li><li><strong>Prof. Dr. Halil KOCA<\/strong> &#8211; Sosyal Bilimler ve T\u00fcrk\u00e7e E\u011fitimi Ana Bilim Dal\u0131 Ba\u015fkan\u0131<\/li><li><strong>Prof. Dr. \u00d6mer YILAR<\/strong> &#8211; Temel E\u011fitim Ana Bilim Dal\u0131 Ba\u015fkan\u0131<\/li><li><strong>Prof. Dr. Melik B\u00dcLB\u00dcL<\/strong> &#8211; Yabanc\u0131 Diller E\u011fitimi Ana Bilim Dal\u0131 Ba\u015fkan\u0131<\/li><\/ul><\/div>\n\t\t\t\t<\/div>\n\t\t\t\t\t\t\t<div class=\"elementor-accordion-item\">\n\t\t\t\t\t<div id=\"elementor-tab-title-2172\" class=\"elementor-tab-title\" data-tab=\"2\" role=\"button\" aria-controls=\"elementor-tab-content-2172\" aria-expanded=\"false\">\n\t\t\t\t\t\t\t\t\t\t\t\t\t<span class=\"elementor-accordion-icon elementor-accordion-icon-left\" aria-hidden=\"true\">\n\t\t\t\t\t\t\t\t\t\t\t\t\t\t\t<span class=\"elementor-accordion-icon-closed\"><i class=\"fas fa-plus\"><\/i><\/span>\n\t\t\t\t\t\t\t\t<span class=\"elementor-accordion-icon-opened\"><i class=\"fas fa-minus\"><\/i><\/span>\n\t\t\t\t\t\t\t\t\t\t\t\t\t\t<\/span>\n\t\t\t\t\t\t\t\t\t\t\t\t<a class=\"elementor-accordion-title\" tabindex=\"0\">Enstit\u00fc Y\u00f6netim Kurulu<\/a>\n\t\t\t\t\t<\/div>\n\t\t\t\t\t<div id=\"elementor-tab-content-2172\" class=\"elementor-tab-content elementor-clearfix\" data-tab=\"2\" role=\"region\" aria-labelledby=\"elementor-tab-title-2172\"><ul><li><strong>Prof. Dr. Refik D\u0130LBER<\/strong> \u2013 Enstit\u00fc M\u00fcd\u00fcr\u00fc<\/li><li><strong>Do\u00e7. Dr. G\u00fcrkan YILDIRIM<\/strong> \u2013 Enstit\u00fc M\u00fcd\u00fcr Yard\u0131mc\u0131s\u0131<\/li><li><strong>Do\u00e7. Dr. Aynur KARABACAK \u00c7EL\u0130K<\/strong> \u2013 Enstit\u00fc M\u00fcd\u00fcr Yard\u0131mc\u0131s\u0131<\/li><li><strong>Prof. Dr. Abdullah KAPLAN<\/strong>\u00a0&#8211; \u00dcye<\/li><li><strong>Prof. Dr. Sinan KO\u00c7Y\u0130\u011e\u0130T<\/strong>\u00a0&#8211; \u00dcye<\/li><li><strong>Do\u00e7. Dr. Ceyhun OZAN<\/strong> \u2013 \u00dcye<\/li><li><strong>Ergun AY\u015eEN<\/strong> &#8211; Raport\u00f6r \u2013 Enstit\u00fc Sekreteri<\/li><\/ul><\/div>\n\t\t\t\t<\/div>\n\t\t\t\t\t\t\t<div class=\"elementor-accordion-item\">\n\t\t\t\t\t<div id=\"elementor-tab-title-2173\" class=\"elementor-tab-title\" data-tab=\"3\" role=\"button\" aria-controls=\"elementor-tab-content-2173\" aria-expanded=\"false\">\n\t\t\t\t\t\t\t\t\t\t\t\t\t<span class=\"elementor-accordion-icon elementor-accordion-icon-left\" aria-hidden=\"true\">\n\t\t\t\t\t\t\t\t\t\t\t\t\t\t\t<span class=\"elementor-accordion-icon-closed\"><i class=\"fas fa-plus\"><\/i><\/span>\n\t\t\t\t\t\t\t\t<span class=\"elementor-accordion-icon-opened\"><i class=\"fas fa-minus\"><\/i><\/span>\n\t\t\t\t\t\t\t\t\t\t\t\t\t\t<\/span>\n\t\t\t\t\t\t\t\t\t\t\t\t<a class=\"elementor-accordion-title\" tabindex=\"0\">Doktora Yeterlik Komiteleri<\/a>\n\t\t\t\t\t<\/div>\n\t\t\t\t\t<div id=\"elementor-tab-content-2173\" class=\"elementor-tab-content elementor-clearfix\" data-tab=\"3\" role=\"region\" aria-labelledby=\"elementor-tab-title-2173\"><p>Bilgisayar ve \u00d6\u011fretim Teknolojileri E\u011fitimi Ana Bilim Dal\u0131 Ba\u015fkanl\u0131\u011f\u0131<\/p><ul><li>Do\u00e7. Dr. Serkan YILDIRIM (Ba\u015fkan)<\/li><li>Prof. Dr. Engin KUR\u015eUN<\/li><li>Do\u00e7. Dr. Fatma Burcu TOPU<\/li><li>Dr. \u00d6\u011fr. \u00dcyesi \u00d6mer ARPACIK<\/li><li>Dr. \u00d6\u011fr. \u00dcyesi Meva BAYRAK KARSLI<\/li><\/ul><p>E\u011fitim Bilimleri Ana Bilim Dal\u0131 Ba\u015fkanl\u0131\u011f\u0131<\/p><ul><li>Prof. Dr. Adnan K\u00dc\u00c7\u00dcKO\u011eLU (Ba\u015fkan)<\/li><li>Prof. Dr. Adnan TA\u015eGIN<\/li><li>Prof. Dr. Adem PEKER<\/li><li>Prof. Dr. Ba\u015faran GEN\u00c7DO\u011eAN<\/li><li>Do\u00e7. Dr. Ahmet AYIK<\/li><\/ul><p>G\u00fczel Sanatlar E\u011fitimi Ana Bilim Dal\u0131 Ba\u015fkanl\u0131\u011f\u0131<\/p><ul><li>Prof. Dr. M. Emin KAYSER\u0130L\u0130 (Ba\u015fkan)<\/li><li>Do\u00e7. Dr. M. Kamil \u0130NANICI<\/li><li>Do\u00e7. Dr. Muhsin SARIKAYA<\/li><li>Do\u00e7. Dr. \u00dclk\u00fc Sevim \u015eEN<\/li><li>Do\u00e7. Dr. Ozan G\u00dcL\u00dcM<\/li><\/ul><p>\u015fsdf<\/p><\/div>\n\t\t\t\t<\/div>\n\t\t\t\t\t\t\t<div class=\"elementor-accordion-item\">\n\t\t\t\t\t<div id=\"elementor-tab-title-2174\" class=\"elementor-tab-title\" data-tab=\"4\" role=\"button\" aria-controls=\"elementor-tab-content-2174\" aria-expanded=\"false\">\n\t\t\t\t\t\t\t\t\t\t\t\t\t<span class=\"elementor-accordion-icon elementor-accordion-icon-left\" aria-hidden=\"true\">\n\t\t\t\t\t\t\t\t\t\t\t\t\t\t\t<span class=\"elementor-accordion-icon-closed\"><i class=\"fas fa-plus\"><\/i><\/span>\n\t\t\t\t\t\t\t\t<span class=\"elementor-accordion-icon-opened\"><i class=\"fas fa-minus\"><\/i><\/span>\n\t\t\t\t\t\t\t\t\t\t\t\t\t\t<\/span>\n\t\t\t\t\t\t\t\t\t\t\t\t<a class=\"elementor-accordion-title\" tabindex=\"0\">E\u011fitim Bilimleri Birim Etik Kurulu<\/a>\n\t\t\t\t\t<\/div>\n\t\t\t\t\t<div id=\"elementor-tab-content-2174\" class=\"elementor-tab-content elementor-clearfix\" data-tab=\"4\" role=\"region\" aria-labelledby=\"elementor-tab-title-2174\"><ul><li>Prof. Dr. Ufuk \u015e\u0130M\u015eEK &#8211; Etik Kurul Ba\u015fkan\u0131<\/li><li>Prof. Dr. \u0130hsan Sabri BALKAYA &#8211; Etik Kurul Ba\u015fkan Yrd.<\/li><li>Prof. Dr. Bet\u00fcl ASLAN &#8211; Etik Kurul \u00dcyesi<\/li><li>Prof. Dr. Muhsine B\u00d6REK\u00c7\u0130 &#8211; Etik Kurul \u00dcyesi<\/li><li>Prof. Dr. Mustafa C\u0130HAN &#8211; Etik Kurul \u00dcyesi<\/li><\/ul><\/div>\n\t\t\t\t<\/div>\n\t\t\t\t\t\t\t<div class=\"elementor-accordion-item\">\n\t\t\t\t\t<div id=\"elementor-tab-title-2175\" class=\"elementor-tab-title\" data-tab=\"5\" role=\"button\" aria-controls=\"elementor-tab-content-2175\" aria-expanded=\"false\">\n\t\t\t\t\t\t\t\t\t\t\t\t\t<span class=\"elementor-accordion-icon elementor-accordion-icon-left\" aria-hidden=\"true\">\n\t\t\t\t\t\t\t\t\t\t\t\t\t\t\t<span class=\"elementor-accordion-icon-closed\"><i class=\"fas fa-plus\"><\/i><\/span>\n\t\t\t\t\t\t\t\t<span class=\"elementor-accordion-icon-opened\"><i class=\"fas fa-minus\"><\/i><\/span>\n\t\t\t\t\t\t\t\t\t\t\t\t\t\t<\/span>\n\t\t\t\t\t\t\t\t\t\t\t\t<a class=\"elementor-accordion-title\" tabindex=\"0\">Enstit\u00fc Kalite Komisyonu<\/a>\n\t\t\t\t\t<\/div>\n\t\t\t\t\t<div id=\"elementor-tab-content-2175\" class=\"elementor-tab-content elementor-clearfix\" data-tab=\"5\" role=\"region\" aria-labelledby=\"elementor-tab-title-2175\"><ul><li><strong>Prof. Dr. Refik D\u0130LBER<\/strong> &#8211; Ba\u015fkan<\/li><li><strong>Do\u00e7. Dr. Aynur KARABACAK \u00c7EL\u0130K<\/strong> &#8211; \u00dcye<\/li><li><strong>Prof. Dr. Mete ALIM<\/strong> &#8211; \u00dcye<\/li><li><strong>Prof. Dr. Alper \u00c7\u0130LTA\u015e<\/strong> &#8211; \u00dcye<\/li><li><strong>Prof. Dr. Sinan KO\u00c7Y\u0130\u011e\u0130T<\/strong> &#8211; \u00dcye<\/li><li><strong>Do\u00e7. Dr. Ceyhun OZAN<\/strong> &#8211; \u00dcye<\/li><li><strong>Do\u00e7. Dr. Serkan YILDIRIM<\/strong> &#8211; \u00dcye<\/li><li><strong>Do\u00e7. Dr. Adnan TA\u015eGIN<\/strong> &#8211; \u00dcye<\/li><li><strong>Ergun AY\u015eEN<\/strong> &#8211; \u00dcye &#8211; Enstit\u00fc Sekreteri<\/li><li><strong>Yeter \u00dcNL\u00dc<\/strong> &#8211; \u00dcye &#8211; Doktora \u00d6\u011frencisi<\/li><\/ul><\/div>\n\t\t\t\t<\/div>\n\t\t\t\t\t\t\t<div class=\"elementor-accordion-item\">\n\t\t\t\t\t<div id=\"elementor-tab-title-2176\" class=\"elementor-tab-title\" data-tab=\"6\" role=\"button\" aria-controls=\"elementor-tab-content-2176\" aria-expanded=\"false\">\n\t\t\t\t\t\t\t\t\t\t\t\t\t<span class=\"elementor-accordion-icon elementor-accordion-icon-left\" aria-hidden=\"true\">\n\t\t\t\t\t\t\t\t\t\t\t\t\t\t\t<span class=\"elementor-accordion-icon-closed\"><i class=\"fas fa-plus\"><\/i><\/span>\n\t\t\t\t\t\t\t\t<span class=\"elementor-accordion-icon-opened\"><i class=\"fas fa-minus\"><\/i><\/span>\n\t\t\t\t\t\t\t\t\t\t\t\t\t\t<\/span>\n\t\t\t\t\t\t\t\t\t\t\t\t<a class=\"elementor-accordion-title\" tabindex=\"0\">E\u011fitim Ara\u015ft\u0131rmalar\u0131 Komisyonu<\/a>\n\t\t\t\t\t<\/div>\n\t\t\t\t\t<div id=\"elementor-tab-content-2176\" class=\"elementor-tab-content elementor-clearfix\" data-tab=\"6\" role=\"region\" aria-labelledby=\"elementor-tab-title-2176\"><ul><li><strong>Prof. Dr. Refik D\u0130LBER<\/strong> &#8211; Ba\u015fkan &#8211; Enstit\u00fc M\u00fcd\u00fcr\u00fc<\/li><li><strong>Do\u00e7. Dr. G\u00fcrkan YILDIRIM<\/strong> &#8211; Ba\u015fkan Yrd. &#8211; Enstit\u00fc M\u00fcd\u00fcr Yrd.<\/li><li><strong>Do\u00e7. Dr. Aynur KARABACAK \u00c7EL\u0130K<\/strong> &#8211; \u00dcye &#8211; Enstit\u00fc M\u00fcd\u00fcr Yrd.<\/li><li><strong>Prof. Dr. Nurta\u00e7 CANPOLAT<\/strong> &#8211; \u00dcye<\/li><li><strong>Prof. Dr. Abdullah KAPLAN<\/strong> &#8211; \u00dcye<\/li><li><strong>Prof. Dr. Sinan KO\u00c7Y\u0130\u011e\u0130T<\/strong> &#8211; \u00dcye<\/li><li><strong>Prof. Dr. Adnan TA\u015eGIN<\/strong> &#8211; \u00dcye<\/li><li><strong>Do\u00e7. Dr. Ceyhun OZAN<\/strong> &#8211; \u00dcye<\/li><li><strong>Ergun AY\u015eEN<\/strong> &#8211; \u00dcye &#8211; Enstit\u00fc Sekreteri<\/li><li><strong>Ramazan AKG\u00d6Z<\/strong> &#8211; \u00dcye &#8211; \u00d6\u011frenci Temsilcisi<\/li><\/ul><\/div>\n\t\t\t\t<\/div>\n\t\t\t\t\t\t\t<div class=\"elementor-accordion-item\">\n\t\t\t\t\t<div id=\"elementor-tab-title-2177\" class=\"elementor-tab-title\" data-tab=\"7\" role=\"button\" aria-controls=\"elementor-tab-content-2177\" aria-expanded=\"false\">\n\t\t\t\t\t\t\t\t\t\t\t\t\t<span class=\"elementor-accordion-icon elementor-accordion-icon-left\" aria-hidden=\"true\">\n\t\t\t\t\t\t\t\t\t\t\t\t\t\t\t<span class=\"elementor-accordion-icon-closed\"><i class=\"fas fa-plus\"><\/i><\/span>\n\t\t\t\t\t\t\t\t<span class=\"elementor-accordion-icon-opened\"><i class=\"fas fa-minus\"><\/i><\/span>\n\t\t\t\t\t\t\t\t\t\t\t\t\t\t<\/span>\n\t\t\t\t\t\t\t\t\t\t\t\t<a class=\"elementor-accordion-title\" tabindex=\"0\">Program De\u011ferlendirme Komisyonu<\/a>\n\t\t\t\t\t<\/div>\n\t\t\t\t\t<div id=\"elementor-tab-content-2177\" class=\"elementor-tab-content elementor-clearfix\" data-tab=\"7\" role=\"region\" aria-labelledby=\"elementor-tab-title-2177\"><ul><li><strong>Prof. Dr. Refik D\u0130LBER<\/strong> &#8211; Ba\u015fkan &#8211; Enstit\u00fc M\u00fcd\u00fcr\u00fc<\/li><li><strong>Prof. Dr. Adnan TA\u015eGIN<\/strong> &#8211; Ba\u015fkan Yrd.<\/li><li><strong>Do\u00e7. Dr. G\u00fcrkan YILDIRIM<\/strong> &#8211; \u00dcye &#8211; Enstit\u00fc M\u00fcd\u00fcr Yrd.<\/li><li><strong>Prof. Dr. Sevda K\u00dc\u00c7\u00dcK<\/strong> &#8211; \u00dcye<\/li><li><strong>Do\u00e7. Dr. Ay\u015feg\u00fcl TAKKA\u00c7 TULGAR<\/strong> &#8211; \u00dcye<\/li><li><strong>Do\u00e7. Dr. Yasemin TA\u015e<\/strong> &#8211; \u00dcye<\/li><li><strong>Do\u00e7. Dr. Fatih VEY\u0130S<\/strong> &#8211; \u00dcye<\/li><li><strong>Ar\u015f. G\u00f6r. Dr. Duygu \u0130LER\u0130T\u00dcRK<\/strong> &#8211; \u00dcye<\/li><li><strong>Ar\u015f. G\u00f6r. Dr. Nilay \u00c7EL\u0130K ERCO\u015eKUN<\/strong> &#8211; \u00dcye &#8211; \u00d6\u011frenci Temsilcisi<\/li><li><strong>Ergun AY\u015eEN<\/strong> &#8211; \u00dcye &#8211; Enstit\u00fc Sekreteri<\/li><\/ul><\/div>\n\t\t\t\t<\/div>\n\t\t\t\t\t\t\t<div class=\"elementor-accordion-item\">\n\t\t\t\t\t<div id=\"elementor-tab-title-2178\" class=\"elementor-tab-title\" data-tab=\"8\" role=\"button\" aria-controls=\"elementor-tab-content-2178\" aria-expanded=\"false\">\n\t\t\t\t\t\t\t\t\t\t\t\t\t<span class=\"elementor-accordion-icon elementor-accordion-icon-left\" aria-hidden=\"true\">\n\t\t\t\t\t\t\t\t\t\t\t\t\t\t\t<span class=\"elementor-accordion-icon-closed\"><i class=\"fas fa-plus\"><\/i><\/span>\n\t\t\t\t\t\t\t\t<span class=\"elementor-accordion-icon-opened\"><i class=\"fas fa-minus\"><\/i><\/span>\n\t\t\t\t\t\t\t\t\t\t\t\t\t\t<\/span>\n\t\t\t\t\t\t\t\t\t\t\t\t<a class=\"elementor-accordion-title\" tabindex=\"0\">Strateji Komisyonu<\/a>\n\t\t\t\t\t<\/div>\n\t\t\t\t\t<div id=\"elementor-tab-content-2178\" class=\"elementor-tab-content elementor-clearfix\" data-tab=\"8\" role=\"region\" aria-labelledby=\"elementor-tab-title-2178\"><ul><li><strong>Prof. Dr. Refik D\u0130LBER<\/strong> &#8211; Ba\u015fkan<\/li><li><strong>Do\u00e7. Dr. Muhammet Hanifi ERCO\u015eKUN<\/strong> &#8211; Ba\u015fkan Yrd.<\/li><li><strong>Do\u00e7. Dr. G\u00fcrkan YILDIRIM<\/strong> &#8211; \u00dcye &#8211; Enstit\u00fc M\u00fcd\u00fcr Yrd.<\/li><li><strong>Do\u00e7. Dr. Aynur KARABACAK \u00c7EL\u0130K<\/strong> &#8211; \u00dcye &#8211; Enstit\u00fc M\u00fcd\u00fcr Yrd.<\/li><li><strong>Do\u00e7. Dr. Zekerya AKKU\u015e<\/strong> &#8211; \u00dcye<\/li><li><strong>Do\u00e7. Dr. Merve GE\u00c7\u0130KL\u0130<\/strong> &#8211; \u00dcye<\/li><li><strong>Do\u00e7. Dr. Seda OKUMU\u015e<\/strong> &#8211; \u00dcye<\/li><li><strong>Dr. \u00d6\u011fr. \u00dcyesi Erol \u00dcZAN<\/strong> &#8211; \u00dcye<\/li><li><strong>Ar\u015f. G\u00f6r. M\u00fclkiye Ezgi \u0130SKENDER<\/strong> &#8211; \u00dcye &#8211; \u00d6\u011frenci Temsilcisi<\/li><li><strong>Ergun AY\u015eEN<\/strong> &#8211; \u00dcye &#8211; Enstit\u00fc Sekreteri<\/li><\/ul><\/div>\n\t\t\t\t<\/div>\n\t\t\t\t\t\t\t<div class=\"elementor-accordion-item\">\n\t\t\t\t\t<div id=\"elementor-tab-title-2179\" class=\"elementor-tab-title\" data-tab=\"9\" role=\"button\" aria-controls=\"elementor-tab-content-2179\" aria-expanded=\"false\">\n\t\t\t\t\t\t\t\t\t\t\t\t\t<span class=\"elementor-accordion-icon elementor-accordion-icon-left\" aria-hidden=\"true\">\n\t\t\t\t\t\t\t\t\t\t\t\t\t\t\t<span class=\"elementor-accordion-icon-closed\"><i class=\"fas fa-plus\"><\/i><\/span>\n\t\t\t\t\t\t\t\t<span class=\"elementor-accordion-icon-opened\"><i class=\"fas fa-minus\"><\/i><\/span>\n\t\t\t\t\t\t\t\t\t\t\t\t\t\t<\/span>\n\t\t\t\t\t\t\t\t\t\t\t\t<a class=\"elementor-accordion-title\" tabindex=\"0\">\u0130\u00e7 De\u011ferlendirme Komisyonu<\/a>\n\t\t\t\t\t<\/div>\n\t\t\t\t\t<div id=\"elementor-tab-content-2179\" class=\"elementor-tab-content elementor-clearfix\" data-tab=\"9\" role=\"region\" aria-labelledby=\"elementor-tab-title-2179\"><ul><li><strong>Prof. Dr. Refik D\u0130LBER<\/strong> &#8211; Ba\u015fkan<\/li><li><strong>Prof. Dr. Og\u00fcn CO\u015eKUN<\/strong> &#8211; Ba\u015fkan Yrd.<\/li><li><strong>Do\u00e7. Dr. Aynur KARABACAK \u00c7EL\u0130K<\/strong> &#8211; \u00dcye &#8211; Enstit\u00fc M\u00fcd\u00fcr Yrd.<\/li><li><strong>Do\u00e7. Dr. Ceyhun OZAN<\/strong> &#8211; \u00dcye &#8211; Enstit\u00fc M\u00fcd\u00fcr Yrd.<\/li><li><strong>Do\u00e7. Dr. \u0130sa YILDIRIM<\/strong> &#8211; \u00dcye<\/li><li><strong>Do\u00e7. Dr. Zeynep C\u0130N \u015eEKER<\/strong> &#8211; \u00dcye<\/li><li><strong>Dr. \u00d6\u011fr. \u00dcyesi M\u00fcr\u00fcvvet DEM\u0130RAL<\/strong> \u00dcZAN &#8211; \u00dcye<\/li><li><strong>Dr. \u00d6\u011fr. \u00dcyesi \u00d6zlem OKTAY<\/strong> &#8211; \u00dcye<\/li><li><strong>Ar\u015f. G\u00f6r. Dr. Sibel B\u0130LG\u0130L\u0130<\/strong> &#8211; \u00dcye &#8211; \u00d6\u011frenci Temsilcisi<\/li><li><strong>Ergun AY\u015eEN<\/strong> &#8211; \u00dcye &#8211; Enstit\u00fc Sekreteri<\/li><\/ul><\/div>\n\t\t\t\t<\/div>\n\t\t\t\t\t\t\t<div class=\"elementor-accordion-item\">\n\t\t\t\t\t<div id=\"elementor-tab-title-21710\" class=\"elementor-tab-title\" data-tab=\"10\" role=\"button\" aria-controls=\"elementor-tab-content-21710\" aria-expanded=\"false\">\n\t\t\t\t\t\t\t\t\t\t\t\t\t<span class=\"elementor-accordion-icon elementor-accordion-icon-left\" aria-hidden=\"true\">\n\t\t\t\t\t\t\t\t\t\t\t\t\t\t\t<span class=\"elementor-accordion-icon-closed\"><i class=\"fas fa-plus\"><\/i><\/span>\n\t\t\t\t\t\t\t\t<span class=\"elementor-accordion-icon-opened\"><i class=\"fas fa-minus\"><\/i><\/span>\n\t\t\t\t\t\t\t\t\t\t\t\t\t\t<\/span>\n\t\t\t\t\t\t\t\t\t\t\t\t<a class=\"elementor-accordion-title\" tabindex=\"0\">Toplumsal Katk\u0131 Komisyonu<\/a>\n\t\t\t\t\t<\/div>\n\t\t\t\t\t<div id=\"elementor-tab-content-21710\" class=\"elementor-tab-content elementor-clearfix\" data-tab=\"10\" role=\"region\" aria-labelledby=\"elementor-tab-title-21710\"><ul><li><strong>Prof. Dr. Refik D\u0130LBER<\/strong> &#8211; Ba\u015fkan<\/li><li><strong>Prof. Dr. Ali YILDIZ<\/strong> &#8211; Ba\u015fkan Yrd.<\/li><li><strong>Do\u00e7. Dr. G\u00fcrkan YILDIRIM<\/strong> &#8211; \u00dcye &#8211; Enstit\u00fc M\u00fcd\u00fcr Yrd.<\/li><li><strong>Do\u00e7. Dr. \u015eeyda ERASLAN TA\u015ePINAR<\/strong> &#8211; \u00dcye<\/li><li><strong>Do\u00e7. Dr. Mehmet Bu\u011fra \u00d6ZHAN<\/strong> &#8211; \u00dcye<\/li><li><strong>Do\u00e7. Dr. Zeynep C\u0130N \u015eEKER<\/strong> &#8211; \u00dcye<\/li><li><strong>Dr. \u00d6\u011fr. \u00dcyesi Gamze ALAK<\/strong> &#8211; \u00dcye<\/li><li><strong>Ar\u015f. G\u00f6r. Dr. Nesibe A\u011eIRMAN<\/strong> &#8211; \u00dcye &#8211; \u00d6\u011frenci Temsilcisi<\/li><li><strong>Ergun AY\u015eEN<\/strong> &#8211; \u00dcye &#8211; Enstit\u00fc Sekreteri<\/li><\/ul><\/div>\n\t\t\t\t<\/div>\n\t\t\t\t\t\t\t\t<\/div>\n\t\t\t\t\t\t<\/div>\n\t\t\t\t<\/div>\n\t\t\t\t\t<\/div>\n\t\t<\/div>\n\t\t\t\t\t<\/div>\n\t\t<\/section>\n\t\t\t\t<\/div>\n\t\t","protected":false},"excerpt":{"rendered":"<p>Kurullar Enstit\u00fc Kurulu Prof. Dr. Refik D\u0130LBER &#8211; Enstit\u00fc M\u00fcd\u00fcr\u00fc Do\u00e7. Dr. G\u00fcrkan YILDIRIM &#8211; Enstit\u00fc M\u00fcd\u00fcr Yard\u0131mc\u0131s\u0131 Do\u00e7. Dr. Aynur KARABACAK \u00c7EL\u0130K &#8211; Enstit\u00fc M\u00fcd\u00fcr Yard\u0131mc\u0131s\u0131 Do\u00e7. Dr. Serkan YILDIRIM &#8211; Bilgisayar ve \u00d6\u011fretim Teknolojileri E\u011fitimi Ana Bilim Dal\u0131 Ba\u015fkan\u0131 Prof. Dr. Adnan K\u00dc\u00c7\u00dcKO\u011eLU &#8211; E\u011fitim Bilimleri Ana Bilim Dal\u0131 Ba\u015fkan\u0131 Prof. Dr. Muhammet [&hellip;]<\/p>\n","protected":false},"author":632,"featured_media":0,"parent":0,"menu_order":0,"comment_status":"closed","ping_status":"closed","template":"elementor_header_footer","meta":{"footnotes":""},"class_list":["post-6420","page","type-page","status-publish","hentry"],"_links":{"self":[{"href":"https:\/\/atauni.edu.tr\/prestij-ana-bilim-dali\/wp-json\/wp\/v2\/pages\/6420","targetHints":{"allow":["GET"]}}],"collection":[{"href":"https:\/\/atauni.edu.tr\/prestij-ana-bilim-dali\/wp-json\/wp\/v2\/pages"}],"about":[{"href":"https:\/\/atauni.edu.tr\/prestij-ana-bilim-dali\/wp-json\/wp\/v2\/types\/page"}],"author":[{"embeddable":true,"href":"https:\/\/atauni.edu.tr\/prestij-ana-bilim-dali\/wp-json\/wp\/v2\/users\/632"}],"replies":[{"embeddable":true,"href":"https:\/\/atauni.edu.tr\/prestij-ana-bilim-dali\/wp-json\/wp\/v2\/comments?post=6420"}],"version-history":[{"count":19,"href":"https:\/\/atauni.edu.tr\/prestij-ana-bilim-dali\/wp-json\/wp\/v2\/pages\/6420\/revisions"}],"predecessor-version":[{"id":7414,"href":"https:\/\/atauni.edu.tr\/prestij-ana-bilim-dali\/wp-json\/wp\/v2\/pages\/6420\/revisions\/7414"}],"wp:attachment":[{"href":"https:\/\/atauni.edu.tr\/prestij-ana-bilim-dali\/wp-json\/wp\/v2\/media?parent=6420"}],"curies":[{"name":"wp","href":"https:\/\/api.w.org\/{rel}","templated":true}]}}