{"id":5682,"date":"2021-07-13T10:10:01","date_gmt":"2021-07-13T07:10:01","guid":{"rendered":"https:\/\/portaltest.atauni.edu.tr\/bilgisayar-muhendisligi\/?page_id=5682"},"modified":"2023-07-18T17:25:48","modified_gmt":"2023-07-18T14:25:48","slug":"misyon-vizyon-ve-temel-degerler","status":"publish","type":"page","link":"https:\/\/atauni.edu.tr\/rehberlik-ve-psikolojik-danismanlik-anabilim-dali\/misyon-vizyon-ve-temel-degerler\/","title":{"rendered":"Misyon, Vizyon ve Temel De\u011ferler"},"content":{"rendered":"\t\t<div data-elementor-type=\"wp-page\" data-elementor-id=\"5682\" class=\"elementor elementor-5682\" data-elementor-post-type=\"page\">\n\t\t\t\t\t\t<section class=\"elementor-section elementor-top-section elementor-element elementor-element-730d320 elementor-section-boxed elementor-section-height-default elementor-section-height-default\" data-id=\"730d320\" data-element_type=\"section\">\n\t\t\t\t\t\t<div class=\"elementor-container elementor-column-gap-default\">\n\t\t\t\t\t<div class=\"elementor-column elementor-col-100 elementor-top-column elementor-element elementor-element-753d0860\" data-id=\"753d0860\" data-element_type=\"column\">\n\t\t\t<div class=\"elementor-widget-wrap\">\n\t\t\t\t\t\t\t<\/div>\n\t\t<\/div>\n\t\t\t\t\t<\/div>\n\t\t<\/section>\n\t\t\t\t<section class=\"elementor-section elementor-top-section elementor-element elementor-element-9be811a elementor-section-boxed elementor-section-height-default elementor-section-height-default\" data-id=\"9be811a\" data-element_type=\"section\">\n\t\t\t\t\t\t<div class=\"elementor-container elementor-column-gap-default\">\n\t\t\t\t\t<div class=\"elementor-column elementor-col-100 elementor-top-column elementor-element elementor-element-1ed847b7\" data-id=\"1ed847b7\" data-element_type=\"column\">\n\t\t\t<div class=\"elementor-widget-wrap elementor-element-populated\">\n\t\t\t\t\t\t<div class=\"elementor-element elementor-element-4ce0d07f elementor-widget elementor-widget-heading\" data-id=\"4ce0d07f\" data-element_type=\"widget\" data-widget_type=\"heading.default\">\n\t\t\t\t<div class=\"elementor-widget-container\">\n\t\t\t\t\t<h2 class=\"elementor-heading-title elementor-size-default\">Misyon, Vizyon ve Temel De\u011ferler<\/h2>\t\t\t\t<\/div>\n\t\t\t\t<\/div>\n\t\t\t\t<div class=\"elementor-element elementor-element-63260862 elementor-widget-divider--view-line elementor-widget elementor-widget-divider\" data-id=\"63260862\" data-element_type=\"widget\" data-widget_type=\"divider.default\">\n\t\t\t\t<div class=\"elementor-widget-container\">\n\t\t\t\t\t\t\t<div class=\"elementor-divider\">\n\t\t\t<span class=\"elementor-divider-separator\">\n\t\t\t\t\t\t<\/span>\n\t\t<\/div>\n\t\t\t\t\t\t<\/div>\n\t\t\t\t<\/div>\n\t\t\t\t\t<\/div>\n\t\t<\/div>\n\t\t\t\t\t<\/div>\n\t\t<\/section>\n\t\t\t\t<section class=\"elementor-section elementor-top-section elementor-element elementor-element-5f0e071 elementor-section-boxed elementor-section-height-default elementor-section-height-default\" data-id=\"5f0e071\" data-element_type=\"section\">\n\t\t\t\t\t\t<div class=\"elementor-container elementor-column-gap-default\">\n\t\t\t\t\t<div class=\"elementor-column elementor-col-100 elementor-top-column elementor-element elementor-element-a447ac9\" data-id=\"a447ac9\" data-element_type=\"column\">\n\t\t\t<div class=\"elementor-widget-wrap elementor-element-populated\">\n\t\t\t\t\t\t<div class=\"elementor-element elementor-element-5edd2dd elementor-widget elementor-widget-text-editor\" data-id=\"5edd2dd\" data-element_type=\"widget\" data-widget_type=\"text-editor.default\">\n\t\t\t\t<div class=\"elementor-widget-container\">\n\t\t\t\t\t\t\t\t\t<p><strong><span style=\"background-color: transparent;color: #0000ff;font-family: var( --e-global-typography-text-font-family ), Sans-serif;letter-spacing: 0px\">Misyonumuz<\/span><\/strong><b><br \/><\/b><\/p><p style=\"text-align: justify\"><span style=\"color: #000000\">Rehberlik ve psikolojik dan\u0131\u015fmanl\u0131k alan\u0131nda yeti\u015ftirdi\u011fi bireylerin; kendilerine ve \u00e7evresine duyarl\u0131, sorumluluk sahibi, \u00e7a\u011fda\u015f ara\u015ft\u0131ran, sorgulayan,<\/span><\/p><p style=\"text-align: justify\"><span style=\"color: #000000\">Duygu ve d\u00fc\u015f\u00fcncelerini uygun ileti\u015fim becerileri ile ifade eden,<\/span><\/p><p style=\"text-align: justify\"><span style=\"color: #000000\">Empati becerileri geli\u015fmi\u015f, olumlu ve yap\u0131c\u0131 ki\u015fileraras\u0131 ili\u015fkiler kurabilen,<\/span><\/p><p style=\"text-align: justify\"><span style=\"color: #000000\">Ama\u00e7lar\u0131n\u0131 net bir bi\u00e7imde belirleyen ve bu ama\u00e7lara ula\u015fabilmek i\u00e7in uygun davran\u0131\u015f ve d\u00fc\u015f\u00fcnce bi\u00e7imi geli\u015ftirebilen,<\/span><\/p><p style=\"text-align: justify\"><span style=\"color: #000000\">Bireysel farkl\u0131l\u0131klar\u0131 kabul eden ve bu farkl\u0131l\u0131klara sayg\u0131 g\u00f6sterebilen,<\/span><\/p><p style=\"text-align: justify\"><span style=\"color: #000000\">Y\u00fcksek\u00f6\u011fretimin ihtiyac\u0131 olan \u00f6\u011fretim elemanlar\u0131n\u0131 yeti\u015ftirebilen,<\/span><\/p><p style=\"text-align: justify\"><span style=\"color: #000000\">Toplumsal sorunlara duyarl\u0131, ki\u015fisel ve sosyal a\u00e7\u0131lardan sorumluluk sahibi, topluma pozitif katk\u0131 sa\u011flayabilecek f\u0131rsatlar olu\u015fturabilen,\u00a0<\/span><\/p><p style=\"text-align: justify\"><span style=\"color: #000000\">Rehberlik ve psikolojik dan\u0131\u015fmanl\u0131k alan\u0131ndaki etik ilkelerin fark\u0131nda olan ve uygulayabilen psikolojik dan\u0131\u015fmanlar yeti\u015ftirerek, bu psikolojik dan\u0131\u015fmanlar\u0131n mesleki ya\u015famlar\u0131nda nitelikli hizmetler sunmas\u0131na katk\u0131 sa\u011flamak ve edindikleri bilgileri toplum yarar\u0131na d\u00f6n\u00fc\u015ft\u00fcrebilen,<\/span><\/p><p style=\"text-align: justify\"><span style=\"color: #000000\">Yapt\u0131\u011f\u0131 ara\u015ft\u0131rmalar, projeler ve mezun edece\u011fi nitelikli \u00f6\u011frenciler arac\u0131l\u0131\u011f\u0131 ile ulusal ve uluslararas\u0131 bilimsel\u00a0ara\u015ft\u0131rma kalitesinin y\u00fckselmesine katk\u0131 sa\u011flayan bir ana bilim dal\u0131 olmakt\u0131r.<\/span><\/p><p><span style=\"color: #0000ff\"><b>Vizyonumuz<\/b><\/span><\/p><p style=\"text-align: justify\"><span style=\"color: #000000\">Rehberlik ve psikolojik dan\u0131\u015fmanl\u0131k alan\u0131nda yeti\u015fen bireylerin yeterliklerini evrensel de\u011ferler \u0131\u015f\u0131\u011f\u0131nda,\u00a0 kendilerini geli\u015ftirmeye a\u00e7\u0131k bir konuma getirmek ve kapasitelerini kendi ilgi ve yetenekleri do\u011frultusunda en uygun d\u00fczeyde geli\u015ftirebilmelerine olanak sa\u011flamakt\u0131r.<\/span> \u00a0<\/p><p style=\"text-align: justify\"><span style=\"color: #0000ff\"><b>Stratejik ama\u00e7lar\u0131m\u0131z <\/b><\/span><\/p><p style=\"text-align: justify\"><span style=\"color: #000000\">1. E\u011fitimin kalitesini art\u0131rmak<\/span><\/p><p style=\"text-align: justify\"><span style=\"color: #000000\">2. Ara\u015ft\u0131rma kalitesini ve verimlili\u011fini art\u0131rmak<\/span><\/p><p style=\"text-align: justify\"><span style=\"color: #000000\">3. Toplumsal katk\u0131y\u0131 art\u0131rmak<\/span><\/p><p style=\"text-align: justify\"><span style=\"color: #000000\">4. Alt yap\u0131 ve donan\u0131m eksikliklerini gidermek<\/span><\/p><p style=\"text-align: justify\"><span style=\"color: #000000\">5. Hizmetlerimizin ve mali kaynaklar\u0131n verimlili\u011fini art\u0131rmak, yenilerini yaratmak<\/span><\/p><p style=\"text-align: justify\"><span style=\"color: #000000\">6. Akademik ve idari personeli nitelik ve nicelik y\u00f6n\u00fcnden geli\u015ftirmek<\/span><\/p><p><strong><span style=\"color: #0000ff\">Temel De\u011ferlerimiz<\/span><\/strong><\/p><p><span style=\"color: #000000\">\u00c7a\u011fda\u015fl\u0131k<\/span><\/p><p><span style=\"color: #000000\">Bilimsellik<\/span><\/p><p><span style=\"color: #000000\">Evrensellik<\/span><\/p><p><span style=\"color: #000000\">Etik de\u011ferlere ba\u011fl\u0131l\u0131k<\/span><\/p><p><span style=\"color: #000000\">E\u011fitim, ara\u015ft\u0131rma ve ifade \u00f6zg\u00fcrl\u00fc\u011f\u00fc<\/span><\/p><p><span style=\"color: #000000\">\u00c7evreye duyarl\u0131 yakla\u015f\u0131m<\/span><\/p><p><span style=\"color: #000000\">Kalite<\/span><\/p><p><span style=\"color: #000000\">Kat\u0131l\u0131mc\u0131l\u0131k<\/span><\/p><p><span style=\"color: #000000\">Nesnellik<\/span><\/p><p>\u00a0<\/p>\t\t\t\t\t\t\t\t<\/div>\n\t\t\t\t<\/div>\n\t\t\t\t\t<\/div>\n\t\t<\/div>\n\t\t\t\t\t<\/div>\n\t\t<\/section>\n\t\t\t\t<\/div>\n\t\t","protected":false},"excerpt":{"rendered":"<p>Misyon, Vizyon ve Temel De\u011ferler Misyonumuz Rehberlik ve psikolojik dan\u0131\u015fmanl\u0131k alan\u0131nda yeti\u015ftirdi\u011fi bireylerin; kendilerine ve \u00e7evresine duyarl\u0131, sorumluluk sahibi, \u00e7a\u011fda\u015f ara\u015ft\u0131ran, sorgulayan, Duygu ve d\u00fc\u015f\u00fcncelerini uygun ileti\u015fim becerileri ile ifade eden, Empati becerileri geli\u015fmi\u015f, olumlu ve yap\u0131c\u0131 ki\u015fileraras\u0131 ili\u015fkiler kurabilen, Ama\u00e7lar\u0131n\u0131 net bir bi\u00e7imde belirleyen ve bu ama\u00e7lara ula\u015fabilmek i\u00e7in uygun davran\u0131\u015f ve d\u00fc\u015f\u00fcnce bi\u00e7imi [&hellip;]<\/p>\n","protected":false},"author":1,"featured_media":0,"parent":0,"menu_order":0,"comment_status":"closed","ping_status":"closed","template":"elementor_header_footer","meta":{"footnotes":""},"class_list":["post-5682","page","type-page","status-publish","hentry"],"_links":{"self":[{"href":"https:\/\/atauni.edu.tr\/rehberlik-ve-psikolojik-danismanlik-anabilim-dali\/wp-json\/wp\/v2\/pages\/5682","targetHints":{"allow":["GET"]}}],"collection":[{"href":"https:\/\/atauni.edu.tr\/rehberlik-ve-psikolojik-danismanlik-anabilim-dali\/wp-json\/wp\/v2\/pages"}],"about":[{"href":"https:\/\/atauni.edu.tr\/rehberlik-ve-psikolojik-danismanlik-anabilim-dali\/wp-json\/wp\/v2\/types\/page"}],"author":[{"embeddable":true,"href":"https:\/\/atauni.edu.tr\/rehberlik-ve-psikolojik-danismanlik-anabilim-dali\/wp-json\/wp\/v2\/users\/1"}],"replies":[{"embeddable":true,"href":"https:\/\/atauni.edu.tr\/rehberlik-ve-psikolojik-danismanlik-anabilim-dali\/wp-json\/wp\/v2\/comments?post=5682"}],"version-history":[{"count":11,"href":"https:\/\/atauni.edu.tr\/rehberlik-ve-psikolojik-danismanlik-anabilim-dali\/wp-json\/wp\/v2\/pages\/5682\/revisions"}],"predecessor-version":[{"id":6519,"href":"https:\/\/atauni.edu.tr\/rehberlik-ve-psikolojik-danismanlik-anabilim-dali\/wp-json\/wp\/v2\/pages\/5682\/revisions\/6519"}],"wp:attachment":[{"href":"https:\/\/atauni.edu.tr\/rehberlik-ve-psikolojik-danismanlik-anabilim-dali\/wp-json\/wp\/v2\/media?parent=5682"}],"curies":[{"name":"wp","href":"https:\/\/api.w.org\/{rel}","templated":true}]}}