{"id":7549,"date":"2024-11-10T20:08:10","date_gmt":"2024-11-10T17:08:10","guid":{"rendered":"https:\/\/birimler.atauni.edu.tr\/resim-bolumu\/?page_id=7549"},"modified":"2025-02-18T00:00:28","modified_gmt":"2025-02-17T21:00:28","slug":"rapor-hazirlama","status":"publish","type":"page","link":"https:\/\/atauni.edu.tr\/resim-bolumu\/rapor-hazirlama\/","title":{"rendered":"Rapor Haz\u0131rlama"},"content":{"rendered":"\t\t<div data-elementor-type=\"wp-page\" data-elementor-id=\"7549\" class=\"elementor elementor-7549\" data-elementor-post-type=\"page\">\n\t\t\t\t\t\t<section class=\"elementor-section elementor-top-section elementor-element elementor-element-832cb36 elementor-section-boxed elementor-section-height-default elementor-section-height-default\" data-id=\"832cb36\" data-element_type=\"section\">\n\t\t\t\t\t\t<div class=\"elementor-container elementor-column-gap-default\">\n\t\t\t\t\t<div class=\"elementor-column elementor-col-100 elementor-top-column elementor-element elementor-element-f0f326c\" data-id=\"f0f326c\" data-element_type=\"column\">\n\t\t\t<div class=\"elementor-widget-wrap elementor-element-populated\">\n\t\t\t\t\t\t<div class=\"elementor-element elementor-element-47d2020 elementor-widget elementor-widget-accordion\" data-id=\"47d2020\" data-element_type=\"widget\" data-widget_type=\"accordion.default\">\n\t\t\t\t<div class=\"elementor-widget-container\">\n\t\t\t\t\t\t\t<div class=\"elementor-accordion\">\n\t\t\t\t\t\t\t<div class=\"elementor-accordion-item\">\n\t\t\t\t\t<div id=\"elementor-tab-title-7531\" class=\"elementor-tab-title\" data-tab=\"1\" role=\"button\" aria-controls=\"elementor-tab-content-7531\" aria-expanded=\"false\">\n\t\t\t\t\t\t\t\t\t\t\t\t\t<span class=\"elementor-accordion-icon elementor-accordion-icon-left\" aria-hidden=\"true\">\n\t\t\t\t\t\t\t\t\t\t\t\t\t\t\t<span class=\"elementor-accordion-icon-closed\"><i class=\"fas fa-plus\"><\/i><\/span>\n\t\t\t\t\t\t\t\t<span class=\"elementor-accordion-icon-opened\"><i class=\"fas fa-minus\"><\/i><\/span>\n\t\t\t\t\t\t\t\t\t\t\t\t\t\t<\/span>\n\t\t\t\t\t\t\t\t\t\t\t\t<a class=\"elementor-accordion-title\" tabindex=\"0\">B\u00f6l\u00fcm Stratejik Raporu<\/a>\n\t\t\t\t\t<\/div>\n\t\t\t\t\t<div id=\"elementor-tab-content-7531\" class=\"elementor-tab-content elementor-clearfix\" data-tab=\"1\" role=\"region\" aria-labelledby=\"elementor-tab-title-7531\"><p style=\"margin: 0cm 0cm 0cm 5.35pt;line-height: 14.5pt;font-size: 11pt;font-family: Calibri, sans-serif\"><span style=\"font-size: 12pt\">Do\u00e7. Evren KAVUKCU<\/span><\/p>\n<p style=\"margin: 0cm 0cm 0cm 5.35pt;line-height: 14.5pt;font-size: 11pt;font-family: Calibri, sans-serif\"><span style=\"font-size: 12pt\">Do\u00e7. Hatice DO\u011eAN<\/span><\/p>\n<p style=\"margin: 0cm 0cm 0cm 5.35pt;line-height: 14.5pt;font-size: 11pt;font-family: Calibri, sans-serif\"><span style=\"font-size: 12pt\">Ar\u015f.G\u00f6r.Ahmet DEM\u0130R<\/span><\/p>\n<p style=\"margin: 0cm 0cm 0cm 5.35pt;line-height: 14.5pt;font-size: 11pt;font-family: Calibri, sans-serif\"><span style=\"font-size: 12pt;font-weight: var( --e-global-typography-text-font-weight );letter-spacing: 0px\">Ar\u015f.G\u00f6r. Ebru ARSLAN<\/span><\/p><\/div>\n\t\t\t\t<\/div>\n\t\t\t\t\t\t\t<div class=\"elementor-accordion-item\">\n\t\t\t\t\t<div id=\"elementor-tab-title-7532\" class=\"elementor-tab-title\" data-tab=\"2\" role=\"button\" aria-controls=\"elementor-tab-content-7532\" aria-expanded=\"false\">\n\t\t\t\t\t\t\t\t\t\t\t\t\t<span class=\"elementor-accordion-icon elementor-accordion-icon-left\" aria-hidden=\"true\">\n\t\t\t\t\t\t\t\t\t\t\t\t\t\t\t<span class=\"elementor-accordion-icon-closed\"><i class=\"fas fa-plus\"><\/i><\/span>\n\t\t\t\t\t\t\t\t<span class=\"elementor-accordion-icon-opened\"><i class=\"fas fa-minus\"><\/i><\/span>\n\t\t\t\t\t\t\t\t\t\t\t\t\t\t<\/span>\n\t\t\t\t\t\t\t\t\t\t\t\t<a class=\"elementor-accordion-title\" tabindex=\"0\">Program \u00d6z De\u011ferlendirme Raporu<\/a>\n\t\t\t\t\t<\/div>\n\t\t\t\t\t<div id=\"elementor-tab-content-7532\" class=\"elementor-tab-content elementor-clearfix\" data-tab=\"2\" role=\"region\" aria-labelledby=\"elementor-tab-title-7532\"><p style=\"margin: 0cm 0cm 0cm 5.35pt;line-height: 14.5pt;font-size: 11pt;font-family: Calibri, sans-serif\"><span style=\"font-size: 12pt\">Do\u00e7. Evren KAVUKCU<\/span><\/p>\n<p style=\"margin: 0cm 0cm 0cm 5.35pt;line-height: 14.5pt;font-size: 11pt;font-family: Calibri, sans-serif\"><span style=\"font-size: 12pt\">Do\u00e7. Hatice DO\u011eAN<\/span><\/p>\n<p style=\"margin: 0cm 0cm 0cm 5.35pt;line-height: 14.5pt;font-size: 11pt;font-family: Calibri, sans-serif\"><span style=\"font-size: 12pt\">Ar\u015f.G\u00f6r.Ahmet DEM\u0130R<\/span><\/p><p style=\"margin: 0cm 0cm 0cm 5.35pt;line-height: 14.5pt;font-size: 11pt;font-family: Calibri, sans-serif\"><span style=\"font-size: 12pt;font-weight: var( --e-global-typography-text-font-weight );letter-spacing: 0px;color: var( --e-global-color-text )\">Ar\u015f.G\u00f6r. Ebru ARSLAN<\/span><\/p><\/div>\n\t\t\t\t<\/div>\n\t\t\t\t\t\t\t<div class=\"elementor-accordion-item\">\n\t\t\t\t\t<div id=\"elementor-tab-title-7533\" class=\"elementor-tab-title\" data-tab=\"3\" role=\"button\" aria-controls=\"elementor-tab-content-7533\" aria-expanded=\"false\">\n\t\t\t\t\t\t\t\t\t\t\t\t\t<span class=\"elementor-accordion-icon elementor-accordion-icon-left\" aria-hidden=\"true\">\n\t\t\t\t\t\t\t\t\t\t\t\t\t\t\t<span class=\"elementor-accordion-icon-closed\"><i class=\"fas fa-plus\"><\/i><\/span>\n\t\t\t\t\t\t\t\t<span class=\"elementor-accordion-icon-opened\"><i class=\"fas fa-minus\"><\/i><\/span>\n\t\t\t\t\t\t\t\t\t\t\t\t\t\t<\/span>\n\t\t\t\t\t\t\t\t\t\t\t\t<a class=\"elementor-accordion-title\" tabindex=\"0\">B\u00f6l\u00fcm Faaliyet Raporu<\/a>\n\t\t\t\t\t<\/div>\n\t\t\t\t\t<div id=\"elementor-tab-content-7533\" class=\"elementor-tab-content elementor-clearfix\" data-tab=\"3\" role=\"region\" aria-labelledby=\"elementor-tab-title-7533\"><p style=\"margin: 0cm 0cm 0cm 5.35pt;line-height: 14.5pt;font-size: 11pt;font-family: Calibri, sans-serif\"><span style=\"font-size: 12pt;font-weight: var( --e-global-typography-text-font-weight );letter-spacing: 0px\">Do\u00e7. Hatice DO\u011eAN<\/span><\/p>\n<p style=\"margin: 0cm 0cm 0cm 5.35pt;line-height: 14.5pt;font-size: 11pt;font-family: Calibri, sans-serif\"><span style=\"font-size: 12pt\">Ar\u015f.G\u00f6r.Ahmet DEM\u0130R<\/span><\/p>\n<p style=\"margin: 0cm 0cm 0cm 5.35pt;line-height: 14.5pt;font-size: 11pt;font-family: Calibri, sans-serif\"><span style=\"font-size: 12pt;font-weight: var( --e-global-typography-text-font-weight );letter-spacing: 0px\">Ar\u015f.G\u00f6r. Ebru ARSLAN<\/span><\/p><\/div>\n\t\t\t\t<\/div>\n\t\t\t\t\t\t\t<div class=\"elementor-accordion-item\">\n\t\t\t\t\t<div id=\"elementor-tab-title-7534\" class=\"elementor-tab-title\" data-tab=\"4\" role=\"button\" aria-controls=\"elementor-tab-content-7534\" aria-expanded=\"false\">\n\t\t\t\t\t\t\t\t\t\t\t\t\t<span class=\"elementor-accordion-icon elementor-accordion-icon-left\" aria-hidden=\"true\">\n\t\t\t\t\t\t\t\t\t\t\t\t\t\t\t<span class=\"elementor-accordion-icon-closed\"><i class=\"fas fa-plus\"><\/i><\/span>\n\t\t\t\t\t\t\t\t<span class=\"elementor-accordion-icon-opened\"><i class=\"fas fa-minus\"><\/i><\/span>\n\t\t\t\t\t\t\t\t\t\t\t\t\t\t<\/span>\n\t\t\t\t\t\t\t\t\t\t\t\t<a class=\"elementor-accordion-title\" tabindex=\"0\">Kalite Eylem Plan\u0131 Raporu<\/a>\n\t\t\t\t\t<\/div>\n\t\t\t\t\t<div id=\"elementor-tab-content-7534\" class=\"elementor-tab-content elementor-clearfix\" data-tab=\"4\" role=\"region\" aria-labelledby=\"elementor-tab-title-7534\"><p style=\"margin: 0cm 0cm 0cm 5.35pt;line-height: 14.5pt;font-size: 11pt;font-family: Calibri, sans-serif\"><span style=\"font-size: 12pt\">Do\u00e7. Evren KAVUKCU<\/span><\/p>\n<p style=\"margin: 0cm 0cm 0cm 5.35pt;line-height: 14.5pt;font-size: 11pt;font-family: Calibri, sans-serif\"><span style=\"font-size: 12pt\">Do\u00e7. Hatice DO\u011eAN<\/span><\/p>\n<p style=\"margin: 0cm 0cm 0cm 5.35pt;line-height: 14.5pt;font-size: 11pt;font-family: Calibri, sans-serif\"><span style=\"font-size: 12pt\">Ar\u015f.G\u00f6r.Ahmet DEM\u0130R<\/span><\/p>\n<p style=\"margin: 0cm 0cm 0cm 5.35pt;line-height: 14.5pt;font-size: 11pt;font-family: Calibri, sans-serif\"><span style=\"font-size: 12pt;font-weight: var( --e-global-typography-text-font-weight );letter-spacing: 0px\">Ar\u015f.G\u00f6r. Ebru ARSLAN<\/span><\/p><\/div>\n\t\t\t\t<\/div>\n\t\t\t\t\t\t\t\t<\/div>\n\t\t\t\t\t\t<\/div>\n\t\t\t\t<\/div>\n\t\t\t\t\t<\/div>\n\t\t<\/div>\n\t\t\t\t\t<\/div>\n\t\t<\/section>\n\t\t\t\t<\/div>\n\t\t","protected":false},"excerpt":{"rendered":"<p>B\u00f6l\u00fcm Stratejik Raporu Do\u00e7. Evren KAVUKCU Do\u00e7. Hatice DO\u011eAN Ar\u015f.G\u00f6r.Ahmet DEM\u0130R Ar\u015f.G\u00f6r. Ebru ARSLAN Program \u00d6z De\u011ferlendirme Raporu Do\u00e7. Evren KAVUKCU Do\u00e7. Hatice DO\u011eAN Ar\u015f.G\u00f6r.Ahmet DEM\u0130R Ar\u015f.G\u00f6r. Ebru ARSLAN B\u00f6l\u00fcm Faaliyet Raporu Do\u00e7. Hatice DO\u011eAN Ar\u015f.G\u00f6r.Ahmet DEM\u0130R Ar\u015f.G\u00f6r. Ebru ARSLAN Kalite Eylem Plan\u0131 Raporu Do\u00e7. Evren KAVUKCU Do\u00e7. Hatice DO\u011eAN Ar\u015f.G\u00f6r.Ahmet DEM\u0130R Ar\u015f.G\u00f6r. Ebru ARSLAN<\/p>\n","protected":false},"author":133,"featured_media":0,"parent":0,"menu_order":0,"comment_status":"closed","ping_status":"closed","template":"","meta":{"footnotes":""},"class_list":["post-7549","page","type-page","status-publish","hentry"],"_links":{"self":[{"href":"https:\/\/atauni.edu.tr\/resim-bolumu\/wp-json\/wp\/v2\/pages\/7549","targetHints":{"allow":["GET"]}}],"collection":[{"href":"https:\/\/atauni.edu.tr\/resim-bolumu\/wp-json\/wp\/v2\/pages"}],"about":[{"href":"https:\/\/atauni.edu.tr\/resim-bolumu\/wp-json\/wp\/v2\/types\/page"}],"author":[{"embeddable":true,"href":"https:\/\/atauni.edu.tr\/resim-bolumu\/wp-json\/wp\/v2\/users\/133"}],"replies":[{"embeddable":true,"href":"https:\/\/atauni.edu.tr\/resim-bolumu\/wp-json\/wp\/v2\/comments?post=7549"}],"version-history":[{"count":7,"href":"https:\/\/atauni.edu.tr\/resim-bolumu\/wp-json\/wp\/v2\/pages\/7549\/revisions"}],"predecessor-version":[{"id":7697,"href":"https:\/\/atauni.edu.tr\/resim-bolumu\/wp-json\/wp\/v2\/pages\/7549\/revisions\/7697"}],"wp:attachment":[{"href":"https:\/\/atauni.edu.tr\/resim-bolumu\/wp-json\/wp\/v2\/media?parent=7549"}],"curies":[{"name":"wp","href":"https:\/\/api.w.org\/{rel}","templated":true}]}}