{"id":7744,"date":"2025-06-26T13:40:22","date_gmt":"2025-06-26T10:40:22","guid":{"rendered":"https:\/\/birimler.atauni.edu.tr\/resim-bolumu\/?page_id=7744"},"modified":"2025-08-03T13:43:31","modified_gmt":"2025-08-03T10:43:31","slug":"etkinlikler","status":"publish","type":"page","link":"https:\/\/atauni.edu.tr\/resim-bolumu\/etkinlikler\/","title":{"rendered":"Etkinlikler"},"content":{"rendered":"<form method=\"get\" class=\"row g-3\" style=\"margin-bottom: 20px;\"><div class=\"col-md-3\"><input type=\"text\" name=\"etkinlik_ara\" class=\"form-control\" placeholder=\"Etkinlik ara...\" value=\"\"><\/div><div class=\"col-md-3\"><input type=\"date\" name=\"baslangic_tarihi\" class=\"form-control\" value=\"\"><\/div><div class=\"col-md-3\"><input type=\"date\" name=\"bitis_tarihi\" class=\"form-control\" value=\"\"><\/div><div class=\"col-md-3\"><button type=\"submit\" class=\"btn btn-secondary w-50\">Filtrele<\/button><\/div><\/form><div class=\"etkinlikler-grid-container\" style=\"display: grid; grid-template-columns: repeat(3, 1fr); gap: 20px;\"><div class=\"etkinlik-grid-item\"><div class=\"etkinlik-thumbnail\"><img fetchpriority=\"high\" decoding=\"async\" width=\"227\" height=\"300\" src=\"https:\/\/atauni.edu.tr\/resim-bolumu\/wp-content\/uploads\/sites\/148\/2026\/03\/IMG_7959-227x300.jpg\" class=\"img-fluid wp-post-image\" alt=\"\" srcset=\"https:\/\/atauni.edu.tr\/resim-bolumu\/wp-content\/uploads\/sites\/148\/2026\/03\/IMG_7959-227x300.jpg 227w, https:\/\/atauni.edu.tr\/resim-bolumu\/wp-content\/uploads\/sites\/148\/2026\/03\/IMG_7959-773x1024.jpg 773w, https:\/\/atauni.edu.tr\/resim-bolumu\/wp-content\/uploads\/sites\/148\/2026\/03\/IMG_7959-768x1017.jpg 768w, https:\/\/atauni.edu.tr\/resim-bolumu\/wp-content\/uploads\/sites\/148\/2026\/03\/IMG_7959-1160x1536.jpg 1160w, https:\/\/atauni.edu.tr\/resim-bolumu\/wp-content\/uploads\/sites\/148\/2026\/03\/IMG_7959-453x600.jpg 453w, https:\/\/atauni.edu.tr\/resim-bolumu\/wp-content\/uploads\/sites\/148\/2026\/03\/IMG_7959-423x560.jpg 423w, https:\/\/atauni.edu.tr\/resim-bolumu\/wp-content\/uploads\/sites\/148\/2026\/03\/IMG_7959.jpg 1170w\" sizes=\"(max-width: 227px) 100vw, 227px\" \/><\/div><div class=\"etkinlik-datee\"><span class=\"day\">06<\/span><span class=\"month\">Mart<\/span><span class=\"year\">2026<\/span><\/div><a href=\"https:\/\/atauni.edu.tr\/resim-bolumu\/2026\/03\/06\/engelsiz-bireylerde-el-goz-koordinasyonu-olcme-ve-degerlendirme-sergisi\/\" class=\"etkinlik-titlee\">&#8220;Engelsiz bireylerde el-g\u00f6z koordinasyonu \u00f6l\u00e7me ve de\u011ferlendirme&#8221; Sergisi<\/a><\/div><div class=\"etkinlik-grid-item\"><div class=\"etkinlik-thumbnail\"><img decoding=\"async\" width=\"210\" height=\"300\" src=\"https:\/\/atauni.edu.tr\/resim-bolumu\/wp-content\/uploads\/sites\/148\/2026\/03\/afis\u0327-210x300.png\" class=\"img-fluid wp-post-image\" alt=\"\" srcset=\"https:\/\/atauni.edu.tr\/resim-bolumu\/wp-content\/uploads\/sites\/148\/2026\/03\/afis\u0327-210x300.png 210w, https:\/\/atauni.edu.tr\/resim-bolumu\/wp-content\/uploads\/sites\/148\/2026\/03\/afis\u0327-715x1024.png 715w, https:\/\/atauni.edu.tr\/resim-bolumu\/wp-content\/uploads\/sites\/148\/2026\/03\/afis\u0327-768x1100.png 768w, https:\/\/atauni.edu.tr\/resim-bolumu\/wp-content\/uploads\/sites\/148\/2026\/03\/afis\u0327-419x600.png 419w, https:\/\/atauni.edu.tr\/resim-bolumu\/wp-content\/uploads\/sites\/148\/2026\/03\/afis\u0327-391x560.png 391w, https:\/\/atauni.edu.tr\/resim-bolumu\/wp-content\/uploads\/sites\/148\/2026\/03\/afis\u0327.png 820w\" sizes=\"(max-width: 210px) 100vw, 210px\" \/><\/div><div class=\"etkinlik-datee\"><span class=\"day\">06<\/span><span class=\"month\">Mart<\/span><span class=\"year\">2026<\/span><\/div><a href=\"https:\/\/atauni.edu.tr\/resim-bolumu\/2026\/03\/06\/kucuk-isler-sergisi\/\" class=\"etkinlik-titlee\">&#8220;K\u00fc\u00e7\u00fck i\u015fler&#8221; Sergisi<\/a><\/div><div class=\"etkinlik-grid-item\"><div class=\"etkinlik-thumbnail\"><img decoding=\"async\" width=\"225\" height=\"300\" src=\"https:\/\/atauni.edu.tr\/resim-bolumu\/wp-content\/uploads\/sites\/148\/2026\/03\/IMG_7941-225x300.png\" class=\"img-fluid wp-post-image\" alt=\"\" srcset=\"https:\/\/atauni.edu.tr\/resim-bolumu\/wp-content\/uploads\/sites\/148\/2026\/03\/IMG_7941-225x300.png 225w, https:\/\/atauni.edu.tr\/resim-bolumu\/wp-content\/uploads\/sites\/148\/2026\/03\/IMG_7941-767x1024.png 767w, https:\/\/atauni.edu.tr\/resim-bolumu\/wp-content\/uploads\/sites\/148\/2026\/03\/IMG_7941-768x1025.png 768w, https:\/\/atauni.edu.tr\/resim-bolumu\/wp-content\/uploads\/sites\/148\/2026\/03\/IMG_7941-1151x1536.png 1151w, https:\/\/atauni.edu.tr\/resim-bolumu\/wp-content\/uploads\/sites\/148\/2026\/03\/IMG_7941-449x600.png 449w, https:\/\/atauni.edu.tr\/resim-bolumu\/wp-content\/uploads\/sites\/148\/2026\/03\/IMG_7941-419x560.png 419w, https:\/\/atauni.edu.tr\/resim-bolumu\/wp-content\/uploads\/sites\/148\/2026\/03\/IMG_7941.png 1170w\" sizes=\"(max-width: 225px) 100vw, 225px\" \/><\/div><div class=\"etkinlik-datee\"><span class=\"day\">06<\/span><span class=\"month\">Mart<\/span><span class=\"year\">2026<\/span><\/div><a href=\"https:\/\/atauni.edu.tr\/resim-bolumu\/2026\/03\/06\/cagdas-uretim-teknikleri-ile-karaz-resim-sergisi\/\" class=\"etkinlik-titlee\">\u00c7a\u011fda\u015f \u00dcretim Teknikleri ile Karaz Resim Sergisi<\/a><\/div><div class=\"etkinlik-grid-item\"><div class=\"etkinlik-thumbnail\"><img loading=\"lazy\" decoding=\"async\" width=\"240\" height=\"300\" src=\"https:\/\/atauni.edu.tr\/resim-bolumu\/wp-content\/uploads\/sites\/148\/2026\/03\/IMG_7932-240x300.jpg\" class=\"img-fluid wp-post-image\" alt=\"\" srcset=\"https:\/\/atauni.edu.tr\/resim-bolumu\/wp-content\/uploads\/sites\/148\/2026\/03\/IMG_7932-240x300.jpg 240w, https:\/\/atauni.edu.tr\/resim-bolumu\/wp-content\/uploads\/sites\/148\/2026\/03\/IMG_7932-819x1024.jpg 819w, https:\/\/atauni.edu.tr\/resim-bolumu\/wp-content\/uploads\/sites\/148\/2026\/03\/IMG_7932-768x960.jpg 768w, https:\/\/atauni.edu.tr\/resim-bolumu\/wp-content\/uploads\/sites\/148\/2026\/03\/IMG_7932-480x600.jpg 480w, https:\/\/atauni.edu.tr\/resim-bolumu\/wp-content\/uploads\/sites\/148\/2026\/03\/IMG_7932-448x560.jpg 448w, https:\/\/atauni.edu.tr\/resim-bolumu\/wp-content\/uploads\/sites\/148\/2026\/03\/IMG_7932.jpg 1170w\" sizes=\"(max-width: 240px) 100vw, 240px\" \/><\/div><div class=\"etkinlik-datee\"><span class=\"day\">06<\/span><span class=\"month\">Mart<\/span><span class=\"year\">2026<\/span><\/div><a href=\"https:\/\/atauni.edu.tr\/resim-bolumu\/2026\/03\/06\/yok-yer-sergisi-2\/\" class=\"etkinlik-titlee\">&#8220;Yok Yer&#8221; Sergisi<\/a><\/div><div class=\"etkinlik-grid-item\"><div class=\"etkinlik-thumbnail\"><img loading=\"lazy\" decoding=\"async\" width=\"235\" height=\"300\" src=\"https:\/\/atauni.edu.tr\/resim-bolumu\/wp-content\/uploads\/sites\/148\/2025\/12\/IMG_6840-235x300.png\" class=\"img-fluid wp-post-image\" alt=\"\" srcset=\"https:\/\/atauni.edu.tr\/resim-bolumu\/wp-content\/uploads\/sites\/148\/2025\/12\/IMG_6840-235x300.png 235w, https:\/\/atauni.edu.tr\/resim-bolumu\/wp-content\/uploads\/sites\/148\/2025\/12\/IMG_6840-803x1024.png 803w, https:\/\/atauni.edu.tr\/resim-bolumu\/wp-content\/uploads\/sites\/148\/2025\/12\/IMG_6840-768x979.png 768w, https:\/\/atauni.edu.tr\/resim-bolumu\/wp-content\/uploads\/sites\/148\/2025\/12\/IMG_6840-471x600.png 471w, https:\/\/atauni.edu.tr\/resim-bolumu\/wp-content\/uploads\/sites\/148\/2025\/12\/IMG_6840-439x560.png 439w, https:\/\/atauni.edu.tr\/resim-bolumu\/wp-content\/uploads\/sites\/148\/2025\/12\/IMG_6840.png 1170w\" sizes=\"(max-width: 235px) 100vw, 235px\" \/><\/div><div class=\"etkinlik-datee\"><span class=\"day\">11<\/span><span class=\"month\">Aral\u0131k<\/span><span class=\"year\">2025<\/span><\/div><a href=\"https:\/\/atauni.edu.tr\/resim-bolumu\/2025\/12\/11\/guzel-sanatlar-fakultesi-muzesi-ozel-muze-kimlik-koleksiyon-ve-kamusallik-uzerine\/\" class=\"etkinlik-titlee\">G\u00fczel Sanatlar Fak\u00fcltesi M\u00fczesi \u00d6zel M\u00fcze, Kimlik, Koleksiyon ve Kamusall\u0131k \u00dczerine S\u00f6yle\u015fi<\/a><\/div><div class=\"etkinlik-grid-item\"><div class=\"etkinlik-thumbnail\"><img loading=\"lazy\" decoding=\"async\" width=\"233\" height=\"300\" src=\"https:\/\/atauni.edu.tr\/resim-bolumu\/wp-content\/uploads\/sites\/148\/2025\/12\/IMG_6826-233x300.png\" class=\"img-fluid wp-post-image\" alt=\"\" srcset=\"https:\/\/atauni.edu.tr\/resim-bolumu\/wp-content\/uploads\/sites\/148\/2025\/12\/IMG_6826-233x300.png 233w, https:\/\/atauni.edu.tr\/resim-bolumu\/wp-content\/uploads\/sites\/148\/2025\/12\/IMG_6826-795x1024.png 795w, https:\/\/atauni.edu.tr\/resim-bolumu\/wp-content\/uploads\/sites\/148\/2025\/12\/IMG_6826-768x989.png 768w, https:\/\/atauni.edu.tr\/resim-bolumu\/wp-content\/uploads\/sites\/148\/2025\/12\/IMG_6826-466x600.png 466w, https:\/\/atauni.edu.tr\/resim-bolumu\/wp-content\/uploads\/sites\/148\/2025\/12\/IMG_6826-435x560.png 435w, https:\/\/atauni.edu.tr\/resim-bolumu\/wp-content\/uploads\/sites\/148\/2025\/12\/IMG_6826.png 1160w\" sizes=\"(max-width: 233px) 100vw, 233px\" \/><\/div><div class=\"etkinlik-datee\"><span class=\"day\">10<\/span><span class=\"month\">Aral\u0131k<\/span><span class=\"year\">2025<\/span><\/div><a href=\"https:\/\/atauni.edu.tr\/resim-bolumu\/2025\/12\/10\/3-bin-yil-once-sergisi\/\" class=\"etkinlik-titlee\">&#8220;3 Bin Y\u0131l \u00d6nce&#8221; Sergisi<\/a><\/div><div class=\"etkinlik-grid-item\"><div class=\"etkinlik-thumbnail\"><img loading=\"lazy\" decoding=\"async\" width=\"214\" height=\"300\" src=\"https:\/\/atauni.edu.tr\/resim-bolumu\/wp-content\/uploads\/sites\/148\/2025\/12\/WhatsApp-Image-2025-05-12-at-10.25.40-214x300.jpeg\" class=\"img-fluid wp-post-image\" alt=\"\" srcset=\"https:\/\/atauni.edu.tr\/resim-bolumu\/wp-content\/uploads\/sites\/148\/2025\/12\/WhatsApp-Image-2025-05-12-at-10.25.40-214x300.jpeg 214w, https:\/\/atauni.edu.tr\/resim-bolumu\/wp-content\/uploads\/sites\/148\/2025\/12\/WhatsApp-Image-2025-05-12-at-10.25.40-732x1024.jpeg 732w, https:\/\/atauni.edu.tr\/resim-bolumu\/wp-content\/uploads\/sites\/148\/2025\/12\/WhatsApp-Image-2025-05-12-at-10.25.40-768x1075.jpeg 768w, https:\/\/atauni.edu.tr\/resim-bolumu\/wp-content\/uploads\/sites\/148\/2025\/12\/WhatsApp-Image-2025-05-12-at-10.25.40-1097x1536.jpeg 1097w, https:\/\/atauni.edu.tr\/resim-bolumu\/wp-content\/uploads\/sites\/148\/2025\/12\/WhatsApp-Image-2025-05-12-at-10.25.40-429x600.jpeg 429w, https:\/\/atauni.edu.tr\/resim-bolumu\/wp-content\/uploads\/sites\/148\/2025\/12\/WhatsApp-Image-2025-05-12-at-10.25.40-400x560.jpeg 400w, https:\/\/atauni.edu.tr\/resim-bolumu\/wp-content\/uploads\/sites\/148\/2025\/12\/WhatsApp-Image-2025-05-12-at-10.25.40.jpeg 1143w\" sizes=\"(max-width: 214px) 100vw, 214px\" \/><\/div><div class=\"etkinlik-datee\"><span class=\"day\">10<\/span><span class=\"month\">Aral\u0131k<\/span><span class=\"year\">2025<\/span><\/div><a href=\"https:\/\/atauni.edu.tr\/resim-bolumu\/2025\/12\/10\/resim-bolumu-mufredat-guncellemesi-cagdas-sanat-dijitallesme-ve-disiplinlerarasilik-ekseninde-bir-degerlendirme\/\" class=\"etkinlik-titlee\">Resim B\u00f6l\u00fcm\u00fc M\u00fcfredat G\u00fcncellemesi: \u00c7a\u011fda\u015f Sanat, Dijitalle\u015fme ve Disiplinleraras\u0131l\u0131k Ekseninde Bir De\u011ferlendirme<\/a><\/div><div class=\"etkinlik-grid-item\"><div class=\"etkinlik-thumbnail\"><img loading=\"lazy\" decoding=\"async\" width=\"210\" height=\"300\" src=\"https:\/\/atauni.edu.tr\/resim-bolumu\/wp-content\/uploads\/sites\/148\/2024\/12\/WhatsApp-Image-2024-12-20-at-20.36.12-210x300.jpeg\" class=\"img-fluid wp-post-image\" alt=\"\" srcset=\"https:\/\/atauni.edu.tr\/resim-bolumu\/wp-content\/uploads\/sites\/148\/2024\/12\/WhatsApp-Image-2024-12-20-at-20.36.12-210x300.jpeg 210w, https:\/\/atauni.edu.tr\/resim-bolumu\/wp-content\/uploads\/sites\/148\/2024\/12\/WhatsApp-Image-2024-12-20-at-20.36.12-717x1024.jpeg 717w, https:\/\/atauni.edu.tr\/resim-bolumu\/wp-content\/uploads\/sites\/148\/2024\/12\/WhatsApp-Image-2024-12-20-at-20.36.12-768x1097.jpeg 768w, https:\/\/atauni.edu.tr\/resim-bolumu\/wp-content\/uploads\/sites\/148\/2024\/12\/WhatsApp-Image-2024-12-20-at-20.36.12-1075x1536.jpeg 1075w, https:\/\/atauni.edu.tr\/resim-bolumu\/wp-content\/uploads\/sites\/148\/2024\/12\/WhatsApp-Image-2024-12-20-at-20.36.12-1434x2048.jpeg 1434w, https:\/\/atauni.edu.tr\/resim-bolumu\/wp-content\/uploads\/sites\/148\/2024\/12\/WhatsApp-Image-2024-12-20-at-20.36.12-420x600.jpeg 420w, https:\/\/atauni.edu.tr\/resim-bolumu\/wp-content\/uploads\/sites\/148\/2024\/12\/WhatsApp-Image-2024-12-20-at-20.36.12-392x560.jpeg 392w, https:\/\/atauni.edu.tr\/resim-bolumu\/wp-content\/uploads\/sites\/148\/2024\/12\/WhatsApp-Image-2024-12-20-at-20.36.12-scaled.jpeg 1792w\" sizes=\"(max-width: 210px) 100vw, 210px\" \/><\/div><div class=\"etkinlik-datee\"><span class=\"day\">24<\/span><span class=\"month\">Aral\u0131k<\/span><span class=\"year\">2024<\/span><\/div><a href=\"https:\/\/atauni.edu.tr\/resim-bolumu\/2024\/12\/24\/ahmet-demir-kalintilar-ve-katmanlar-sergisi\/\" class=\"etkinlik-titlee\">Ahmet DEM\u0130R &#8220;Kal\u0131nt\u0131lar ve Katmanlar&#8221; Sergisi<\/a><\/div><div class=\"etkinlik-grid-item\"><div class=\"etkinlik-thumbnail\"><img loading=\"lazy\" decoding=\"async\" width=\"210\" height=\"300\" src=\"https:\/\/atauni.edu.tr\/resim-bolumu\/wp-content\/uploads\/sites\/148\/2024\/10\/Ku\u0308rato\u0308r-Erkan-Dog\u0306nay-ile-Sanat-So\u0308yles\u0327isi-210x300.jpg\" class=\"img-fluid wp-post-image\" alt=\"\" srcset=\"https:\/\/atauni.edu.tr\/resim-bolumu\/wp-content\/uploads\/sites\/148\/2024\/10\/Ku\u0308rato\u0308r-Erkan-Dog\u0306nay-ile-Sanat-So\u0308yles\u0327isi-210x300.jpg 210w, https:\/\/atauni.edu.tr\/resim-bolumu\/wp-content\/uploads\/sites\/148\/2024\/10\/Ku\u0308rato\u0308r-Erkan-Dog\u0306nay-ile-Sanat-So\u0308yles\u0327isi-717x1024.jpg 717w, https:\/\/atauni.edu.tr\/resim-bolumu\/wp-content\/uploads\/sites\/148\/2024\/10\/Ku\u0308rato\u0308r-Erkan-Dog\u0306nay-ile-Sanat-So\u0308yles\u0327isi-768x1097.jpg 768w, https:\/\/atauni.edu.tr\/resim-bolumu\/wp-content\/uploads\/sites\/148\/2024\/10\/Ku\u0308rato\u0308r-Erkan-Dog\u0306nay-ile-Sanat-So\u0308yles\u0327isi-1075x1536.jpg 1075w, https:\/\/atauni.edu.tr\/resim-bolumu\/wp-content\/uploads\/sites\/148\/2024\/10\/Ku\u0308rato\u0308r-Erkan-Dog\u0306nay-ile-Sanat-So\u0308yles\u0327isi-1434x2048.jpg 1434w, https:\/\/atauni.edu.tr\/resim-bolumu\/wp-content\/uploads\/sites\/148\/2024\/10\/Ku\u0308rato\u0308r-Erkan-Dog\u0306nay-ile-Sanat-So\u0308yles\u0327isi-420x600.jpg 420w, https:\/\/atauni.edu.tr\/resim-bolumu\/wp-content\/uploads\/sites\/148\/2024\/10\/Ku\u0308rato\u0308r-Erkan-Dog\u0306nay-ile-Sanat-So\u0308yles\u0327isi-392x560.jpg 392w, https:\/\/atauni.edu.tr\/resim-bolumu\/wp-content\/uploads\/sites\/148\/2024\/10\/Ku\u0308rato\u0308r-Erkan-Dog\u0306nay-ile-Sanat-So\u0308yles\u0327isi-scaled.jpg 1792w\" sizes=\"(max-width: 210px) 100vw, 210px\" \/><\/div><div class=\"etkinlik-datee\"><span class=\"day\">30<\/span><span class=\"month\">Ekim<\/span><span class=\"year\">2024<\/span><\/div><a href=\"https:\/\/atauni.edu.tr\/resim-bolumu\/2024\/10\/30\/kurator-erkan-doganay-ile-sanat-soylesisi\/\" class=\"etkinlik-titlee\">K\u00fcrat\u00f6r Erkan DO\u011eANAY \u0130le Sanat S\u00f6yle\u015fisi<\/a><\/div><\/div><div class=\"pagination\" style=\"margin-top: 20px;\"><span aria-current=\"page\" class=\"page-numbers current\">1<\/span>\n<a class=\"page-numbers\" href=\"https:\/\/atauni.edu.tr\/resim-bolumu\/wp-json\/wp\/v2\/pages\/7744\/page\/2\/\">2<\/a>\n<a class=\"next page-numbers\" href=\"https:\/\/atauni.edu.tr\/resim-bolumu\/wp-json\/wp\/v2\/pages\/7744\/page\/2\/\">Sonraki &raquo;<\/a><\/div>\n\n\n\n<p><\/p>\n","protected":false},"excerpt":{"rendered":"","protected":false},"author":8,"featured_media":0,"parent":0,"menu_order":0,"comment_status":"closed","ping_status":"closed","template":"","meta":{"footnotes":""},"class_list":["post-7744","page","type-page","status-publish","hentry"],"_links":{"self":[{"href":"https:\/\/atauni.edu.tr\/resim-bolumu\/wp-json\/wp\/v2\/pages\/7744","targetHints":{"allow":["GET"]}}],"collection":[{"href":"https:\/\/atauni.edu.tr\/resim-bolumu\/wp-json\/wp\/v2\/pages"}],"about":[{"href":"https:\/\/atauni.edu.tr\/resim-bolumu\/wp-json\/wp\/v2\/types\/page"}],"author":[{"embeddable":true,"href":"https:\/\/atauni.edu.tr\/resim-bolumu\/wp-json\/wp\/v2\/users\/8"}],"replies":[{"embeddable":true,"href":"https:\/\/atauni.edu.tr\/resim-bolumu\/wp-json\/wp\/v2\/comments?post=7744"}],"version-history":[{"count":2,"href":"https:\/\/atauni.edu.tr\/resim-bolumu\/wp-json\/wp\/v2\/pages\/7744\/revisions"}],"predecessor-version":[{"id":7753,"href":"https:\/\/atauni.edu.tr\/resim-bolumu\/wp-json\/wp\/v2\/pages\/7744\/revisions\/7753"}],"wp:attachment":[{"href":"https:\/\/atauni.edu.tr\/resim-bolumu\/wp-json\/wp\/v2\/media?parent=7744"}],"curies":[{"name":"wp","href":"https:\/\/api.w.org\/{rel}","templated":true}]}}