{"id":8609,"date":"2026-05-06T12:25:32","date_gmt":"2026-05-06T09:25:32","guid":{"rendered":"https:\/\/atauni.edu.tr\/resim-bolumu\/?page_id=8609"},"modified":"2026-05-06T12:30:01","modified_gmt":"2026-05-06T09:30:01","slug":"mezuniyet-kosullari","status":"publish","type":"page","link":"https:\/\/atauni.edu.tr\/resim-bolumu\/mezuniyet-kosullari\/","title":{"rendered":"Mezuniyet Ko\u015fullar\u0131"},"content":{"rendered":"\t\t<div data-elementor-type=\"wp-page\" data-elementor-id=\"8609\" class=\"elementor elementor-8609\" data-elementor-post-type=\"page\">\n\t\t\t\t\t\t<section class=\"elementor-section elementor-top-section elementor-element elementor-element-243b113 elementor-section-boxed elementor-section-height-default elementor-section-height-default\" data-id=\"243b113\" data-element_type=\"section\">\n\t\t\t\t\t\t<div class=\"elementor-container elementor-column-gap-default\">\n\t\t\t\t\t<div class=\"elementor-column elementor-col-100 elementor-top-column elementor-element elementor-element-b53a0bc\" data-id=\"b53a0bc\" data-element_type=\"column\">\n\t\t\t<div class=\"elementor-widget-wrap elementor-element-populated\">\n\t\t\t\t\t\t<div class=\"elementor-element elementor-element-19f6f24 elementor-widget elementor-widget-text-editor\" data-id=\"19f6f24\" data-element_type=\"widget\" data-widget_type=\"text-editor.default\">\n\t\t\t\t<div class=\"elementor-widget-container\">\n\t\t\t\t\t\t\t\t\t<p style=\"margin: 0cm 0cm 10pt;font-size: 11pt;font-family: Cambria, serif;line-height: 16.8667px;color: #000000;text-align: center\" align=\"center\"><b><span lang=\"EN-US\" style=\"font-family: 'Times New Roman', serif\">MEZUN\u0130YET PROJES\u0130 VE DE\u011eERLEND\u0130RME Y\u00d6NERGES\u0130<\/span><\/b><\/p><p style=\"margin: 0cm 0cm 10pt;font-size: 11pt;font-family: Cambria, serif;line-height: 16.8667px;color: #000000;text-align: justify\"><b><span lang=\"EN-US\" style=\"font-family: 'Times New Roman', serif\">1. Ama\u00e7<\/span><\/b><\/p><p style=\"margin: 0cm 0cm 10pt;font-size: 11pt;font-family: Cambria, serif;line-height: 16.8667px;color: #000000\"><span lang=\"EN-US\" style=\"font-family: 'Times New Roman', serif\">Bu y\u00f6nerge, Resim B\u00f6l\u00fcm\u00fc mezuniyet s\u0131nav\u0131n\u0131n uygulmas\u0131na ili\u015fkin \u00f6l\u00e7me de\u011felendirme s\u00fcre\u00e7lerinin program yeterlilikleri ile uyumlu, nitelikli ve \u015feffaf bi\u00e7imde y\u00fcr\u00fct\u00fclmesini sa\u011flamas\u0131 amac\u0131yla haz\u0131rlanm\u0131\u015ft\u0131r.<\/span><\/p><p><b>2. Genel De\u011ferlendirme Yakla\u015f\u0131m\u0131<\/b><\/p><p style=\"margin: 0cm 0cm 10pt;font-size: 11pt;font-family: Cambria, serif;line-height: 16.8667px;color: #000000;text-align: justify\"><span lang=\"EN-US\" style=\"font-family: 'Times New Roman', serif\">Belirlenmi\u015f ama\u00e7 do\u011frultusunda \u00f6\u011frencilerin sanatsal yeterliliklerini, teknik becerilerini ve kavramsal d\u00fczeylerini bilimsel, objektif ve b\u00f6l\u00fcm\u00fcn \u00f6\u011fretim anlay\u0131\u015f\u0131na uygun bir bi\u00e7imde y\u00fcr\u00fct\u00fclmesi esast\u0131r.<\/span><\/p><p style=\"margin-right: 0cm;margin-left: 0cm;font-size: 12pt;font-family: 'Times New Roman', serif;color: #000000;text-align: justify\">Mezuniyet a\u015famas\u0131nda bulunan \u00f6\u011frencilerin GRS401-GRS402 kodlu Diploma Projesi derslerindeki de\u011ferlendirmelerinde, at\u00f6lye hocas\u0131 taraf\u0131ndan ders kapsam\u0131nda yapt\u0131r\u0131lan kuramsal metin ile sanatsal \u00e7al\u0131\u015fmalar esas al\u0131nmakta olup, b\u00f6l\u00fcm \u00f6\u011fretim \u00fcyelerinden olu\u015fan j\u00fcri taraf\u0131ndan ba\u015far\u0131l\u0131 bulunmalar\u0131 h\u00e2linde mezuniyetleri uygun g\u00f6r\u00fclmektedir.<\/p><p style=\"margin-right: 0cm;margin-left: 0cm;font-size: 12pt;font-family: 'Times New Roman', serif;color: #000000;text-align: justify\">Her e\u011fitim-\u00f6\u011fretim y\u0131l\u0131 sonunda, b\u00f6l\u00fcm \u00f6\u011fretim \u00fcyelerinin kat\u0131l\u0131m\u0131yla toplant\u0131 yap\u0131larak bir sonraki y\u0131l ger\u00e7ekle\u015ftirilecek mezuniyet proje sergisi i\u00e7in ortak bir kavram belirlenir. Belirlenen kavram, b\u00f6l\u00fcm\u00fcn web sayfas\u0131ndaki duyurular b\u00f6l\u00fcm\u00fcnde, ilan panolar\u0131nda ve sosyal medya hesaplar\u0131nda ilan edilir.<\/p><p style=\"margin: 0cm 0cm 10pt;font-size: 11pt;font-family: Cambria, serif;line-height: 16.8667px;color: #000000;text-align: justify\"><b><span lang=\"EN-US\" style=\"font-family: 'Times New Roman', serif\">3. S\u00fcre\u00e7 Takvimi ve Teslimler<\/span><\/b><\/p><p style=\"margin: 0cm 0cm 10pt;font-size: 11pt;font-family: Cambria, serif;line-height: 16.8667px;color: #000000;text-align: justify\"><span lang=\"EN-US\" style=\"font-family: 'Times New Roman', serif\">3.1. GRS401 Diploma Projesi I Dersi<\/span><\/p><p style=\"margin: 0cm 0cm 10pt;font-size: 11pt;font-family: Cambria, serif;line-height: 16.8667px;color: #000000;text-align: justify\"><u><span lang=\"EN-US\" style=\"font-family: 'Times New Roman', serif\">Vize S\u0131nav Notlamas\u0131<\/span><\/u><\/p><p style=\"margin: 0cm 0cm 10pt;font-size: 11pt;font-family: Cambria, serif;line-height: 16.8667px;color: #000000;text-align: justify\"><span lang=\"EN-US\">Vize s\u0131nav\u0131 kapsam\u0131nda \u00f6\u011frenci, b\u00f6l\u00fcm \u00f6\u011fretim \u00fcyeleri taraf\u0131ndan daha \u00f6nce belirlenen ve ilan edilen kavrama uygun Kavramsal Ara\u015ft\u0131rma Raporunu (ba\u015fl\u0131k + k\u0131sa gerek\u00e7e, 300\u2013500 kelime) haz\u0131rlar. Haz\u0131rlanan rapor, vize \u00f6devi olarak ders hocas\u0131na teslim edilir ve notland\u0131rma i\u015flemi ders hocas\u0131 taraf\u0131ndan yap\u0131l\u0131r. \u00d6\u011frencinin, ilan edilen kavrama uygun olarak haz\u0131rlad\u0131\u011f\u0131 Kavramsal Ara\u015ft\u0131rma Raporunda konu ile kavram aras\u0131nda anlaml\u0131 ili\u015fki kurmas\u0131, \u00f6zg\u00fcn bir yakla\u015f\u0131m geli\u015ftirmesi, d\u00fc\u015f\u00fcncesini a\u00e7\u0131k ve tutarl\u0131 bi\u00e7imde ifade etmesi, akademik yaz\u0131m kurallar\u0131na uymas\u0131 ve raporu s\u00fcresi i\u00e7inde teslim etmesi beklenir. Bu \u00f6l\u00e7\u00fctler do\u011frultusunda ders hocas\u0131 taraf\u0131ndan de\u011ferlendirme yap\u0131larak ba\u015far\u0131l\u0131 say\u0131l\u0131r.<\/span><\/p><p style=\"margin: 0cm 0cm 10pt;font-size: 11pt;font-family: Cambria, serif;line-height: 16.8667px;color: #000000;text-align: justify\"><u><span lang=\"EN-US\" style=\"font-family: 'Times New Roman', serif\">Final Notlamas\u0131<\/span><\/u><\/p><p style=\"margin: 0cm 0cm 10pt;font-size: 11pt;font-family: Cambria, serif;line-height: 16.8667px;color: #000000;text-align: justify\"><span lang=\"EN-US\">T\u00fcm b\u00f6l\u00fcm \u00f6\u011fretim \u00fcyelerinden olu\u015fturulan Mezuniyet Komisyonuna \u00f6\u011frenci, daha \u00f6nceden verilmi\u015f olan kavrama uygun ara\u015ft\u0131rma raporunu ve mezuniyet sergisinde sunaca\u011f\u0131 kavrama uygun eskizleri sunar. \u00d6\u011frencinin ba\u015far\u0131s\u0131; ara\u015ft\u0131rma raporunun i\u00e7eri\u011fi, kavrama uygunluk, \u00f6zg\u00fcnl\u00fck, sunulan eskizlerin yarat\u0131c\u0131 niteli\u011fi, uygulanabilirli\u011fi ve sunum ba\u015far\u0131s\u0131 \u00f6l\u00e7\u00fct al\u0131narak de\u011ferlendirilir. Notland\u0131rma i\u015flemi ders hocas\u0131 taraf\u0131ndan yap\u0131l\u0131r.<\/span><u><\/u><\/p><p style=\"margin: 0cm 0cm 10pt;font-size: 11pt;font-family: Cambria, serif;line-height: 16.8667px;color: #000000;text-align: justify\"><span lang=\"EN-US\" style=\"font-family: 'Times New Roman', serif\">3.2. GRS402 Diploma Projesi II Dersi<\/span><\/p><p style=\"margin: 0cm 0cm 10pt;font-size: 11pt;font-family: Cambria, serif;line-height: 16.8667px;color: #000000;text-align: justify\"><u><span lang=\"EN-US\" style=\"font-family: 'Times New Roman', serif\">Vize Notlamas\u0131<\/span><\/u><\/p><p style=\"margin-right: 0cm;margin-left: 0cm;font-size: 12pt;font-family: 'Times New Roman', serif;color: #000000;text-align: justify\"><strong>GRS401 kodlu derste, Mezuniyet Komisyonu taraf\u0131ndan onaylanan eser eskizleri do\u011frultusunda \u00f6\u011frencinin notlamas\u0131 yap\u0131l\u0131r. <\/strong>Eskizleri gerek\u00e7elendirilmi\u015f ve ara\u015ft\u0131r\u0131labilir bir bi\u00e7imde sunmas\u0131 ba\u015far\u0131 \u00f6l\u00e7\u00fct\u00fc olarak kabul edilir. Notland\u0131rma i\u015flemi ders hocas\u0131 taraf\u0131ndan yap\u0131l\u0131r.<\/p><p style=\"margin-right: 0cm;margin-left: 0cm;font-size: 12pt;font-family: 'Times New Roman', serif;color: #000000;text-align: justify\"><u style=\"font-family: Cambria, serif;font-size: 11pt;letter-spacing: 0px\"><span lang=\"EN-US\" style=\"font-family: 'Times New Roman', serif\">Final Notlamas\u0131<\/span><\/u><\/p><p style=\"margin-right: 0cm;margin-left: 0cm;font-size: 12pt;font-family: 'Times New Roman', serif;color: #000000;text-align: justify\"><span style=\"font-size: 12pt;letter-spacing: 0px\">Mezuniyet a\u015famas\u0131nda olan t\u00fcm \u00f6\u011frencilerin Mezuniyet Sergisi\u2019ne kat\u0131l\u0131m\u0131 zorunludur. Savunma s\u0131nav\u0131, mezuniyet komisyonu taraf\u0131ndan belirlenen tarihte ve sergi salonunda ger\u00e7ekle\u015ftirilir. Bu s\u0131nava kat\u0131l\u0131m da zorunludur.<\/span><\/p><p style=\"margin: 0cm 0cm 10pt;font-size: 11pt;font-family: Cambria, serif;line-height: normal;color: #000000;text-align: justify\"><span style=\"font-size: 12pt;font-family: 'Times New Roman', serif\">Ba\u015far\u0131 \u00f6l\u00e7\u00fctleri;<\/span><\/p><ul style=\"margin-bottom: 0cm;color: #000000;font-size: medium\" type=\"disc\"><li style=\"margin: 0cm 0cm 10pt;line-height: normal;font-size: 11pt;font-family: Cambria, serif;text-align: justify\"><span style=\"font-size: 12pt;font-family: 'Times New Roman', serif\">Kavramsal Derinlik: %25<\/span><\/li><li style=\"margin: 0cm 0cm 10pt;line-height: normal;font-size: 11pt;font-family: Cambria, serif;text-align: justify\"><span style=\"font-size: 12pt;font-family: 'Times New Roman', serif\">S\u00fcre\u00e7 ve Ara\u015ft\u0131rma: %20<\/span><\/li><li style=\"margin: 0cm 0cm 10pt;line-height: normal;font-size: 11pt;font-family: Cambria, serif;text-align: justify\"><span style=\"font-size: 12pt;font-family: 'Times New Roman', serif\">Teknik ve Bi\u00e7imsel Yeterlilik: %25<\/span><\/li><li style=\"margin: 0cm 0cm 10pt;line-height: normal;font-size: 11pt;font-family: Cambria, serif;text-align: justify\"><span style=\"font-size: 12pt;font-family: 'Times New Roman', serif\">Yarat\u0131c\u0131l\u0131k ve Ki\u015fisel \u00dcslup: %20<\/span><\/li><li style=\"margin: 0cm 0cm 10pt;line-height: normal;font-size: 11pt;font-family: Cambria, serif;text-align: justify\"><span style=\"font-size: 12pt;font-family: 'Times New Roman', serif\">Sunum ve Metin: %10<\/span><\/li><\/ul><p style=\"margin-right: 0cm;margin-left: 0cm;font-size: 12pt;font-family: 'Times New Roman', serif;color: #000000;text-align: justify\">Notland\u0131rma, ders hocas\u0131n\u0131n %70, mezuniyet komisyonunun ise %30 oran\u0131ndaki de\u011ferlendirmelerinin birlikte dikkate al\u0131nmas\u0131yla belirlenir.<\/p><p style=\"margin-right: 0cm;margin-left: 0cm;font-size: 12pt;font-family: 'Times New Roman', serif;color: #000000;text-align: justify\">Ara\u015ft\u0131rma ve uygulama raporlar\u0131ndan olu\u015fan en az 30\u201340 sayfal\u0131k tez, PDF ve bas\u0131l\u0131 formatta dan\u0131\u015fman\u0131na ve at\u00f6lye hocas\u0131na teslim edilir ve b\u00f6l\u00fcm web sitesine y\u00fcklenir.<\/p><p style=\"margin: 0cm 0cm 10pt;font-size: 11pt;font-family: Cambria, serif;line-height: 16.8667px;color: #000000;text-align: justify\"><span lang=\"EN-US\" style=\"font-family: 'Times New Roman', serif\">Akademik ve Etik Kurallar;<\/span><\/p><p style=\"margin: 0cm 0cm 0cm 36pt;font-size: 11pt;font-family: Cambria, serif;line-height: 16.8667px;color: #000000;text-align: justify;text-indent: -18pt\"><span lang=\"EN-US\" style=\"font-family: Symbol\">\u00b7<span style=\"font-style: normal;font-variant: normal;font-size: 7pt;line-height: normal;font-family: 'Times New Roman'\">\u00a0\u00a0\u00a0\u00a0\u00a0\u00a0 <\/span><\/span><span lang=\"EN-US\" style=\"font-family: 'Times New Roman', serif\">T\u00fcm al\u0131nt\u0131lar uygun bi\u00e7imde kaynak g\u00f6sterilmelidir.<\/span><\/p><p style=\"margin: 0cm 0cm 10pt 36pt;font-size: 11pt;font-family: Cambria, serif;line-height: 16.8667px;color: #000000;text-align: justify;text-indent: -18pt\"><span lang=\"EN-US\" style=\"font-family: Symbol\">\u00b7<span style=\"font-style: normal;font-variant: normal;font-size: 7pt;line-height: normal;font-family: 'Times New Roman'\">\u00a0\u00a0\u00a0\u00a0\u00a0\u00a0 <\/span><\/span><span lang=\"EN-US\" style=\"font-family: 'Times New Roman', serif\">Telif haklar\u0131na ve etik kurallara uyulmal\u0131d\u0131r.<\/span><span style=\"font-family: 'Times New Roman', serif;font-size: 11pt;letter-spacing: 0px\">\u00a0<\/span><\/p><p style=\"margin: 0cm 0cm 10pt;font-size: 11pt;font-family: Cambria, serif;line-height: 16.8667px;color: #000000;text-align: justify\"><span lang=\"EN-US\" style=\"font-family: 'Times New Roman', serif\">Sonu\u00e7 ve Uygulama Esas\u0131;<\/span><\/p><p style=\"margin: 0cm 0cm 10pt;font-size: 11pt;font-family: Cambria, serif;line-height: 16.8667px;color: #000000;text-align: justify\"><span lang=\"EN-US\" style=\"font-family: 'Times New Roman', serif\">4. s\u0131n\u0131f mezuniyet s\u00fcrecinde de\u011ferlendirmeler j\u00fcri\/komisyon taraf\u0131ndan ger\u00e7ekle\u015ftirilir. Bu model;ortak de\u011ferlendirme \u00f6l\u00e7\u00fctleri olu\u015fturur,program \u00e7\u0131kt\u0131lar\u0131n\u0131n izlenmesini g\u00fc\u00e7lendirir,akreditasyon s\u00fcre\u00e7lerine katk\u0131 sa\u011flar.<\/span><\/p><p style=\"margin: 0cm 0cm 10pt;font-size: 11pt;font-family: Cambria, serif;line-height: 16.8667px;color: #000000;text-align: justify\"><span lang=\"EN-US\" style=\"font-family: 'Times New Roman', serif\">Bu do\u011frultuda komisyon temelli de\u011ferlendirme modelinin uygulanmas\u0131 uygun g\u00f6r\u00fclmektedir.<\/span><\/p><p style=\"margin: 0cm 0cm 10pt;font-size: 11pt;font-family: Cambria, serif;line-height: 16.8667px;color: #000000\"><span lang=\"EN-US\" style=\"font-family: 'Times New Roman', serif\">\u00a0<\/span><\/p>\t\t\t\t\t\t\t\t<\/div>\n\t\t\t\t<\/div>\n\t\t\t\t\t<\/div>\n\t\t<\/div>\n\t\t\t\t\t<\/div>\n\t\t<\/section>\n\t\t\t\t<section class=\"elementor-section elementor-top-section elementor-element elementor-element-b356b8b elementor-section-boxed elementor-section-height-default elementor-section-height-default\" data-id=\"b356b8b\" data-element_type=\"section\">\n\t\t\t\t\t\t<div class=\"elementor-container elementor-column-gap-default\">\n\t\t\t\t\t<div class=\"elementor-column elementor-col-100 elementor-top-column elementor-element elementor-element-720941b\" data-id=\"720941b\" data-element_type=\"column\">\n\t\t\t<div class=\"elementor-widget-wrap elementor-element-populated\">\n\t\t\t\t\t\t<div class=\"elementor-element elementor-element-5084f36 elementor-widget elementor-widget-text-editor\" data-id=\"5084f36\" data-element_type=\"widget\" data-widget_type=\"text-editor.default\">\n\t\t\t\t<div class=\"elementor-widget-container\">\n\t\t\t\t\t\t\t\t\t<p><strong>Dip<\/strong><b>loma Projesi \u015fablonu i\u00e7in<\/b><strong> <span style=\"text-decoration: underline\"><span style=\"color: #0000ff;text-decoration: underline\">t\u0131klay\u0131n\u0131z.<\/span><\/span><\/strong><\/p>\t\t\t\t\t\t\t\t<\/div>\n\t\t\t\t<\/div>\n\t\t\t\t\t<\/div>\n\t\t<\/div>\n\t\t\t\t\t<\/div>\n\t\t<\/section>\n\t\t\t\t<\/div>\n\t\t","protected":false},"excerpt":{"rendered":"<p>MEZUN\u0130YET PROJES\u0130 VE DE\u011eERLEND\u0130RME Y\u00d6NERGES\u0130 1. Ama\u00e7 Bu y\u00f6nerge, Resim B\u00f6l\u00fcm\u00fc mezuniyet s\u0131nav\u0131n\u0131n uygulmas\u0131na ili\u015fkin \u00f6l\u00e7me de\u011felendirme s\u00fcre\u00e7lerinin program yeterlilikleri ile uyumlu, nitelikli ve \u015feffaf bi\u00e7imde y\u00fcr\u00fct\u00fclmesini sa\u011flamas\u0131 amac\u0131yla haz\u0131rlanm\u0131\u015ft\u0131r. 2. Genel De\u011ferlendirme Yakla\u015f\u0131m\u0131 Belirlenmi\u015f ama\u00e7 do\u011frultusunda \u00f6\u011frencilerin sanatsal yeterliliklerini, teknik becerilerini ve kavramsal d\u00fczeylerini bilimsel, objektif ve b\u00f6l\u00fcm\u00fcn \u00f6\u011fretim anlay\u0131\u015f\u0131na uygun bir bi\u00e7imde y\u00fcr\u00fct\u00fclmesi [&hellip;]<\/p>\n","protected":false},"author":133,"featured_media":0,"parent":0,"menu_order":0,"comment_status":"closed","ping_status":"closed","template":"","meta":{"footnotes":""},"class_list":["post-8609","page","type-page","status-publish","hentry"],"_links":{"self":[{"href":"https:\/\/atauni.edu.tr\/resim-bolumu\/wp-json\/wp\/v2\/pages\/8609","targetHints":{"allow":["GET"]}}],"collection":[{"href":"https:\/\/atauni.edu.tr\/resim-bolumu\/wp-json\/wp\/v2\/pages"}],"about":[{"href":"https:\/\/atauni.edu.tr\/resim-bolumu\/wp-json\/wp\/v2\/types\/page"}],"author":[{"embeddable":true,"href":"https:\/\/atauni.edu.tr\/resim-bolumu\/wp-json\/wp\/v2\/users\/133"}],"replies":[{"embeddable":true,"href":"https:\/\/atauni.edu.tr\/resim-bolumu\/wp-json\/wp\/v2\/comments?post=8609"}],"version-history":[{"count":4,"href":"https:\/\/atauni.edu.tr\/resim-bolumu\/wp-json\/wp\/v2\/pages\/8609\/revisions"}],"predecessor-version":[{"id":8615,"href":"https:\/\/atauni.edu.tr\/resim-bolumu\/wp-json\/wp\/v2\/pages\/8609\/revisions\/8615"}],"wp:attachment":[{"href":"https:\/\/atauni.edu.tr\/resim-bolumu\/wp-json\/wp\/v2\/media?parent=8609"}],"curies":[{"name":"wp","href":"https:\/\/api.w.org\/{rel}","templated":true}]}}