{"id":8620,"date":"2026-05-06T12:34:08","date_gmt":"2026-05-06T09:34:08","guid":{"rendered":"https:\/\/atauni.edu.tr\/resim-bolumu\/?page_id=8620"},"modified":"2026-05-06T12:51:31","modified_gmt":"2026-05-06T09:51:31","slug":"ozel-yetenek-sinavi","status":"publish","type":"page","link":"https:\/\/atauni.edu.tr\/resim-bolumu\/ozel-yetenek-sinavi\/","title":{"rendered":"\u00d6zel Yetenek S\u0131nav\u0131"},"content":{"rendered":"\t\t<div data-elementor-type=\"wp-page\" data-elementor-id=\"8620\" class=\"elementor elementor-8620\" data-elementor-post-type=\"page\">\n\t\t\t\t\t\t<section class=\"elementor-section elementor-top-section elementor-element elementor-element-eb22e23 elementor-section-boxed elementor-section-height-default elementor-section-height-default\" data-id=\"eb22e23\" data-element_type=\"section\">\n\t\t\t\t\t\t<div class=\"elementor-container elementor-column-gap-default\">\n\t\t\t\t\t<div class=\"elementor-column elementor-col-100 elementor-top-column elementor-element elementor-element-5b9bc9c\" data-id=\"5b9bc9c\" data-element_type=\"column\">\n\t\t\t<div class=\"elementor-widget-wrap elementor-element-populated\">\n\t\t\t\t\t\t<div class=\"elementor-element elementor-element-1262334 elementor-widget elementor-widget-text-editor\" data-id=\"1262334\" data-element_type=\"widget\" data-widget_type=\"text-editor.default\">\n\t\t\t\t<div class=\"elementor-widget-container\">\n\t\t\t\t\t\t\t\t\t<section class=\"elementor-section elementor-top-section elementor-element elementor-element-1015b85 elementor-section-boxed elementor-section-height-default elementor-section-height-default\" data-id=\"1015b85\" data-element_type=\"section\"><div class=\"elementor-container elementor-column-gap-default\"><div class=\"elementor-column elementor-col-100 elementor-top-column elementor-element elementor-element-9ee4e69\" data-id=\"9ee4e69\" data-element_type=\"column\"><div class=\"elementor-widget-wrap elementor-element-populated\"><div class=\"elementor-element elementor-element-4b97f8f elementor-widget elementor-widget-text-editor\" data-id=\"4b97f8f\" data-element_type=\"widget\" data-widget_type=\"text-editor.default\"><div class=\"elementor-widget-container\"><h3>Genel Kabul Ko\u015fullar\u0131<\/h3><p data-start=\"191\" data-end=\"498\">Resim Program\u0131na \u00f6\u011frenci kabul\u00fc, <span class=\"hover:entity-accent entity-underline inline cursor-pointer align-baseline\"><span class=\"whitespace-normal\">Y\u00fcksek\u00f6\u011fretim Kurumlar\u0131 S\u0131nav\u0131 (YKS)<\/span><\/span> K\u0131lavuzu\u2019nun ilgili maddelerinde belirtilen esaslar do\u011frultusunda ger\u00e7ekle\u015ftirilmektedir. Adaylar\u0131n ba\u015fvuru yapabilmeleri i\u00e7in ilgili y\u0131l\u0131n <span class=\"hover:entity-accent entity-underline inline cursor-pointer align-baseline\"><span class=\"whitespace-normal\">Temel Yeterlilik Testi (TYT)<\/span><\/span> puan t\u00fcr\u00fcnden en az 150 puan alm\u0131\u015f olmalar\u0131 gerekmektedir.<\/p><p data-start=\"500\" data-end=\"776\">B\u00f6l\u00fcm\u00fcm\u00fcze \u00f6\u011frenci kabul\u00fc, bilimsel ve sanatsal \u00f6l\u00e7\u00fctlerin esas al\u0131nd\u0131\u011f\u0131 \u00f6zel yetenek s\u0131nav\u0131 ile yap\u0131lmaktad\u0131r. Bu s\u0131nav, adaylar\u0131n g\u00f6rsel alg\u0131, \u00e7izim becerisi, yarat\u0131c\u0131l\u0131k ve d\u00fc\u015f\u00fcnsel \u00fcretim kapasitelerini \u00f6l\u00e7meye y\u00f6nelik \u00e7ok a\u015famal\u0131 bir de\u011ferlendirme s\u00fcrecini kapsamaktad\u0131r.<\/p><p data-start=\"778\" data-end=\"1143\">Program\u0131m\u0131zda, kurulu\u015fundan 2021 y\u0131l\u0131na kadar desen ve imgesel s\u0131navlar ayr\u0131 a\u015famalar halinde uygulanm\u0131\u015f; 2021 y\u0131l\u0131ndan itibaren bu iki s\u0131nav b\u00fct\u00fcnle\u015fik bir yap\u0131 i\u00e7inde tek bir \u00f6zel yetenek s\u0131nav\u0131 olarak ger\u00e7ekle\u015ftirilmeye ba\u015flanm\u0131\u015ft\u0131r. 2025 y\u0131l\u0131 itibar\u0131yla ise s\u0131nav s\u00fcreci teorik de\u011ferlendirme a\u015famas\u0131n\u0131n da eklenmesiyle daha kapsaml\u0131 bir yap\u0131ya kavu\u015fturulmu\u015ftur.<\/p><p data-start=\"1145\" data-end=\"1605\">Teorik de\u011ferlendirme a\u015famas\u0131nda, b\u00f6l\u00fcm \u00f6\u011fretim \u00fcyeleri taraf\u0131ndan haz\u0131rlanan sorular aras\u0131ndan adaylar taraf\u0131ndan se\u00e7ilen sorular m\u00fclakat ortam\u0131nda yan\u0131tlanmakta; verilen yan\u0131tlar kay\u0131t alt\u0131na al\u0131narak de\u011ferlendirilmektedir. De\u011ferlendirme s\u00fcreci; kavram bilgisi (%25), \u00f6rnekleme ve ili\u015fkilendirme becerisi (%20), analiz ve ele\u015ftirel d\u00fc\u015f\u00fcnme (%20), ki\u015fisel yorum ve yarat\u0131c\u0131l\u0131k (%20) ile ifade ve ileti\u015fim becerisi (%15) \u00f6l\u00e7\u00fctlerine g\u00f6re ger\u00e7ekle\u015ftirilmektedir.<\/p><h3>Yatay \u2013 Dikey Ge\u00e7i\u015f<\/h3><p>Resim B\u00f6l\u00fcm\u00fc\u2019ne yatay ge\u00e7i\u015f i\u015flemleri, Atat\u00fcrk \u00dcniversitesi taraf\u0131ndan ilan edilen \u201cYatay Ge\u00e7i\u015f Bilgilendirme Rehberi\u201d \u00e7er\u00e7evesinde \u00a0yap\u0131labilmektedir. Rehbere eri\u015fim i\u00e7in <a href=\"https:\/\/birimler.atauni.edu.tr\/ogrenci-isleri-daire-baskanligi\/yatay-gecis\/\">t\u0131klay\u0131n\u0131z.<\/a><\/p><h3>\u00c7ift Anadal \u2013 Yandal<\/h3><p>B\u00f6l\u00fcm\u00fcm\u00fczde \u00e7ift anadal ve\/veya yandal uygulamas\u0131 bulunmamaktad\u0131r.\u00a0<\/p><p>E\u011fitim-\u00f6\u011fretim ve \u00f6\u011frenci i\u015fleri ile ilgili her t\u00fcrl\u00fc bilgilendirme i\u00e7in\u00a0<a href=\"https:\/\/birimler.atauni.edu.tr\/ogrenci-isleri-daire-baskanligi\/\">\u00d6\u011frenci \u0130\u015fleri Daire Ba\u015fkanl\u0131\u011f\u0131<\/a>\u00a0sayfas\u0131n\u0131 ziyaret edebilirsiniz.\u00a0<\/p><\/div><\/div><\/div><\/div><\/div><\/section><section class=\"elementor-section elementor-top-section elementor-element elementor-element-9be811a elementor-section-boxed elementor-section-height-default elementor-section-height-default\" data-id=\"9be811a\" data-element_type=\"section\"><div class=\"elementor-container elementor-column-gap-default\"><div class=\"elementor-column elementor-col-100 elementor-top-column elementor-element elementor-element-1ed847b7\" data-id=\"1ed847b7\" data-element_type=\"column\"><div class=\"elementor-widget-wrap elementor-element-populated\"><div class=\"elementor-element elementor-element-4ce0d07f elementor-widget elementor-widget-heading\" data-id=\"4ce0d07f\" data-element_type=\"widget\" data-widget_type=\"heading.default\"><div class=\"elementor-widget-container\"><h4 class=\"elementor-heading-title elementor-size-default\"><a href=\"https:\/\/birimler.atauni.edu.tr\/ogrenci-isleri-daire-baskanligi\/ozel-yetenek-sinavi\/\">\u00d6zel Yetenek S\u0131navlar\u0131 hakk\u0131nda detayl\u0131 bilgi almak i\u00e7in t\u0131klay\u0131n\u0131z.<\/a><\/h4><\/div><\/div><\/div><\/div><\/div><\/section>\t\t\t\t\t\t\t\t<\/div>\n\t\t\t\t<\/div>\n\t\t\t\t\t<\/div>\n\t\t<\/div>\n\t\t\t\t\t<\/div>\n\t\t<\/section>\n\t\t\t\t<\/div>\n\t\t","protected":false},"excerpt":{"rendered":"<p>Genel Kabul Ko\u015fullar\u0131 Resim Program\u0131na \u00f6\u011frenci kabul\u00fc, Y\u00fcksek\u00f6\u011fretim Kurumlar\u0131 S\u0131nav\u0131 (YKS) K\u0131lavuzu\u2019nun ilgili maddelerinde belirtilen esaslar do\u011frultusunda ger\u00e7ekle\u015ftirilmektedir. Adaylar\u0131n ba\u015fvuru yapabilmeleri i\u00e7in ilgili y\u0131l\u0131n Temel Yeterlilik Testi (TYT) puan t\u00fcr\u00fcnden en az 150 puan alm\u0131\u015f olmalar\u0131 gerekmektedir. B\u00f6l\u00fcm\u00fcm\u00fcze \u00f6\u011frenci kabul\u00fc, bilimsel ve sanatsal \u00f6l\u00e7\u00fctlerin esas al\u0131nd\u0131\u011f\u0131 \u00f6zel yetenek s\u0131nav\u0131 ile yap\u0131lmaktad\u0131r. Bu s\u0131nav, adaylar\u0131n g\u00f6rsel [&hellip;]<\/p>\n","protected":false},"author":133,"featured_media":0,"parent":0,"menu_order":0,"comment_status":"closed","ping_status":"closed","template":"","meta":{"footnotes":""},"class_list":["post-8620","page","type-page","status-publish","hentry"],"_links":{"self":[{"href":"https:\/\/atauni.edu.tr\/resim-bolumu\/wp-json\/wp\/v2\/pages\/8620","targetHints":{"allow":["GET"]}}],"collection":[{"href":"https:\/\/atauni.edu.tr\/resim-bolumu\/wp-json\/wp\/v2\/pages"}],"about":[{"href":"https:\/\/atauni.edu.tr\/resim-bolumu\/wp-json\/wp\/v2\/types\/page"}],"author":[{"embeddable":true,"href":"https:\/\/atauni.edu.tr\/resim-bolumu\/wp-json\/wp\/v2\/users\/133"}],"replies":[{"embeddable":true,"href":"https:\/\/atauni.edu.tr\/resim-bolumu\/wp-json\/wp\/v2\/comments?post=8620"}],"version-history":[{"count":10,"href":"https:\/\/atauni.edu.tr\/resim-bolumu\/wp-json\/wp\/v2\/pages\/8620\/revisions"}],"predecessor-version":[{"id":8633,"href":"https:\/\/atauni.edu.tr\/resim-bolumu\/wp-json\/wp\/v2\/pages\/8620\/revisions\/8633"}],"wp:attachment":[{"href":"https:\/\/atauni.edu.tr\/resim-bolumu\/wp-json\/wp\/v2\/media?parent=8620"}],"curies":[{"name":"wp","href":"https:\/\/api.w.org\/{rel}","templated":true}]}}