{"id":8661,"date":"2026-05-06T14:44:58","date_gmt":"2026-05-06T11:44:58","guid":{"rendered":"https:\/\/atauni.edu.tr\/resim-bolumu\/?page_id=8661"},"modified":"2026-05-06T14:45:59","modified_gmt":"2026-05-06T11:45:59","slug":"resim-bolumu-ogrenci-memnuniyet-anketi","status":"publish","type":"page","link":"https:\/\/atauni.edu.tr\/resim-bolumu\/resim-bolumu-ogrenci-memnuniyet-anketi\/","title":{"rendered":"Resim B\u00f6l\u00fcm\u00fc \u00d6\u011frenci Memnuniyet Anketi"},"content":{"rendered":"\t\t<div data-elementor-type=\"wp-page\" data-elementor-id=\"8661\" class=\"elementor elementor-8661\" data-elementor-post-type=\"page\">\n\t\t\t\t\t\t<section class=\"elementor-section elementor-top-section elementor-element elementor-element-f6524aa elementor-section-boxed elementor-section-height-default elementor-section-height-default\" data-id=\"f6524aa\" data-element_type=\"section\">\n\t\t\t\t\t\t<div class=\"elementor-container elementor-column-gap-default\">\n\t\t\t\t\t<div class=\"elementor-column elementor-col-100 elementor-top-column elementor-element elementor-element-6d70a10\" data-id=\"6d70a10\" data-element_type=\"column\">\n\t\t\t<div class=\"elementor-widget-wrap elementor-element-populated\">\n\t\t\t\t\t\t<div class=\"elementor-element elementor-element-3d7aabc elementor-widget elementor-widget-text-editor\" data-id=\"3d7aabc\" data-element_type=\"widget\" data-widget_type=\"text-editor.default\">\n\t\t\t\t<div class=\"elementor-widget-container\">\n\t\t\t\t\t\t\t\t\t<section class=\"text-token-text-primary w-full focus:outline-none [--shadow-height:45px] has-data-writing-block:pointer-events-none has-data-writing-block:-mt-(--shadow-height) has-data-writing-block:pt-(--shadow-height) [&amp;:has([data-writing-block])&gt;*]:pointer-events-auto [content-visibility:auto] supports-[content-visibility:auto]:[contain-intrinsic-size:auto_100lvh] R6Vx5W_threadScrollVars scroll-mb-[calc(var(--scroll-root-safe-area-inset-bottom,0px)+var(--thread-response-height))] scroll-mt-[calc(var(--header-height)+min(200px,max(70px,20svh)))]\" dir=\"auto\" data-turn-id=\"request-WEB:2b2890b7-c1f3-4788-96c8-306d99f26c5c-10\" data-testid=\"conversation-turn-8\" data-scroll-anchor=\"false\" data-turn=\"assistant\"><div class=\"text-base my-auto mx-auto pb-10 [--thread-content-margin:var(--thread-content-margin-xs,calc(var(--spacing)*4))] @w-sm\/main:[--thread-content-margin:var(--thread-content-margin-sm,calc(var(--spacing)*6))] @w-lg\/main:[--thread-content-margin:var(--thread-content-margin-lg,calc(var(--spacing)*16))] px-(--thread-content-margin)\"><div class=\"[--thread-content-max-width:40rem] @w-lg\/main:[--thread-content-max-width:48rem] mx-auto max-w-(--thread-content-max-width) flex-1 group\/turn-messages focus-visible:outline-hidden relative flex w-full min-w-0 flex-col agent-turn\"><div class=\"flex max-w-full flex-col gap-4 grow\"><div class=\"min-h-8 text-message relative flex w-full flex-col items-end gap-2 text-start break-words whitespace-normal outline-none keyboard-focused:focus-ring [.text-message+&amp;]:mt-1\" dir=\"auto\" data-message-author-role=\"assistant\" data-message-id=\"37e1900f-fa3b-4caa-ac32-7f7e6fefadb7\" data-message-model-slug=\"gpt-5-3-mini\" data-turn-start-message=\"true\"><div class=\"flex w-full flex-col gap-1 empty:hidden\"><div class=\"markdown prose dark:prose-invert w-full wrap-break-word light markdown-new-styling\"><p data-start=\"0\" data-end=\"358\" data-is-last-node=\"\" data-is-only-node=\"\">Resim B\u00f6l\u00fcm\u00fc \u00d6\u011frenci Memnuniyet Anketi, \u00f6\u011frencilerin b\u00f6l\u00fcm\u00fcn e\u011fitim-\u00f6\u011fretim s\u00fcre\u00e7leri, fiziki imk\u00e2nlar\u0131, akademik ortam\u0131 ve genel hizmetlerine ili\u015fkin memnuniyet d\u00fczeylerini belirlemek amac\u0131yla haz\u0131rlanm\u0131\u015ft\u0131r. Elde edilen geri bildirimler do\u011frultusunda b\u00f6l\u00fcm\u00fcn kalite s\u00fcre\u00e7lerinin geli\u015ftirilmesi ve \u00f6\u011frenci odakl\u0131 iyile\u015ftirmelerin yap\u0131lmas\u0131 hedeflenmektedir.<\/p><\/div><\/div><\/div><\/div><div class=\"z-0 flex min-h-[46px] justify-start\">Anketi doldurmak i\u00e7in <a href=\"https:\/\/forms.gle\/iNaSSES5Eb5sULV38\"><span style=\"text-decoration: underline\">t\u0131klay\u0131n\u0131z.\u00a0<\/span><\/a><\/div><\/div><\/div><\/section>\t\t\t\t\t\t\t\t<\/div>\n\t\t\t\t<\/div>\n\t\t\t\t\t<\/div>\n\t\t<\/div>\n\t\t\t\t\t<\/div>\n\t\t<\/section>\n\t\t\t\t<\/div>\n\t\t","protected":false},"excerpt":{"rendered":"<p>Resim B\u00f6l\u00fcm\u00fc \u00d6\u011frenci Memnuniyet Anketi, \u00f6\u011frencilerin b\u00f6l\u00fcm\u00fcn e\u011fitim-\u00f6\u011fretim s\u00fcre\u00e7leri, fiziki imk\u00e2nlar\u0131, akademik ortam\u0131 ve genel hizmetlerine ili\u015fkin memnuniyet d\u00fczeylerini belirlemek amac\u0131yla haz\u0131rlanm\u0131\u015ft\u0131r. Elde edilen geri bildirimler do\u011frultusunda b\u00f6l\u00fcm\u00fcn kalite s\u00fcre\u00e7lerinin geli\u015ftirilmesi ve \u00f6\u011frenci odakl\u0131 iyile\u015ftirmelerin yap\u0131lmas\u0131 hedeflenmektedir. Anketi doldurmak i\u00e7in t\u0131klay\u0131n\u0131z.\u00a0<\/p>\n","protected":false},"author":133,"featured_media":0,"parent":0,"menu_order":0,"comment_status":"closed","ping_status":"closed","template":"","meta":{"footnotes":""},"class_list":["post-8661","page","type-page","status-publish","hentry"],"_links":{"self":[{"href":"https:\/\/atauni.edu.tr\/resim-bolumu\/wp-json\/wp\/v2\/pages\/8661","targetHints":{"allow":["GET"]}}],"collection":[{"href":"https:\/\/atauni.edu.tr\/resim-bolumu\/wp-json\/wp\/v2\/pages"}],"about":[{"href":"https:\/\/atauni.edu.tr\/resim-bolumu\/wp-json\/wp\/v2\/types\/page"}],"author":[{"embeddable":true,"href":"https:\/\/atauni.edu.tr\/resim-bolumu\/wp-json\/wp\/v2\/users\/133"}],"replies":[{"embeddable":true,"href":"https:\/\/atauni.edu.tr\/resim-bolumu\/wp-json\/wp\/v2\/comments?post=8661"}],"version-history":[{"count":4,"href":"https:\/\/atauni.edu.tr\/resim-bolumu\/wp-json\/wp\/v2\/pages\/8661\/revisions"}],"predecessor-version":[{"id":8666,"href":"https:\/\/atauni.edu.tr\/resim-bolumu\/wp-json\/wp\/v2\/pages\/8661\/revisions\/8666"}],"wp:attachment":[{"href":"https:\/\/atauni.edu.tr\/resim-bolumu\/wp-json\/wp\/v2\/media?parent=8661"}],"curies":[{"name":"wp","href":"https:\/\/api.w.org\/{rel}","templated":true}]}}