{"id":8667,"date":"2026-05-06T14:46:31","date_gmt":"2026-05-06T11:46:31","guid":{"rendered":"https:\/\/atauni.edu.tr\/resim-bolumu\/?page_id=8667"},"modified":"2026-05-06T14:47:46","modified_gmt":"2026-05-06T11:47:46","slug":"resim-bolumu-dis-paydas-anketi-is-veren","status":"publish","type":"page","link":"https:\/\/atauni.edu.tr\/resim-bolumu\/resim-bolumu-dis-paydas-anketi-is-veren\/","title":{"rendered":"Resim B\u00f6l\u00fcm\u00fc D\u0131\u015f Payda\u015f Anketi (\u0130\u015f Veren)"},"content":{"rendered":"\t\t<div data-elementor-type=\"wp-page\" data-elementor-id=\"8667\" class=\"elementor elementor-8667\" data-elementor-post-type=\"page\">\n\t\t\t\t\t\t<section class=\"elementor-section elementor-top-section elementor-element elementor-element-444f258 elementor-section-boxed elementor-section-height-default elementor-section-height-default\" data-id=\"444f258\" data-element_type=\"section\">\n\t\t\t\t\t\t<div class=\"elementor-container elementor-column-gap-default\">\n\t\t\t\t\t<div class=\"elementor-column elementor-col-100 elementor-top-column elementor-element elementor-element-d3096fa\" data-id=\"d3096fa\" data-element_type=\"column\">\n\t\t\t<div class=\"elementor-widget-wrap elementor-element-populated\">\n\t\t\t\t\t\t<div class=\"elementor-element elementor-element-0b73e80 elementor-widget elementor-widget-text-editor\" data-id=\"0b73e80\" data-element_type=\"widget\" data-widget_type=\"text-editor.default\">\n\t\t\t\t<div class=\"elementor-widget-container\">\n\t\t\t\t\t\t\t\t\t<section class=\"text-token-text-primary w-full focus:outline-none [--shadow-height:45px] has-data-writing-block:pointer-events-none has-data-writing-block:-mt-(--shadow-height) has-data-writing-block:pt-(--shadow-height) [&amp;:has([data-writing-block])&gt;*]:pointer-events-auto [content-visibility:auto] supports-[content-visibility:auto]:[contain-intrinsic-size:auto_100lvh] R6Vx5W_threadScrollVars scroll-mb-[calc(var(--scroll-root-safe-area-inset-bottom,0px)+var(--thread-response-height))] scroll-mt-[calc(var(--header-height)+min(200px,max(70px,20svh)))]\" dir=\"auto\" data-turn-id=\"request-WEB:2b2890b7-c1f3-4788-96c8-306d99f26c5c-11\" data-testid=\"conversation-turn-10\" data-scroll-anchor=\"false\" data-turn=\"assistant\"><div class=\"text-base my-auto mx-auto pb-10 [--thread-content-margin:var(--thread-content-margin-xs,calc(var(--spacing)*4))] @w-sm\/main:[--thread-content-margin:var(--thread-content-margin-sm,calc(var(--spacing)*6))] @w-lg\/main:[--thread-content-margin:var(--thread-content-margin-lg,calc(var(--spacing)*16))] px-(--thread-content-margin)\"><div class=\"[--thread-content-max-width:40rem] @w-lg\/main:[--thread-content-max-width:48rem] mx-auto max-w-(--thread-content-max-width) flex-1 group\/turn-messages focus-visible:outline-hidden relative flex w-full min-w-0 flex-col agent-turn\"><div class=\"flex max-w-full flex-col gap-4 grow\"><div class=\"min-h-8 text-message relative flex w-full flex-col items-end gap-2 text-start break-words whitespace-normal outline-none keyboard-focused:focus-ring [.text-message+&amp;]:mt-1\" dir=\"auto\" data-message-author-role=\"assistant\" data-message-id=\"90a36c5b-5275-46db-ad55-304094838912\" data-message-model-slug=\"gpt-5-3-mini\" data-turn-start-message=\"true\"><div class=\"flex w-full flex-col gap-1 empty:hidden\"><div class=\"markdown prose dark:prose-invert w-full wrap-break-word light markdown-new-styling\"><p data-start=\"0\" data-end=\"326\" data-is-last-node=\"\" data-is-only-node=\"\">Resim B\u00f6l\u00fcm\u00fc D\u0131\u015f Payda\u015f (\u0130\u015fveren) Anketi, mezunlar\u0131m\u0131z\u0131n mesleki yeterlilikleri, bilgi ve becerileri ile sekt\u00f6r\u00fcn beklentileri aras\u0131ndaki uyumu de\u011ferlendirmek amac\u0131yla haz\u0131rlanm\u0131\u015ft\u0131r. Bu anket arac\u0131l\u0131\u011f\u0131yla i\u015fverenlerin g\u00f6r\u00fc\u015f ve \u00f6nerileri al\u0131narak b\u00f6l\u00fcm\u00fcn e\u011fitim programlar\u0131n\u0131n g\u00fcncellenmesi ve geli\u015ftirilmesi hedeflenmektedir.<\/p><\/div><\/div><\/div><\/div><div class=\"z-0 flex min-h-[46px] justify-start\">Anketi doldurmak i\u00e7in <a href=\"https:\/\/forms.gle\/BJ9McnEHy4pRst5o7\"><span style=\"text-decoration: underline\">t\u0131klay\u0131n\u0131z\u00a0<\/span><\/a><\/div><\/div><\/div><\/section>\t\t\t\t\t\t\t\t<\/div>\n\t\t\t\t<\/div>\n\t\t\t\t\t<\/div>\n\t\t<\/div>\n\t\t\t\t\t<\/div>\n\t\t<\/section>\n\t\t\t\t<\/div>\n\t\t","protected":false},"excerpt":{"rendered":"<p>Resim B\u00f6l\u00fcm\u00fc D\u0131\u015f Payda\u015f (\u0130\u015fveren) Anketi, mezunlar\u0131m\u0131z\u0131n mesleki yeterlilikleri, bilgi ve becerileri ile sekt\u00f6r\u00fcn beklentileri aras\u0131ndaki uyumu de\u011ferlendirmek amac\u0131yla haz\u0131rlanm\u0131\u015ft\u0131r. Bu anket arac\u0131l\u0131\u011f\u0131yla i\u015fverenlerin g\u00f6r\u00fc\u015f ve \u00f6nerileri al\u0131narak b\u00f6l\u00fcm\u00fcn e\u011fitim programlar\u0131n\u0131n g\u00fcncellenmesi ve geli\u015ftirilmesi hedeflenmektedir. Anketi doldurmak i\u00e7in t\u0131klay\u0131n\u0131z\u00a0<\/p>\n","protected":false},"author":133,"featured_media":0,"parent":0,"menu_order":0,"comment_status":"closed","ping_status":"closed","template":"","meta":{"footnotes":""},"class_list":["post-8667","page","type-page","status-publish","hentry"],"_links":{"self":[{"href":"https:\/\/atauni.edu.tr\/resim-bolumu\/wp-json\/wp\/v2\/pages\/8667","targetHints":{"allow":["GET"]}}],"collection":[{"href":"https:\/\/atauni.edu.tr\/resim-bolumu\/wp-json\/wp\/v2\/pages"}],"about":[{"href":"https:\/\/atauni.edu.tr\/resim-bolumu\/wp-json\/wp\/v2\/types\/page"}],"author":[{"embeddable":true,"href":"https:\/\/atauni.edu.tr\/resim-bolumu\/wp-json\/wp\/v2\/users\/133"}],"replies":[{"embeddable":true,"href":"https:\/\/atauni.edu.tr\/resim-bolumu\/wp-json\/wp\/v2\/comments?post=8667"}],"version-history":[{"count":4,"href":"https:\/\/atauni.edu.tr\/resim-bolumu\/wp-json\/wp\/v2\/pages\/8667\/revisions"}],"predecessor-version":[{"id":8672,"href":"https:\/\/atauni.edu.tr\/resim-bolumu\/wp-json\/wp\/v2\/pages\/8667\/revisions\/8672"}],"wp:attachment":[{"href":"https:\/\/atauni.edu.tr\/resim-bolumu\/wp-json\/wp\/v2\/media?parent=8667"}],"curies":[{"name":"wp","href":"https:\/\/api.w.org\/{rel}","templated":true}]}}